1657	2372	Convention collective nationale des entreprises de la distribution directe	1	1	\N	\N	0	\N
1658	2378	Accords nationaux professionnels concernant le personnel intérimaire des entreprises de travail temporaire	1	1	\N	\N	0	\N
1659	2389	Convention collective des ouvriers du bâtiment et des travaux publics région de La Réunion	1	1	\N	\N	0	\N
1660	2395	Convention collective nationale de travail des assistants maternels du particulier employeur	1	1	\N	\N	0	\N
1661	2397	Convention collective des mannequins adultes et des mannequins enfants de moins de seize ans employés par les agences de mannequins	1	1	\N	\N	0	\N
1662	2405	Convention collective départementale des établissements d'hospitalisation privée de la Guadeloupe du 1er avril 2003	1	1	\N	\N	0	\N
1663	2408	Convention collective de travail des personnels des services administratifs et économiques, des personnels d'éducation et des documentalistes des établissements d'enseignement privés	1	1	\N	\N	0	\N
1664	2409	Convention collective nationale des cadres des travaux publics du 1er juin 2004	1	1	\N	\N	0	\N
1665	2410	Convention collective nationale des biscotteries, biscuiteries, céréales prêtes à consommer ou à préparer, chocolateries, confiseries, aliments de l'enfance et de la diététiques, préparation pour entremets et desserts ménagers(Alliance 7)	1	1	\N	\N	0	\N
1666	2411	Convention collective nationale des chaînes thématiques	1	1	\N	\N	0	\N
1667	2412	Convention collective de la production de films d'animation	1	1	\N	\N	0	\N
1668	2420	Convention collective nationale des cadres du bâtiment du 1er juin 2004	1	1	\N	\N	0	\N
1669	2450	Convention collective du Crédit mutuel centre Est Europe - Sud Est	1	1	\N	\N	0	\N
1670	2480	Convention collective de la manutention portuaire du port de Fort-de-France du 4 juillet 2003	1	1	\N	\N	0	\N
1671	2489	Convention collective des industries métallurgiques et assimilées de la Vendée	1	1	\N	\N	0	\N
1672	2493	Convention collective nationale de la coiffure et des professions connexes	1	1	\N	\N	0	\N
1673	2494	Convention collective nationale de la coopération maritime (salariés non navigants, cadres et non cadres)	1	1	\N	\N	0	\N
1674	2505	Convention collective du Crédit mutuel d'Anjou, complétée par l'accord d'application du 22 décembre 1990	1	1	\N	\N	0	\N
1675	2507	Convention collective nationale des personnels des structures associatives cynégétiques	1	1	\N	\N	0	\N
1676	2519	Convention collective nationale des employés, techniciens et agents de maîtrise (E.T.A.M.) des entreprises de l'association syndicale des propriétaires exploitants de chapiteaux.(chapiteaux propriétaires exploitants etam )	1	1	\N	\N	0	\N
1677	2526	Convention collective nationale des organisations professionnelles de l'habitat social	1	1	\N	\N	0	\N
1678	2528	Convention collective nationale de travail des industries de la maroquinerie, articles de voyage, chasse sellerie, gainerie, bracelets en cuir(maroquinerie, articles de voyage, chasse sellerie, gainerie, bracelets en cuir)	1	1	\N	\N	0	\N
1679	2535	Convention collective dans la culture de la canne à sucre	1	1	\N	\N	0	\N
1680	5001	Statut des industries électriques et gazières (EDF)	1	1	\N	\N	0	\N
1681	5002	Statut du Mineur	1	1	\N	\N	0	\N
1682	5003	Statut de la Fonction publique	1	1	\N	\N	0	\N
1683	5004	Statut des EPAVN Villes nouvelles	1	1	\N	\N	0	\N
1684	5005	Statut des caisses d'épargne	1	1	\N	\N	0	\N
1685	5006	Statut et conventions des OPAC (93 852)	1	1	\N	\N	0	\N
1686	5008	Statut de la Banque de France	1	1	\N	\N	0	\N
1687	5010	Statut des Chambres des métiers	1	1	\N	\N	0	\N
1688	5011	Statut de l'Aéroport de Paris (aéroports)	1	1	\N	\N	0	\N
1689	5012	Statut des chemins de fer (SNCF, RFF)	1	1	\N	\N	0	\N
1690	5013	Statut d'Air France (transports aériens)	1	1	\N	\N	0	\N
1691	5014	Statut de la RATP (Régie autonome des transports parisiens)	1	1	\N	\N	0	\N
1692	5015	Statut du CNRS (Centre national de la recherche scientifique)	1	1	\N	\N	0	\N
1693	5017	Statut du personnel laïc de l'église de France	1	1	\N	\N	0	\N
1694	5018	Statut des Chambres de commerce et d'industrie (CCI)	1	1	\N	\N	0	\N
1697	5021	Statut de la Fonction publique territoriale	1	1	\N	\N	0	\N
1698	5022	Statut de la Fonction publique hospitalière (hopitaux)	1	1	\N	\N	0	\N
1699	5100	Statut non identifié	1	1	\N	\N	0	\N
1700	5501	Convention collective d'entreprise indépendante non identifiée	1	1	\N	\N	0	\N
1701	5502	Convention collective d'entreprise de la Croix Rouge	1	1	\N	\N	0	\N
1702	5503	Convention collective d'entreprise ALTADIS anciennement SEITA (tabacs et allumettes)	1	1	\N	\N	0	\N
1703	5505	Convention collective d'entreprise CEA (commissariat à l'énergie atomique)	1	1	\N	\N	0	\N
1704	5506	Convention collective d'entreprise Crédit Agricole SA	1	1	\N	\N	0	\N
1705	5507	Convention collective nationale des administratifs du foot ball (football)	1	1	\N	\N	0	\N
1706	5509	Convention collective d'entreprise du pari mutuel urbain (PMU)	1	1	\N	\N	0	\N
1707	5511	Convention collective nationale du crédit maritime mutuel	1	1	\N	\N	0	\N
1708	5512	Accords des centres de soins UNACSS	1	1	\N	\N	0	\N
1709	5513	Convention collective d'entreprise de l'IFREMER (recherche en mer)	1	1	\N	\N	0	\N
1710	5514	Convention collective d'entreprise Crédit Foncier	1	1	\N	\N	0	\N
1711	5516	Convention collective d'entreprise La Poste - France Télécom	1	1	\N	\N	0	\N
1712	5519	Convention collective nationale des salariés des sociétés de secours minières (SSM)	1	1	\N	\N	0	\N
1713	5520	Convention collective nationale des officiers de la marine marchande	1	1	\N	\N	0	\N
1714	5521	Convention collective nationale du personnel navigant d'exécution de la marine marchande	1	1	\N	\N	0	\N
1715	5522	Convention collective d'entreprise Etablissement français du sang	1	1	\N	\N	0	\N
1716	5524	Convention collective d'entreprise France Terre d'asile	1	1	\N	\N	0	\N
1717	5526	Convention collective nationale charte des professionnels du foot ball (football)	1	1	\N	\N	0	\N
1718	5527	Convention collective nationale des cadres des sociétés de secours minières (SSM)	1	1	\N	\N	0	\N
1719	5530	Convention collective d'entreprise de la Sonacotra	1	1	\N	\N	0	\N
1720	5531	Convention collective d'entreprise de Syngenta seeds	1	1	\N	\N	0	\N
1721	5532	Convention collective d'entreprise de l'INRS	1	1	\N	\N	0	\N
1722	5533	Convention collective d'entreprise du comité d'entreprise SNCF	1	1	\N	\N	0	\N
1723	5534	Convention collective d'entreprise des wagons lits	1	1	\N	\N	0	\N
1724	5535	Convention collective nationale des médecins généralistes des sociétés de secours minières (SSM)	1	1	\N	\N	0	\N
1725	5536	Convention collective nationale des pharmaciens des sociétés de secours minières (SSM)	1	1	\N	\N	0	\N
1726	5537	Convention collective nationale des dentistes des sociétés de secours minières (SSM)	1	1	\N	\N	0	\N
1727	5538	Convention collective nationale des médecins spécialistes des sociétés de secours minières (SSM)	1	1	\N	\N	0	\N
1728	5539	Convention collective d'entreprise AFPA (formation permanente)	1	1	\N	\N	0	\N
1729	5540	Convention collective nationale Charte du foot ball indépendant (football)	1	1	\N	\N	0	\N
1730	5541	Convention collective nationale du rugby professionnel	1	1	\N	\N	0	\N
1731	5542	Convention collective nationale du basket ball professionnel	1	1	\N	\N	0	\N
1732	7001	Coopératives et sociétés d'intérêt collectif agricole (SICA) bétail et viandes	1	1	\N	\N	0	\N
1733	7002	Coopératives et sociétés d'intérêt collectif agricole céréales meunerie oléagineux  (5 branches)	1	1	\N	\N	0	\N
1734	7003	Coopératives et sociétés d'intérêt collectif agricole (SICA) conserves	1	1	\N	\N	0	\N
1735	7004	Coopératives et sociétés d'intérêt collectif agricole (SICA) laitières	1	1	\N	\N	0	\N
1736	7005	Caves coopératives vinicoles	1	1	\N	\N	0	\N
1737	7006	Coopératives et sociétés d'intérêt collectif agricole (SICA) fleurs fruits légumes	1	1	\N	\N	0	\N
1738	7007	Coopératives et sociétés d'intérêt collectif agricole (SICA) teillage de lin	1	1	\N	\N	0	\N
1739	7008	Organismes de contrôle laitier	1	1	\N	\N	0	\N
1740	7009	Accouvage et sélection avicoles	1	1	\N	\N	0	\N
1741	7011	Paysagistes cadres (paysage)	1	1	\N	\N	0	\N
1742	7012	Centres équestres (cheval)	1	1	\N	\N	0	\N
1743	7013	Entraînement chevaux de courses au trot (cheval)	1	1	\N	\N	0	\N
1744	7014	Entraînement chevaux de courses au galop (cheval)	1	1	\N	\N	0	\N
1745	7015	Gardes chasse et gardes pêche particuliers	1	1	\N	\N	0	\N
1746	7016	Jardiniers et jardiniers gardiens	1	1	\N	\N	0	\N
1747	7017	Parcs et jardins zoologiques	1	1	\N	\N	0	\N
1748	7018	Paysagistes non cadres (paysage)	1	1	\N	\N	0	\N
1749	7019	Conchyliculture	1	1	\N	\N	0	\N
1750	7020	Centres de gestion agréés et habilités agricoles	1	1	\N	\N	0	\N
1751	7501	Crédit agricole	1	1	\N	\N	0	\N
1752	7502	Mutualité sociale agricole (MSA)	1	1	\N	\N	0	\N
1753	7503	Distilleries coopératives viticoles	1	1	\N	\N	0	\N
1754	7504	Centres d'insémination artificielle animale	1	1	\N	\N	0	\N
1755	7505	Enseignement agricole privé personnel de formation	1	1	\N	\N	0	\N
1756	7506	Enseignement agricole privé vie scolaire	1	1	\N	\N	0	\N
1757	7507	Enseignement agricole privé administratif technique	1	1	\N	\N	0	\N
1758	7508	Maisons familiales rurales (enseignement, MFR)	1	1	\N	\N	0	\N
1759	7509	Groupement des organismes de formation et de promotion agricole (GOFPA, enseignement privé laïc)	1	1	\N	\N	0	\N
1760	7510	Personnel des associations départementales d'aménagement des structures des exploitations agricoles (ADASEA)	1	1	\N	\N	0	\N
1761	7511	Personnel des associations de salariés de l'agriculture pour la vulgarisation du progrès agricole (ASAVPA)	1	1	\N	\N	0	\N
1762	7513	Centres initiatives en milieu rural	1	1	\N	\N	0	\N
1763	7514	Organismes de la Confédération nationale des syndicats de travailleurs paysans (CNSTP)	1	1	\N	\N	0	\N
1764	7515	Société d'aménagement foncier et d'établissement rural (SAFER)	1	1	\N	\N	0	\N
1765	7516	Organismes de contrôle laitier directeurs	1	1	\N	\N	0	\N
1766	7517	Exploitations agricoles cadres	1	1	\N	\N	0	\N
1767	7518	Exploitations forestières cadres (forêt, bois)	1	1	\N	\N	0	\N
1768	7519	Coopératives agricoles cadres dirigeants	1	1	\N	\N	0	\N
1769	7520	Etablissements laïcs d'enseignement privé agricole (GOFPA)	1	1	\N	\N	0	\N
1770	8112	Polyculture Île-de-France exécution	1	1	\N	\N	0	\N
1771	8113	Maraîchère Île-de-France (maraîchage)	1	1	\N	\N	0	\N
1772	8114	Champignonnières Île-de-France	1	1	\N	\N	0	\N
1773	8115	Hipprodromes Ile-de-France et Cabourg, Caen, Chantilly, Deauville (cheval)	1	1	\N	\N	0	\N
1774	8116	Polyculture Île-de-France cadres	1	1	\N	\N	0	\N
1775	8211	Exploitations forestières Champagne Ardenne (forêt, bois)	1	1	\N	\N	0	\N
1776	8212	Scieries Champagne Ardenne (forêt, bois)	1	1	\N	\N	0	\N
1777	8213	Exploitations sylvicoles Marne Haute Marne	1	1	\N	\N	0	\N
1778	8214	Entreprises de travaux agricoles et ruraux (ETAR) Aube Marne Polyculture horticulture pépinières maraîchage Marne	1	1	\N	\N	0	\N
1779	8215	Déshydratation Champagne Ardenne	1	1	\N	\N	0	\N
1780	8216	Viticulture Champagne	1	1	\N	\N	0	\N
1781	8221	Champignonnistes Oise Aisne	1	1	\N	\N	0	\N
1782	8231	Exploitations forestières Haute Normandie (forêt, bois)	1	1	\N	\N	0	\N
1783	8233	Entreprises de travaux agricoles et ruraux (ETAR) Haute Normandie	1	1	\N	\N	0	\N
1784	8234	Horticulture Haute Normandie	1	1	\N	\N	0	\N
1785	8235	Pépiniéristes Haute Normandie	1	1	\N	\N	0	\N
1786	8241	Exploitations forestières scieries Centre (forêt, bois)	1	1	\N	\N	0	\N
1787	8243	Champignonnières Centre	1	1	\N	\N	0	\N
1788	8244	Maraîchère Indre Cher (maraîchage)	1	1	\N	\N	0	\N
1789	8251	Exploitations forestières scieries Basse Normandie sylviculture de l'Orne (forêt, bois)	1	1	\N	\N	0	\N
1790	8252	Travaux agricoles Basse Normandie	1	1	\N	\N	0	\N
1791	8262	0	1	1	\N	\N	0	\N
1792	8313	Entreprises de travaux agricoles et ruraux (ETAR) Nord Pas de Calais	1	1	\N	\N	0	\N
1793	8411	Exploitations forestières Meurthe et Moselle Vosges (forêt, bois)	1	1	\N	\N	0	\N
1794	8412	Scieries agricoles Alsace Lorraine (forêt, bois)	1	1	\N	\N	0	\N
1795	8414	Maraîchère Meurthe et Moselle Moselle	1	1	\N	\N	0	\N
1796	8421	Exploitations forestières Alsace (forêt, bois)	1	1	\N	\N	0	\N
1797	8422	Polyculture Alsace	1	1	\N	\N	0	\N
1798	8423	Horticulture Alsace	1	1	\N	\N	0	\N
1799	8424	Pépiniéristes Alsace	1	1	\N	\N	0	\N
1800	8431	Exploitations forestières Doubs Jura (forêt, bois)	1	1	\N	\N	0	\N
1801	8432	Scieries agricoles Franche Comté (forêt, bois)	1	1	\N	\N	0	\N
1802	8433	Horticulture Franche Comté	1	1	\N	\N	0	\N
1803	8434	Culture Coopérative d'utilisation de matériel agricole (CUMA) Entreprises de travaux agricoles et ruraux  (ETAR) Franche Comté	1	1	\N	\N	0	\N
1804	8435	Coopératives fruitières Ain Doubs Jura	1	1	\N	\N	0	\N
1805	8522	Exploitations forestières scieries Pays de la Loire (forêt, bois)	1	1	\N	\N	0	\N
1806	8523	Exploitations sylvicoles Pays de la Loire (forêt, bois)	1	1	\N	\N	0	\N
1807	8525	Entreprises de travaux agricoles et ruraux (ETAR) Pays de la Loire	1	1	\N	\N	0	\N
1808	8526	Arboriculture fruitière Ouest de la France	1	1	\N	\N	0	\N
1809	8527	Prestations services avicoles Sarthe Mayenne	1	1	\N	\N	0	\N
1810	8531	Exploitations forestières scieries Bretagne (forêt, bois)	1	1	\N	\N	0	\N
1811	8532	Entreprises de travaux agricoles et ruraux (ETAR) Bretagne	1	1	\N	\N	0	\N
1812	8534	Maraîchère Ille et Vilaine Morbihan	1	1	\N	\N	0	\N
1813	8535	Coopératives d'utilisation de matériel agricole (CUMA) Bretagne Pays de la Loire	1	1	\N	\N	0	\N
1814	8541	Exploitations forestières scieries Poitou Charentes (forêt, bois)	1	1	\N	\N	0	\N
1815	8542	Entreprises de travaux agricoles et ruraux (ETAR) Vienne Deux-Sèvres Production agricole Vienne	1	1	\N	\N	0	\N
1816	8721	Exploitations forestières scieries Massif Gascogne (forêt, bois)	1	1	\N	\N	0	\N
1817	8722	Gemmage forêt Gascogne	1	1	\N	\N	0	\N
1818	8723	Entretien forestier Gascogne	1	1	\N	\N	0	\N
1819	8731	Exploitations forestières scieries Midi-Pyrénées Pyrénées Orientales Pyrénées Atlantiques (forêt, bois)	1	1	\N	\N	0	\N
1820	8733	Coopératives d'utilisation de matériel agricole (CUMA) Entreprises de travaux agricoles et ruraux (ETAR) Tarn Haute Garonne	1	1	\N	\N	0	\N
1821	8734	Horticulture Midi Pyrénées	1	1	\N	\N	0	\N
1822	8741	Exploitations forestières Limousin (forêt, bois)	1	1	\N	\N	0	\N
1823	8821	Ouvriers forestiers communes ONF Rhône Alpes (forêt, bois)	1	1	\N	\N	0	\N
1824	8822	Exploitations forestières scieries Rhône Alpes sauf Loire (forêt, bois)	1	1	\N	\N	0	\N
1825	8824	Coopératives fruits légumes Rhône Alpes	1	1	\N	\N	0	\N
1826	8831	Exploitations forestières scieries Auvergne Gard Loire Lozère (forêt, bois)	1	1	\N	\N	0	\N
1827	8832	Polyculture Coopératives d'utilisation de matériel agricole (CUMA) Haute Loire Lozère	1	1	\N	\N	0	\N
1828	8912	Entreprises de travaux agricoles et ruraux (ETAR) Languedoc-Roussillon et Vaucluse	1	1	\N	\N	0	\N
1829	9011	Exploitations agricoles Ain	1	1	\N	\N	0	\N
1830	9021	Exploitations polyculture Aisne	1	1	\N	\N	0	\N
1831	9022	Exploitations forestières Aisne (forêt, bois)	1	1	\N	\N	0	\N
1832	9031	Exploitations polyculture maraîchage Entreprises de travaux agricoles et ruraux (ETAR) Coopératives d'utilisation de matériel agricole (CUMA) Allier	1	1	\N	\N	0	\N
1833	9032	Exploitations horticoles pépinières Allier	1	1	\N	\N	0	\N
1834	9041	Exploitations agricoles Alpes de Haute Provence	1	1	\N	\N	0	\N
1835	9051	Exploitations polyculture Coopératives d'utilisation de matériel agricole (CUMA) Hautes-Alpes	1	1	\N	\N	0	\N
1836	9061	Exploitations polyculture Alpes Maritimes	1	1	\N	\N	0	\N
1837	9062	Exploitations forestières scieries Alpes Maritimes (forêt, bois)	1	1	\N	\N	0	\N
1838	9071	Exploitations agricoles Coopératives d'utilisation de matériel agricole (CUMA) Entreprises de travaux agricoles et ruraux (ETAR) Ardèche	1	1	\N	\N	0	\N
1839	9081	Exploitations polyculture Ardennes	1	1	\N	\N	0	\N
1840	9082	Exploitations horticoles Ardennes	1	1	\N	\N	0	\N
1841	9091	Exploitations agricoles Ariège	1	1	\N	\N	0	\N
1842	9101	Exploitations polyculture Aube	1	1	\N	\N	0	\N
1843	9102	Exploitations maraîchères et horticulture Aube	1	1	\N	\N	0	\N
1844	9103	Exploitations forestières Aube (forêt, bois)	1	1	\N	\N	0	\N
1845	9111	Exploitations agricoles Coopératives d'utilisation de matériel agricole (CUMA) Aude	1	1	\N	\N	0	\N
1846	9112	Exploitations agricoles zone viticole Aude	1	1	\N	\N	0	\N
1847	9121	Exploitations agricoles Entreprises de travaux agricoles et ruraux (ETAR) Coopératives d'utilisation de matériel agricole (CUMA) Aveyron	1	1	\N	\N	0	\N
1848	9131	Exploitations agricoles Coopératives d'utilisation de matériel agricole (CUMA) Bouches du Rhône	1	1	\N	\N	0	\N
1849	9132	Exploitations agricoles Bouches du Rhône cadres	1	1	\N	\N	0	\N
1850	9141	Exploitations polyculture élevage maraîchage cultures légumières de plein champ haras élevages de chevaux de pur sang et Coopératives d'utilisation de matériel agricole (CUMA) Calvados	1	1	\N	\N	0	\N
1851	9142	Exploitations horticoles fruits pépinières champignons Calvados	1	1	\N	\N	0	\N
1852	9151	Exploitations polyculture Cantal	1	1	\N	\N	0	\N
1853	9152	Coopératives laitières Cantal	1	1	\N	\N	0	\N
1854	9161	Exploitations agricoles Charente	1	1	\N	\N	0	\N
1855	9171	Exploitations polyculture Entreprises de travaux agricoles et ruraux (ETAR) Charente Maritime	1	1	\N	\N	0	\N
1856	9172	Conchyliculture Marennes Oléron	1	1	\N	\N	0	\N
1857	9173	Conchyliculture La Rochelle	1	1	\N	\N	0	\N
1858	9181	Exploitations polyculture Cher	1	1	\N	\N	0	\N
1859	9182	Exploitations pépinières horticulture Cher	1	1	\N	\N	0	\N
1860	9183	Entreprises de travaux agricoles et ruraux (ETAR) Coopératives d'utilisation de matériel agricole (CUMA) Cher	1	1	\N	\N	0	\N
1861	9191	Exploitations agricoles Coopératives d'utilisation de matériel agricole (CUMA) Corrèze	1	1	\N	\N	0	\N
1862	9201	Exploitations agricoles Corse du Sud	1	1	\N	\N	0	\N
1863	9202	Exploitations agricoles Haute Corse	1	1	\N	\N	0	\N
1864	270	Convention collective de la couture des Bouches-du-Rhône	1	1	\N	\N	0	\N
1865	9221	Exploitations polyculture Côtes d'Armor	1	1	\N	\N	0	\N
1866	9222	Exploitations pépinières horticulture maraîchage Côte d'Armor	1	1	\N	\N	0	\N
1867	9231	Exploitations agricoles Entreprises de travaux agricoles et ruraux (ETAR) Coopératives d'utilisation de matériel agricole (CUMA) Creuse	1	1	\N	\N	0	\N
1868	9232	Exploitations pépinières sylvicoles Creuse	1	1	\N	\N	0	\N
1869	9241	Exploitations agricoles Dordogne	1	1	\N	\N	0	\N
1870	9261	Exploitations agricoles Drôme	1	1	\N	\N	0	\N
1871	9271	Bois et forêts Eure (forêt, bois)	1	1	\N	\N	0	\N
1872	9272	Exploitations polyculture Eure non cadres	1	1	\N	\N	0	\N
1873	9273	Exploitations polyculture Eure cadres	1	1	\N	\N	0	\N
1874	9281	Exploitations polyculture, élevage et Coopératives d'utilisation de matériel agricole (CUMA) Eure et Loir	1	1	\N	\N	0	\N
1875	9282	Déshydratation Eure et Loir	1	1	\N	\N	0	\N
1876	9283	Exploitations horticoles fruitières jardinerie Eure et Loire	1	1	\N	\N	0	\N
1877	9291	Exploitations polyculture, élevage et maraîchage Finistère	1	1	\N	\N	0	\N
1878	9292	Exploitations pépinières horticulture Finistère	1	1	\N	\N	0	\N
1879	9301	Exploitations agricoles Gard	1	1	\N	\N	0	\N
1880	9302	Exploitations agricoles Gard cadres	1	1	\N	\N	0	\N
1881	9311	Exploitations de polyculture élevage cultures spécialisées Haute Garonne	1	1	\N	\N	0	\N
1882	9321	Exploitations agricoles Coopératives d'utilisation de matériel agricole (CUMA) Entreprises de travaux agricoles et ruraux (ETAR) Gers	1	1	\N	\N	0	\N
1883	9331	Exploitations agricoles Coopératives d'utilisation de matériel agricole (CUMA) Entreprises de travaux agricoles et ruraux  (ETAR) Gironde	1	1	\N	\N	0	\N
1884	9332	Conchyliculture Gironde	1	1	\N	\N	0	\N
1885	9341	Exploitations agricoles Coopératives d'utilisation de matériel agricole (CUMA) Hérault	1	1	\N	\N	0	\N
1886	9351	Exploitations polyculture élevage Ille et Vilaine	1	1	\N	\N	0	\N
1887	9352	Exploitations pépinières horticulture Ille et Vilaine	1	1	\N	\N	0	\N
1888	9361	Exploitations polyculture élevage Coopératives d'utilisation de matériel agricole (CUMA) et Entreprises de travaux agricoles et ruraux (ETAR) Indre	1	1	\N	\N	0	\N
1889	9362	Exploitations pépinières horticulture Indre	1	1	\N	\N	0	\N
1890	9371	Exploitations polyculture, élevage viticulture Indre et Loire	1	1	\N	\N	0	\N
1891	9372	Exploitations pépinières horticulture Entreprises de travaux agricoles et ruraux (ETAR) Coopératives d'utilisation de matériel agricole (CUMA) Indre et Loire	1	1	\N	\N	0	\N
1892	9374	Exploitations arboriculture fruitière Indre et Loire	1	1	\N	\N	0	\N
1893	9381	Exploitations agricoles Isère	1	1	\N	\N	0	\N
1894	9382	Exploitations pépinières horticulture Isère	1	1	\N	\N	0	\N
1895	9401	Exploitations agricoles Entreprises de travaux agricoles et ruraux (ETAR) Coopératives d'utilisation de matériel agricole (CUMA) Landes	1	1	\N	\N	0	\N
1896	9411	Exploitations agricoles Loir et Cher	1	1	\N	\N	0	\N
1897	9412	Entreprises de travaux agricoles et ruraux (ETAR) Coopératives d'utilisation de matériel agricole (CUMA) Loir et Cher	1	1	\N	\N	0	\N
1898	9413	Exploitations pépinières horticulture Loir et Cher	1	1	\N	\N	0	\N
1900	9422	Coopératives d'utilisation de matériel agricole (CUMA) Loire	1	1	\N	\N	0	\N
1901	9441	Exploitations agricoles Loire Atlantique	1	1	\N	\N	0	\N
1902	9442	Exploitations pépinières horticulture Loire Atlantique	1	1	\N	\N	0	\N
1903	9444	Exploitations maraîchères Loire Atlantique	1	1	\N	\N	0	\N
1904	9451	Exploitations polyculture élevage Loiret	1	1	\N	\N	0	\N
1905	9452	Coopératives d'utilisation de matériel agricole (CUMA) Loiret	1	1	\N	\N	0	\N
1906	9453	Exploitations arboriculture fruitière Loiret	1	1	\N	\N	0	\N
1907	9454	Exploitations pépinières horticulture Loiret	1	1	\N	\N	0	\N
1908	9455	Exploitations maraîchères Loiret	1	1	\N	\N	0	\N
1909	9461	Exploitations agricoles Entreprises de travaux agricoles et ruraux (ETAR) Coopératives d'utilisation de matériel agricole (CUMA) Lot	1	1	\N	\N	0	\N
1910	9471	Exploitations agricoles Entreprises de travaux agricoles et ruraux (ETAR) Coopératives d'utilisation de matériel agricole (CUMA) Lot et Garonne	1	1	\N	\N	0	\N
1911	9472	Exploitations pépinières horticulture Lot et Garonne	1	1	\N	\N	0	\N
1912	9491	Exploitations polyculture, élevage Maine et Loire	1	1	\N	\N	0	\N
1913	9492	Exploitations pépinières horticulture Maine et Loire	1	1	\N	\N	0	\N
1914	9493	Champignonnières Maine et Loire	1	1	\N	\N	0	\N
1915	9494	Cultures maraîchères et légumières Maine et Loire	1	1	\N	\N	0	\N
1916	9495	Producteurs graines Maine et Loire exécution	1	1	\N	\N	0	\N
1917	9496	Producteurs graines Maine et Loire cadres	1	1	\N	\N	0	\N
1918	9501	Exploitations agricoles Coopératives d'utilisation de matériel agricole (CUMA) Manche	1	1	\N	\N	0	\N
1919	9502	Exploitations pépinières horticulture Manche	1	1	\N	\N	0	\N
1920	9521	Polyculture pépinières horticulture Coopératives d'utilisation de matériel agricole (CUMA) Haute Marne	1	1	\N	\N	0	\N
1921	9531	Exploitations polyculture élevage Mayenne	1	1	\N	\N	0	\N
1922	9532	Exploitations pépinières horticulture Mayenne	1	1	\N	\N	0	\N
1923	9541	Exploitations agricoles Coopératives d'utilisation de matériel agricole (CUMA) Meurthe et Moselle	1	1	\N	\N	0	\N
1924	9542	Exploitations pépinières horticulture Meurthe et Moselle	1	1	\N	\N	0	\N
1925	9551	Exploitations forestières Meuse (forêt, bois)	1	1	\N	\N	0	\N
1926	9552	Exploitations pépinières horticulture Meuse	1	1	\N	\N	0	\N
1927	9553	Exploitations polyculture élevage Meuse	1	1	\N	\N	0	\N
1928	9561	Exploitations polyculture élevage Morbihan	1	1	\N	\N	0	\N
1929	9562	Exploitations pépinières horticulture Morbihan	1	1	\N	\N	0	\N
1930	9571	Exploitations forestières et de sylviculture - sauf ONF - Moselle (forêt, bois)	1	1	\N	\N	0	\N
1931	9572	Exploitations pépinières horticulture Moselle	1	1	\N	\N	0	\N
1932	9573	Exploitations polyculture élevage Coopératives d'utilisation de matériel agricole (CUMA) Moselle	1	1	\N	\N	0	\N
1933	9581	Exploitations forestières et de sylviculture - sauf ONF - Nièvre (forêt, bois)	1	1	\N	\N	0	\N
1934	9583	Entreprises de travaux agricoles et ruraux (ETAR) Coopératives d'utilisation de matériel agricole (CUMA) Nièvre	1	1	\N	\N	0	\N
1935	9591	Exploitations polyculture élevage Nord	1	1	\N	\N	0	\N
1936	9592	Exploitations pépinières horticulture maraîchères Nord (maraîchage)	1	1	\N	\N	0	\N
1937	9601	Exploitations polyculture élevage Entreprises de travaux agricoles et ruraux (ETAR) Coopératives d'utilisation de matériel agricole (CUMA) Oise	1	1	\N	\N	0	\N
1938	9602	Exploitations forestières Oise (forêt, bois)	1	1	\N	\N	0	\N
1939	9603	Exploitations pépinières horticulture Oise	1	1	\N	\N	0	\N
1940	9612	Exploitations polyculture élevage Orne	1	1	\N	\N	0	\N
1941	9613	Exploitations pépinières horticulture Orne	1	1	\N	\N	0	\N
1942	9621	Exploitations polyculture élevage Pas de Calais non cadres	1	1	\N	\N	0	\N
1943	9622	Exploitations pépinières horticulture Pas de Calais non cadres	1	1	\N	\N	0	\N
1944	9623	Exploitations agricoles Pas de Calais Cadres	1	1	\N	\N	0	\N
1945	9631	Exploitations agricoles Entreprises de travaux agricoles et ruraux (ETAR) Coopératives d'utilisation de matériel agricole (CUMA) Puy de Dôme	1	1	\N	\N	0	\N
1946	9641	Exploitations agricoles horticoles Entreprises de travaux agricoles et ruraux (ETAR) Coopératives d'utilisation de matériel agricole (CUMA) Pyrénées Atlantiques	1	1	\N	\N	0	\N
1947	9651	Exploitations agricoles cultures spécialisées Entreprises de travaux agricoles et ruraux (ETAR) Coopératives d'utilisation de matériel agricole (CUMA) Hautes Pyrénées	1	1	\N	\N	0	\N
1948	9661	Exploitations viticoles pépinières horticulture Pyrénées Orientales	1	1	\N	\N	0	\N
1949	9691	Exploitations agricoles Rhône	1	1	\N	\N	0	\N
1950	9702	Exploitations forestières et sylvicoles Entreprises de travaux agricoles et forestiers (ETAF) Haute Saône (forêt, bois)	1	1	\N	\N	0	\N
1951	9711	Exploitations forestières Saône et Loire (forêt, bois)	1	1	\N	\N	0	\N
1952	9712	Exploitations agricoles Entreprises de travaux agricoles et ruraux (ETAR) Coopératives d'utilisation de matériel agricole (CUMA) Saône et Loire	1	1	\N	\N	0	\N
1953	9721	Exploitations polyculture élevage Sarthe	1	1	\N	\N	0	\N
1954	9722	Exploitations pépinières horticulture Sarthe	1	1	\N	\N	0	\N
1955	9723	Exploitations maraîchères Sarthe	1	1	\N	\N	0	\N
1956	9725	Champignonnières Sarthe	1	1	\N	\N	0	\N
1957	9731	Exploitations agricoles Entreprises de travaux agricoles et ruraux (ETAR) Coopératives d'utilisation de matériel agricole (CUMA) Savoie	1	1	\N	\N	0	\N
1958	9732	Exploitations pépinières horticulture maraîchage Savoie	1	1	\N	\N	0	\N
1959	9741	Exploitations agricoles cultures spécialisées Entreprises de travaux agricoles et ruraux (ETAR) Haute Savoie	1	1	\N	\N	0	\N
1960	9742	Exploitations pépinières horticulture Haute Savoie	1	1	\N	\N	0	\N
1961	9761	Exploitations agricoles Seine Maritime	1	1	\N	\N	0	\N
1962	9762	Exploitations maraîchères Seine Maritime (maraîchage)	1	1	\N	\N	0	\N
1963	9771	Exploitations polyculture élevage Coopératives d'utilisation de matériel agricole (CUMA) Entreprises de travaux agricoles et ruraux (ETAR) Seine et Marne	1	1	\N	\N	0	\N
1964	9772	Exploitations pépinières horticulture maraîchères Seine et Marne	1	1	\N	\N	0	\N
1965	9791	Polyculture élevages cultures spécialisées Coopératives d'utilisation de matériel agricole (CUMA) Deux-Sèvres	1	1	\N	\N	0	\N
1966	9801	Exploitations forestières Somme (forêt, bois)	1	1	\N	\N	0	\N
1967	9802	Exploitations polyculture élevage et Coopératives d'utilisation de matériel agricole (CUMA), Entreprises de travaux agricoles et ruraux (ETAR) Somme	1	1	\N	\N	0	\N
1968	9803	Exploitations pépinières horticulture Somme	1	1	\N	\N	0	\N
1969	9811	Exploitations agricoles Tarn	1	1	\N	\N	0	\N
1970	9821	Exploitations agricoles Coopératives d'utilisation de matériel agricole (CUMA) Tarn et Garonne	1	1	\N	\N	0	\N
1971	9831	Exploitations agricoles Coopératives d'utilisation de matériel agricole (CUMA) Var	1	1	\N	\N	0	\N
1972	9841	Exploitations agricoles Coopératives d'utilisation de matériel agricole (CUMA) Vaucluse	1	1	\N	\N	0	\N
1973	9851	Exploitations polyculture élevage Vendée	1	1	\N	\N	0	\N
1974	9852	Exploitations pépinières horticulture Vendée	1	1	\N	\N	0	\N
1975	9855	Prestations services avicoles Vendée	1	1	\N	\N	0	\N
1976	9862	Champignonnières Vienne	1	1	\N	\N	0	\N
1977	9871	Exploitations forestières et sylviculture Yonne (forêt, bois)	1	1	\N	\N	0	\N
1978	9881	Exploitations polyculture élevage et Coopératives d'utilisation de matériel agricole (CUMA), Entreprises de travaux agricoles et ruraux (ETAR) Vosges	1	1	\N	\N	0	\N
1979	9882	Exploitations pépinières horticulture maraîchères Vosges	1	1	\N	\N	0	\N
1980	9891	Exploitations forestières Yonne (forêt, bois)	1	1	\N	\N	0	\N
1981	9892	Entreprises de travaux agricoles et ruraux (ETAR) Coopératives d'utilisation de matériel agricole (CUMA) Yonne	1	1	\N	\N	0	\N
1982	9901	Exploitations forestières Belfort (forêt, bois)	1	1	\N	\N	0	\N
1983	9971	Exploitations bananières Martinique	1	1	\N	\N	0	\N
1984	9972	Entreprises paysagistes Guyane (paysage)	1	1	\N	\N	0	\N
1985	9999	Absence de convention collective	1	1	\N	\N	0	\N
1986	9211	Exploitations forestières scieries Côte d'or (forêt, bois)	1	1	\N	\N	0	\N
1987	23	ILMConv	1	1	\N	\N	1	\N
1988	3018	Bureaux d'études technique, cabinets d'ingénieurs, sociétés de conseils (syntec)	1	1	\N	\N	0	\N
1989	951	Convention collective nationale des théâtres privés	1	1	\N	\N	0	\N
1990	1078	Convention collective nationale de la coiffure	1	1	\N	\N	0	\N
1991	1618	Convention collective nationale du camping	1	1	\N	\N	0	\N
1992	1951	Convention collective nationale des cabinets ou entreprises d'expertises en automobile	1	1	\N	\N	0	\N
1993	2150	Convention collective nationale des personnels des sociétés anonymes et fondations d'HLM	1	1	\N	\N	0	\N
1994	7010	Aquaculture	1	1	\N	\N	0	\N
1995	1	Convention collective pour le commerce Stéphanois, autre que l'alimentation  (Saint-Etienne, Loire)	1	1	\N	\N	0	\N
1996	2	Convention collective départementale de l'industrie de la bonneterie et des industries annexes de l'Aube	1	1	\N	\N	0	\N
1997	3	Convention collective des ouvriers de la navigation intérieure de marchandises	1	1	\N	\N	0	\N
1998	4	Convention collective locale des employés de commerce de magasins du Havre (Seine-Maritime)	1	1	\N	\N	0	\N
1999	5	Convention collective du commerce de détail de l'Indre	1	1	\N	\N	0	\N
2000	7	Convention collective départementale de l'industrie du bâtiment et des travaux publics du Rhône	1	1	\N	\N	0	\N
2001	10	Convention collective des techniciens de post-synchronisation et doublage(cinéma, audiovisuel)	1	1	\N	\N	0	\N
2002	11	Convention collective des personnels des ports autonomes maritimes et des chambres de commerce et d'industrie concessionnaires dans les ports maritimes de commerce et de pêche	1	1	\N	\N	0	\N
2003	14	Convention collective nationale des techniciens de la production cinématographique	1	1	\N	\N	0	\N
2004	16	Convention collective nationale des transports routiers et activités auxiliaires du transport	1	1	\N	\N	0	\N
2005	18	Convention collective nationale de l'industrie textile	1	1	\N	\N	0	\N
2006	23	Convention collective nationale du personnel sédentaire des entreprises de navigation libre	1	1	\N	\N	0	\N
2007	24	Convention collective locale des commerces non alimentaires de Nevers (Nièvre)	1	1	\N	\N	0	\N
2008	25	Convention collective locale des industries du peigne de la Vallée de l'Hers et du Touyre (Ariège)	1	1	\N	\N	0	\N
2009	29	Convention collective nationale des établissements privés d'hospitalisation, de soins, de cure et de garde à but non lucratif(FEHAP, convention de 1951)	1	1	\N	\N	0	\N
2010	35	Convention collective régionale des employés, techniciens et agents de maîtrise des tissages de soierie du Sud-Est	1	1	\N	\N	0	\N
2011	39	Convention collective des courtiers en valeurs mobilières de Paris	1	1	\N	\N	0	\N
2012	43	Convention collective des entreprises de commission, de courtage et de commerce intracommunautaire et d'importation-exportation de France métropolitaine	1	1	\N	\N	0	\N
2013	44	Convention collective nationale des industries chimiques et connexes(UIC)	1	1	\N	\N	0	\N
2014	45	Convention collective nationale du caoutchouc	1	1	\N	\N	0	\N
2015	50	Convention collective locale des employés de commerce des cantons de Rodez (Aveyron)	1	1	\N	\N	0	\N
2016	52	Convention collective départementale de la boulangerie de la Haute-Garonne	1	1	\N	\N	0	\N
2017	54	Convention collective des ouvriers, employés, techniciens et agents de maîtrise des industries métallurgiques, mécaniques et connexes de la région parisienne	1	1	\N	\N	0	\N
2018	57	Convention collective des tisseurs à domicile rubanier de la région de Saint-Etienne (Loire, Haute-Loire)	1	1	\N	\N	0	\N
2019	71	Convention collective départementale du bâtiment du Finistère	1	1	\N	\N	0	\N
2020	73	Convention collective nationale de travail des professeurs de l'enseignement secondaire privé laïc	1	1	\N	\N	0	\N
2021	75	Convention collective départementale des ouvriers du bâtiment de Lot-et-Garonne	1	1	\N	\N	0	\N
2022	76	Convention collective du bâtiment de la Charente	1	1	\N	\N	0	\N
2023	80	Convention collective du bâtiment et des travaux publics de la Moselle	1	1	\N	\N	0	\N
2024	82	Convention collective départementale des industries métallurgiques métalliques et mécaniques du territoire de Belfort et des régions limitrophes (Montbéliard)	1	1	\N	\N	0	\N
2025	83	Convention collective nationale des menuiseries charpentes et constructions industrialisées et des portes planes	1	1	\N	\N	0	\N
2026	86	Convention collective nationale des entreprises de publicité et assimilées	1	1	\N	\N	0	\N
2027	87	Convention collective nationale des ouvriers des industries de carrières et de matériaux(UNICEM)	1	1	\N	\N	0	\N
2028	112	Convention collective nationale de l'industrie laitière	1	1	\N	\N	0	\N
2029	113	Convention collective locale des industries de produits réfractaires de Givors (Rhône)	1	1	\N	\N	0	\N
2030	114	Convention collective régionale du personnel des maisons grainières de la région parisienne	1	1	\N	\N	0	\N
2031	115	Convention collective départementale des ouvriers du bâtiment des Landes	1	1	\N	\N	0	\N
2032	119	Convention collective des industries métallurgiques, métalliques et mécaniques  du département de la Haute-Saône et des industries qui s'y rattachent	1	1	\N	\N	0	\N
2033	120	Convention collective du commerce de détail non alimentaire de Bourges (Cher)	1	1	\N	\N	0	\N
2034	9853	Exploitations maraîchères Vendée	1	1	\N	\N	0	\N
2035	127	Convention collective des ouvriers du bâtiment des départements Drôme, Ardèche	1	1	\N	\N	0	\N
2036	131	Convention collective locale de la tapisserie d'art d'Aubusson-Felletin (Creuse)	1	1	\N	\N	0	\N
2037	132	Convention collective départementale des ouvriers du bâtiment de la Marne	1	1	\N	\N	0	\N
2038	134	Convention collective départementale des ouvriers du bâtiment des Hautes-Pyrénées	1	1	\N	\N	0	\N
2039	135	Convention collective nationale des employés techniciens et agents de maîtrise des industries de carrières et de matériaux(UNICEM)	1	1	\N	\N	0	\N
2040	137	Convention collective du bâtiment et des travaux publics de l'Indre-et-Loire	1	1	\N	\N	0	\N
2041	140	Convention collective départementale du bâtiment du Puy-de-Dôme	1	1	\N	\N	0	\N
2042	142	Convention collective départementale des ouvriers du bâtiment de la Haute-Saône	1	1	\N	\N	0	\N
2043	146	Convention collective départementale des ouvriers du bâtiment et des travaux publics de la Nièvre	1	1	\N	\N	0	\N
2044	149	Convention collective départementale des ouvriers du bâtiment de la Vienne	1	1	\N	\N	0	\N
2045	152	Convention collective départementale des ouvriers du bâtiment de l'Yonne	1	1	\N	\N	0	\N
2046	155	Convention collective pour les ouvriers de la fabrication des sacs en papiers de Saint-Junien de la Haute-Vienne	1	1	\N	\N	0	\N
2047	157	Convention collective des ouvriers du bâtiment et des travaux publics des Vosges	1	1	\N	\N	0	\N
2048	158	Convention collective nationale du travail mécanique du bois, des scieries, du négoce et de l'importation des bois	1	1	\N	\N	0	\N
2049	161	Convention collective nationale de la verrerie travaillée mécaniquement au chalumeau	1	1	\N	\N	0	\N
2050	162	Convention collective des commerces d'alimentation en gros et demi-gros du département de la Somme	1	1	\N	\N	0	\N
2051	164	Convention collective départementale du négoce charbonnier du Rhône	1	1	\N	\N	0	\N
2052	171	Convention collective départementale des ouvriers du bâtiment et des travaux publics de Seine-et-Marne	1	1	\N	\N	0	\N
2053	172	Convention collective interrégionale de l'industrie du bois de pin maritime en forêt de Gascogne (Charente, Aquitaine)	1	1	\N	\N	0	\N
2054	176	Convention collective nationale de l'industrie pharmaceutique (LEEM anciennement SNIP)	1	1	\N	\N	0	\N
2055	179	Convention collective nationale du personnel des coopératives de consommation	1	1	\N	\N	0	\N
2056	184	Convention collective nationale de l'imprimerie de labeur et des industries graphiques	1	1	\N	\N	0	\N
2057	186	Convention collective interrégionale de l'industrie de Roquefort (Languedoc-Rousillon, Pyrénées)	1	1	\N	\N	0	\N
2058	189	Convention collective départementale des hôtels cafés restaurants brasseries et tous les établissements s'y rattachant du Rhône	1	1	\N	\N	0	\N
2059	190	Convention collective départementale des ouvriers du bâtiment de l'Ille-et-Vilaine	1	1	\N	\N	0	\N
2060	192	Convention collective des ouvriers du bâtiment et des travaux publics du Doubs	1	1	\N	\N	0	\N
2061	193	Convention collective départementale de l'importation et du commerce en gros des vins et spiritueux de la Loire-Atlantique	1	1	\N	\N	0	\N
2062	194	Convention collective dans l'industrie du bâtiment pour le département du Cantal	1	1	\N	\N	0	\N
2063	195	Convention collective des entreprises de carénage piquage et travaux maritimes connexes de la région havraise (Seine-Maritime)	1	1	\N	\N	0	\N
2064	200	Convention collective nationale des exploitations frigorifiques(froid)	1	1	\N	\N	0	\N
2065	201	Convention collective nationale des cadres des agences de renseignements commerciaux	1	1	\N	\N	0	\N
2066	207	Convention collective nationale de l'industrie des cuirs et peaux	1	1	\N	\N	0	\N
2067	208	Convention collective départementale des ouvriers du bâtiment du territoire de Belfort	1	1	\N	\N	0	\N
2068	210	Convention collective des commerces de détail non alimentaires de l'arrondissement de Saint-Malo (Ille-et-Vilaine)	1	1	\N	\N	0	\N
2069	211	Convention collective nationale des cadres des industries de carrières et matériaux (UNICEM)	1	1	\N	\N	0	\N
2070	212	Convention collective locale des grands magasins de nouveautés et spécialités s'y rattachant de Rouen (Seine-Maritime)	1	1	\N	\N	0	\N
2071	214	Convention collective des ouvriers  des entreprises de presse de la région parisienne	1	1	\N	\N	0	\N
2072	218	Convention collective nationale des organismes de sécurité sociale(SS)	1	1	\N	\N	0	\N
2073	226	Convention collective départementale des ouvriers du bâtiment de Maine-et-Loire	1	1	\N	\N	0	\N
2074	231	Convention collective des employés des magasins populaires de Seine-et-Marne	1	1	\N	\N	0	\N
2075	232	Convention collective départementale des commerces d'alimentation générale de détail de la Somme	1	1	\N	\N	0	\N
2076	233	Convention collective départementale des maîtres et artisans tailleurs de la Loire-Atlantique	1	1	\N	\N	0	\N
2077	239	Convention collective départementale des commerces de la Sarthe	1	1	\N	\N	0	\N
2078	240	Convention collective nationale du personnel des greffes des tribunaux de commerce	1	1	\N	\N	0	\N
2079	246	Convention collective régionale du notariat de la Cour d'appel de Colmar (Alsace)	1	1	\N	\N	0	\N
2080	247	Convention collective nationale des industries de l'habillement[rattachement de l'industrie du bouton et de l'industries de la bretelle et de la ceinture](bouton, bretelle, ceinture)	1	1	\N	\N	0	\N
2081	249	Convention collective ouvrière de la distribution charbonnière de la région parisienne	1	1	\N	\N	0	\N
2082	252	Convention collective départementale des ouvriers du bâtiment et des travaux publics de l'Ain	1	1	\N	\N	0	\N
2083	255	Convention collective nationale des employés, techniciens et agents de maîtrise du bâtiment	1	1	\N	\N	0	\N
2084	265	Convention collective locale des dessinateurs des cabinets de dessin de la ville de Lyon et des localités de la communaute urbaine de Lyon (Rhône)	1	1	\N	\N	0	\N
2085	271	Convention collective des commerces non alimentaires de la Somme	1	1	\N	\N	0	\N
2086	275	Convention collective nationale du personnel au sol des entreprises de transport aérien	1	1	\N	\N	0	\N
2087	276	Convention collective départementale des commerces de gros demi-gros et détail de la Haute-Vienne	1	1	\N	\N	0	\N
2088	277	Convention collective nationale de travail réglant les rapports entre les avoués près les Cours d'appel et leur personnel	1	1	\N	\N	0	\N
2089	278	Convention collective locale des grands magasins de Brest (Finistère)	1	1	\N	\N	0	\N
2090	279	Convention collective des ouvriers du bâtiment et des travaux publics pour le département de l'Allier	1	1	\N	\N	0	\N
2091	280	Convention collective des employés du commerce de la distribution charbonnière de la région parisienne	1	1	\N	\N	0	\N
2092	281	Convention collective des dessinateurs pour textiles, papiers peints, toiles cirées et linoleums de la région parisienne	1	1	\N	\N	0	\N
2093	285	Convention collective de travail des instituteurs et institutrices de l'enseignement privé laïc du premier degré	1	1	\N	\N	0	\N
2094	292	Convention collective nationale de la plasturgie (transformation des matières plastiques)	1	1	\N	\N	0	\N
2095	294	Convention collective nationale des ouvriers indépendants de studios de la production cinématographique	1	1	\N	\N	0	\N
2096	295	Convention collective régionale du notariat de la Cour d'appel de Rouen (Haute-Normandie)	1	1	\N	\N	0	\N
2097	296	Convention collective locale des commerces de la région Roubaix-Tourcoing (Nord)	1	1	\N	\N	0	\N
2098	303	Convention collective régionale de la couture parisienne	1	1	\N	\N	0	\N
2099	306	Convention collective des cadres techniques de la presse quotidienne parisienne	1	1	\N	\N	0	\N
2100	311	Convention collective départementale de la couture de la Loire-Atlantique	1	1	\N	\N	0	\N
2101	313	Convention collective locale pour le transit des primeurs d'Afrique du Nord à Marseille (Bouches-du-Rhône)	1	1	\N	\N	0	\N
2102	314	Convention collective régionale des entreprises de vidanges du Nord Pas-de-Calais et de la Somme	1	1	\N	\N	0	\N
2103	349	Convention collective des guides interprètes de la région parisienne	1	1	\N	\N	0	\N
2104	350	Convention collective nationale des industries de la mode et de la chapellerie	1	1	\N	\N	0	\N
2105	351	Convention collective départementale des ouvriers du bâtiment et des travaux publics de la Vendée	1	1	\N	\N	0	\N
2106	352	Convention collective régionale des commerces non alimentaires du territoire de Belfort et de la région de Montbéliard	1	1	\N	\N	0	\N
2107	354	Convention collective nationale de la ganterie de peau	1	1	\N	\N	0	\N
2108	356	Convention collective régionale du notariat du Nord-Pas-de-Calais	1	1	\N	\N	0	\N
2109	357	Convention collective départementale du bâtiment de l'équipement électrique et des travaux publics de la Haute-Garonne	1	1	\N	\N	0	\N
2110	361	Convention collective des ouvriers du bâtiment du département de l'Indre	1	1	\N	\N	0	\N
2111	362	Convention collective départementale des ouvriers du bâtiment et des travaux publics du Tarn-et-Garonne	1	1	\N	\N	0	\N
2112	363	Convention collective nationale du personnel ingénieurs et cadres de l'industrie de la fabrication des ciments	1	1	\N	\N	0	\N
2113	365	Convention collective des ouvriers du bâtiment du Gers	1	1	\N	\N	0	\N
2114	367	Convention collective locale des commerces de la région lilloise (Nord)	1	1	\N	\N	0	\N
2115	369	Convention collective départementale des ouvriers du bâtiment et des travaux publics de Dordogne	1	1	\N	\N	0	\N
2116	372	Convention collective départementale des ouvriers du bâtiment et des travaux publics de l'Ariège	1	1	\N	\N	0	\N
2117	376	Convention collective locale du personnel ouvrier dans les industries de la salaison et de la morue du canton de Fécamp (Seine-Maritime)	1	1	\N	\N	0	\N
2118	377	Convention collective du commerce des villes des Bouches-du-Rhône à l'exception de Marseille	1	1	\N	\N	0	\N
2119	379	Convention collective du travail des commerces de la Martinique	1	1	\N	\N	0	\N
2120	386	Convention collective des grands magasins de Meurthe-et-Moselle	1	1	\N	\N	0	\N
2121	388	Convention collective nationale des auditoriums cinématographiques	1	1	\N	\N	0	\N
2122	390	Convention collective de travail des professeurs de l'enseignement secondaire libre enseignant dans les établissements hors contrat et dans les établissements sous contrat mais sans être contractuels	1	1	\N	\N	0	\N
2123	392	Convention collective locale de l'industrie textile de Roubaix-Tourcoing, vallée de la Lys (Nord)	1	1	\N	\N	0	\N
2124	394	Convention collective des employés de la presse quotidienne parisienne	1	1	\N	\N	0	\N
2125	398	Convention collective nationale des ouvriers du négoce des matériaux de construction	1	1	\N	\N	0	\N
2126	400	Convention collective départementale du commerce de l'habillement de la Vienne	1	1	\N	\N	0	\N
2558	1923	Convention collective de la manutention portuaire de Guadeloupe	1	1	\N	\N	0	\N
2127	403	Convention collective nationale des employés, techniciens et agents de maîtrise des entreprises de travaux publics	1	1	\N	\N	0	\N
2128	405	Convention collective nationale des établissements médico-sociaux de l'union intersyndicale des secteurs sanitaires et sociaux     (UNISSS, FFESCPE, convention de 1965, enfants, adolescents )	1	1	\N	\N	0	\N
2129	406	Convention collective des commerces de détail non alimentaires du département du Calvados, élargie au département de la Mayenne	1	1	\N	\N	0	\N
2130	409	Convention collective du bâtiment et des travaux publics de la région du Limousin	1	1	\N	\N	0	\N
2131	412	Convention collective nationale de travail des guides accompagnateurs et accompagnateurs au service des agences de voyages et de tourisme	1	1	\N	\N	0	\N
2132	413	Convention collective nationale de travail des établissements et services pour personnes inadaptées et handicapées   (convention de 1966, SNAPEI )	1	1	\N	\N	0	\N
2133	416	Convention collective départementale des ouvriers du bâtiment et des travaux publics du département des Côtes-du-Nord(Côtes d'Armor)	1	1	\N	\N	0	\N
2134	418	Convention collective nationale de la chemiserie sur mesure	1	1	\N	\N	0	\N
2135	426	Convention collective locale du personnel des cabinets d'avocats de Nantes (Loire-Atlantique)	1	1	\N	\N	0	\N
2136	427	Convention collective interrégionale de l'industrie textile d'Elbeuf Louviers et de la région (Seine-Maritime, Eure, Calvados, Eure-et-loir, Loire-Atlantique)	1	1	\N	\N	0	\N
2137	432	Convention collective des cadres des entreprises de manutention du port de Marseille	1	1	\N	\N	0	\N
2138	434	Convention collective des employés du commerce de la nouveauté et des spécialités qui s'y rattachent de la ville de Nantes (Loire-Atlantique)	1	1	\N	\N	0	\N
2139	435	Convention collective nationale des acteurs de la production cinématographique	1	1	\N	\N	0	\N
2140	436	Convention collective départementale des ouvriers du bâtiment et des travaux publics de la Charente-Maritime	1	1	\N	\N	0	\N
2141	437	Convention collective locale des cadres et agents de maîtrise du commerce de la nouveauté de Nantes (Loire-Atlantique)	1	1	\N	\N	0	\N
2142	438	Convention collective nationale de travail des échelons intermédiaires des services extérieurs de production des sociétés d'assurances	1	1	\N	\N	0	\N
2143	440	Convention collective départementale des sucreries et sucreries-distilleries de la Réunion	1	1	\N	\N	0	\N
2144	441	Convention collective locale des grands magasins à rayons multiples de Bastia (Corse)	1	1	\N	\N	0	\N
2145	447	Convention collective départementale des ouvriers du bâtiment des Pyrénées-Atlantiques	1	1	\N	\N	0	\N
2146	450	Convention collective nationale des entreprises de commerce de gros de jouets bimbeloterie bazars	1	1	\N	\N	0	\N
2147	454	Convention collective nationale des téléphériques et engins de remontées mécaniques	1	1	\N	\N	0	\N
2148	455	Convention collective de travail des commerces de détail non alimentaires de la Meuse	1	1	\N	\N	0	\N
2149	456	Convention collective départementale des ouvriers du bâtiment du Morbihan	1	1	\N	\N	0	\N
2150	468	Convention collective nationale des employés des entreprise à succursales du commerce de détail de la chaussure	1	1	\N	\N	0	\N
2151	477	Convention collective des industries de la blanchisserie, de la teinturerie et du nettoyage de Lorraine	1	1	\N	\N	0	\N
2152	478	Convention collective nationale des sociétés financières (établissements financiers)	1	1	\N	\N	0	\N
2153	483	Convention collective locale des commerces du vêtement et de la nouveauté de l'arrondissement de Valenciennes (Nord)	1	1	\N	\N	0	\N
2154	484	Convention collective interrégionale du crédit mutuel d'Alsace-Lorraine	1	1	\N	\N	0	\N
2155	486	Convention collective départementale des commerces de détail de l'habillement, des détaillants en chaussures, des magasins à rayons multiples de Saône-et-Loire	1	1	\N	\N	0	\N
2156	489	Convention collective du personnel des industries du cartonnage	1	1	\N	\N	0	\N
2157	490	Convention collective des commerces de détail alimentaires et non alimentaires des Vosges	1	1	\N	\N	0	\N
2158	493	Convention collective nationale des vins, cidres, jus de fruits, sirops, spiritueux et liqueurs de France	1	1	\N	\N	0	\N
2159	500	Convention collective nationale de travail des commerces de gros en bonneterie, lingerie, confection, mercerie, chaussures et négoces connexes	1	1	\N	\N	0	\N
2160	504	Convention collective nationale des industries alimentaires diverses(Agroalimentaire, Groupe des 5 branches)	1	1	\N	\N	0	\N
2161	506	Convention collective nationale des fabricants, importateurs et transformateurs de produits exotiques(Agroalimentaire, Groupe des 5 branches)	1	1	\N	\N	0	\N
2162	508	Convention collective régionale du personnel ouvrier d'exploitation de chauffage pour la région lyonnaise (Lyon)	1	1	\N	\N	0	\N
2163	509	Convention collective des cadres administratifs de la presse quotidienne parisienne	1	1	\N	\N	0	\N
2164	510	Convention collective locale des grands magasins de l'arrondissement d'Avesnes (Nord)	1	1	\N	\N	0	\N
2165	513	Convention collective locale des magasins populaires de l'arrondissement de Valenciennes (Nord)	1	1	\N	\N	0	\N
2166	524	Convention collective des commerces de gros de bière, des eaux minérales, des jus de fruits et boissons gazeuses de la région parisienne	1	1	\N	\N	0	\N
2167	525	Convention collective départementale des ouvriers du bâtiment de la Sarthe	1	1	\N	\N	0	\N
2168	528	Convention collective régionale des industries de la teinture nettoyage et de la blanchisserie du Nord et du Pas-de-Calais	1	1	\N	\N	0	\N
2169	530	Convention collective départementale des commerces non alimentaires des Bouches-du-Rhône	1	1	\N	\N	0	\N
2170	533	Convention collective nationale des employés, techniciens et agents de maîtrise du négoce des matériaux de construction	1	1	\N	\N	0	\N
2171	538	Convention collective nationale du personnel des entreprises de manutention ferroviaire et travaux connexes	1	1	\N	\N	0	\N
2172	539	Convention collective locale des commerces non alimentaires de Pau et d'Oloron (Pyrénées-Atlantiques)	1	1	\N	\N	0	\N
2173	541	Convention collective départementale du commerce de détail des chaussures de la Loire-Atlantique	1	1	\N	\N	0	\N
2174	547	Convention collective départementale de l'industrie hôtelière du Vaucluse	1	1	\N	\N	0	\N
2175	548	Convention collective départementale des commerces de détail non alimentaires de l'Aube	1	1	\N	\N	0	\N
2176	550	Convention collective nationale des travailleuses familiales	1	1	\N	\N	0	\N
2177	560	Convention collective départementale des commerces de l'habillement nouveautés et accessoires de la Haute-Vienne	1	1	\N	\N	0	\N
2178	562	Convention collective nationale des aides familiales rurales et du personnel de l'aide à domicile en milieu rural (ADMR)	1	1	\N	\N	0	\N
2179	564	Convention collective des hôtels cafés restaurants du département de l'Isère	1	1	\N	\N	0	\N
2180	567	Convention collective nationale de la bijouterie, joaillerie, orfèvrerie et des activités qui s'y rattachent	1	1	\N	\N	0	\N
2181	568	Convention collective locale de l'industrie hôtelière de l'arrondissement de Bayonne	1	1	\N	\N	0	\N
2182	572	Convention collective de la couture et de la haute-couture de la région Rhône-Alpes	1	1	\N	\N	0	\N
2183	573	Convention collective nationale des commerces de gros	1	1	\N	\N	0	\N
2184	575	Convention collective pour le personnel des restaurants publics(chaînes)	1	1	\N	\N	0	\N
2185	585	Convention collective départementale des ouvriers du bâtiment et des travaux publics de l'Aube	1	1	\N	\N	0	\N
2186	595	Convention collective de l'industrie des fruits confits d'Apt (Vaucluse)	1	1	\N	\N	0	\N
2187	598	Convention collective nationale de travail des ouvriers de la presse quotidienne régionale	1	1	\N	\N	0	\N
2188	599	Convention collective des ouvriers du bâtiment et des travaux publics de Meurthe-et-Moselle	1	1	\N	\N	0	\N
2189	601	Convention collective de l'industrie hôtelière  des Alpes de Haute-Provence(hôtels cafés restaurants)	1	1	\N	\N	0	\N
2190	607	Convention collective départementale pour les employés de l'industrie hôtelière de la Loire	1	1	\N	\N	0	\N
2191	614	Convention collective nationale des industries de la sérigraphie et des procédés d'impression numérique connexesAncien titre  : CCN de travail de l'industrie de la sérigraphie	1	1	\N	\N	0	\N
2192	625	Convention collective nationale des cadres et agents de maîtrise des services généraux et administratifs des théâtres cinématographiques	1	1	\N	\N	0	\N
2193	627	Convention collective départementale des employés, techniciens et agents de maîtrise du bâtiment et des travaux publics de La Réunion	1	1	\N	\N	0	\N
2194	635	Convention collective nationale du négoce en fournitures dentaires	1	1	\N	\N	0	\N
2195	637	Convention collective des industries et du commerce de la récupération (anciennement convention du syndicat des industries et commerces de la récupération et du recyclage région Nord-Pas-de-Calais, Picardie)	1	1	\N	\N	0	\N
2196	641	Convention collective du commerce des fers tubes et métaux de Nantes et sa banlieue (Loire-Atlantique)	1	1	\N	\N	0	\N
2197	642	Convention collective régionale des ouvriers des tissages de soierie du Sud-Est	1	1	\N	\N	0	\N
2198	650	Convention collective nationale des ingénieurs et cadres de la métallurgie	1	1	\N	\N	0	\N
2199	652	Convention collective nationale des cadres du négoce des matériaux de construction	1	1	\N	\N	0	\N
2200	653	Convention collective de travail des producteurs salariés de base des services extérieurs de production des sociétés d'assurances	1	1	\N	\N	0	\N
2201	654	Convention collective régionale du personnel ouvrier des entreprises de distribution de fluides thermiques, d'exploitation et de maintenance, d'installations de chauffage du groupement régional Sud-Ouest	1	1	\N	\N	0	\N
2202	655	Convention collective régionale du personnel des employés techniciens et agents de maîtrise des entreprises de distribution de fluides thermiques d'exploitation et de maintenance d'installations de chauffage Sud-Ouest	1	1	\N	\N	0	\N
2203	660	Convention collective de l'exploitation des terres réfractaires des bassins de Provins Villenauxe-la-Grande (Seine-et-Marne, Aube)	1	1	\N	\N	0	\N
2204	663	Convention collective départementale des ouvriers boulangers d'Ille-et-Vilaine(boulangerie)	1	1	\N	\N	0	\N
2205	665	Convention collective des ouvriers, employés, agents de maîtrise des entreprises de teinturerie, nettoyage à sec, pressings, blanchisseries et laveries, dépôts et activités annexes de Loire-Atlantique[élargie aux départements de Maine-et-Loire, Mayenne et Vendée](Maine-et-Loire, Mayenne, Vendée)	1	1	\N	\N	0	\N
2206	667	Convention collective départementale de l'industrie hôtelière de la Côte-d'Or	1	1	\N	\N	0	\N
2207	669	Convention collective nationale des industries de fabrication mécanique du verre	1	1	\N	\N	0	\N
2208	671	Convention collective locale des commerces de détail non alimentaires de Grenoble (Isère)	1	1	\N	\N	0	\N
2209	673	Convention collective nationale de la fourrure	1	1	\N	\N	0	\N
2210	675	Convention collective nationale des maisons à succursales de vente au détail d'habillement	1	1	\N	\N	0	\N
2211	686	Convention collective départementale des ouvriers du bâtiment des travaux publics et des industries connexes de la Guyane	1	1	\N	\N	0	\N
2212	688	Convention collective régionale pour les entreprises parisiennes de boulangerie industrielle	1	1	\N	\N	0	\N
2213	693	Convention collective de travail des employés de la presse quotidienne départementale	1	1	\N	\N	0	\N
2214	694	Convention collective locale du carénage de Saint-Nazaire et sa région (Loire-Atlantique)	1	1	\N	\N	0	\N
2215	698	Convention collective de travail des employés de la presse quotidienne régionale	1	1	\N	\N	0	\N
2216	700	Convention collective nationale des ingénieurs et cadres de la production des papiers, cartons et celluloses	1	1	\N	\N	0	\N
2217	701	Convention collective régionale du crédit mutuel de Charente-Maritime et des Deux-Sèvres et de Vendée  (Charente-Poitou, Pays-de-Loire )	1	1	\N	\N	0	\N
2218	704	Convention collective des commerces de détail non alimentaires de l'agglomération de Toulon (Var)	1	1	\N	\N	0	\N
2219	706	Convention collective nationale du personnel de la reprographie	1	1	\N	\N	0	\N
2220	707	Convention collective nationale des ingénieurs et cadres de la transformation des papiers cartons et de la pellicule cellulosique	1	1	\N	\N	0	\N
2221	711	Convention collective locale des commerces de détail non alimentaires de la communaute urbaine de Lyon (Rhône)	1	1	\N	\N	0	\N
2320	1030	Convention collective départementale de l'industrie hôtelière de la Seine-Maritime	1	1	\N	\N	0	\N
2222	712	Convention collective départementale des grands magasins, magasins populaires et grands magasins à prédominance alimentaire de la Charente-Maritime	1	1	\N	\N	0	\N
2223	713	Convention collective des surveillants personnels administratifs et de service de l'enseignement primaire privé des arrondissements de Saint-Etienne et Montbrison (Loire)	1	1	\N	\N	0	\N
2224	714	Convention collective départementale des industries du travail des métaux de la Moselle(métallurgie)	1	1	\N	\N	0	\N
2225	715	Convention collective nationale des instruments à écrire et des industries connexes	1	1	\N	\N	0	\N
2226	716	Convention collective nationale des employés et ouvriers de la distribution cinématographique	1	1	\N	\N	0	\N
2227	727	Convention collective de travail des industries de la blanchisserie de la teinturerie et du nettoyage d'Alsace	1	1	\N	\N	0	\N
2228	731	Convention collective interrégionale des commerces de quincaillerie, fournitures industrielles, fers, métaux et équipement de la maison, cadres(Ex Convention régionale Rhône-Alpes, Franche-Comté, Auvergne)	1	1	\N	\N	0	\N
2229	733	Convention collective nationale des détaillants en chaussure	1	1	\N	\N	0	\N
2230	735	Convention collective nationale du commerce des machines à coudre	1	1	\N	\N	0	\N
2231	749	Convention collective départementale des ouvriers du bâtiment et des travaux publics de la Martinique	1	1	\N	\N	0	\N
2232	751	Convention collective des cadres et agents de maîtrise des entreprises grainières et annexes de la région parisienne	1	1	\N	\N	0	\N
2233	752	Convention collective régionale des tresses rigides et élastiques de la région de Saint-Chamond et du Puy et Yssingeaux  (Loire, Haute-Loire )	1	1	\N	\N	0	\N
2234	759	Convention collective nationale des pompes funèbres	1	1	\N	\N	0	\N
2235	766	Convention collective de travail des employés de la presse hebdomadaire parisienne	1	1	\N	\N	0	\N
2236	769	Convention collective de la boucherie pour la région lyonnaise (Rhône)	1	1	\N	\N	0	\N
2237	771	Convention collective départementale des ingénieurs assimilés et cadres du bâtiment et des travaux publics de La Réunion	1	1	\N	\N	0	\N
2238	779	Convention collective de travail du personnel des voies ferrées d'intérêt local	1	1	\N	\N	0	\N
2239	780	Convention collective régionale des tailleurs sur mesure de la région parisienne	1	1	\N	\N	0	\N
2240	781	Convention collective des cadres administratifs de la presse quotidienne départementale	1	1	\N	\N	0	\N
2241	782	Convention collective départementale des commerces de détail non alimentaires de l'Oise	1	1	\N	\N	0	\N
2242	783	Convention collective des centres d'hébergement et de réadaptation sociale et dans les services d'accueil, d'orientation et d'insertion pour adultes (CHRS, SOP )	1	1	\N	\N	0	\N
2243	784	Convention collective locale du commerce de détail non alimentaire de Besançon (Doubs)	1	1	\N	\N	0	\N
2244	787	Convention collective nationale des cabinets d'experts-comptables et de commissaires aux comptes	1	1	\N	\N	0	\N
2245	793	Convention collective des ingénieurs et cadres supérieurs des industries sidérurgiques de Moselle et Meurthe-et-Moselle	1	1	\N	\N	0	\N
2246	794	Convention collective des commerces de détail non alimentaires de l'agglomération cherbourgeoise (Manche)	1	1	\N	\N	0	\N
2247	797	Convention collective des ouvriers du bâtiment du département du Loir-et-Cher	1	1	\N	\N	0	\N
2248	800	Convention collective nationale des hôtels(chaîne)	1	1	\N	\N	0	\N
2249	802	Convention collective interrégionale de la distribution des papiers et cartons, commerce de gros	1	1	\N	\N	0	\N
2250	804	Accord national interprofessionnel des voyageurs, représentants, placiers (VRP)	1	1	\N	\N	0	\N
2251	814	Convention collective de travail des commerces de détail non alimentaires de Meurthe-et-Moselle	1	1	\N	\N	0	\N
2252	816	Convention collective interrégionale du crédit mutuel de Bourgogne, Champagne-Ardenne	1	1	\N	\N	0	\N
2253	818	Convention collective locale de la réparation navale de Brest (Finistère)	1	1	\N	\N	0	\N
2254	822	Convention collective départementale applicable aux mensuels de la métallurgie de la Savoie	1	1	\N	\N	0	\N
2255	824	Convention collective interdépartementale des animateurs professionnels, conseillers d'éducation populaire	1	1	\N	\N	0	\N
2256	827	Convention collective départementale des industries métallurgiques, mécaniques et connexes des Ardennes	1	1	\N	\N	0	\N
2257	828	Convention collective départementale des industries métallurgiques, mécaniques, connexes et similaires de la Manche	1	1	\N	\N	0	\N
2258	829	Convention collective départementale des industries métallurgiques et des industries connexes du Vaucluse	1	1	\N	\N	0	\N
2259	832	Convention collective nationale du personnel ouvrier de l'industrie de la fabrication des ciments	1	1	\N	\N	0	\N
2260	833	Convention collective nationale du personnel employés, techniciens, dessinateurs et agents de maîtrise de l'industrie de la fabrication des ciments	1	1	\N	\N	0	\N
2261	836	Convention collective départementale des industries métallurgiques, mécaniques, électriques, connexes et similaires de la Haute-Savoie	1	1	\N	\N	0	\N
2262	843	Convention collective nationale de la boulangerie-pâtisserie -entreprises artisanales-	1	1	\N	\N	0	\N
2263	845	Convention collective de la boulangerie et de la boulangerie-pâtisserie de l'Indre	1	1	\N	\N	0	\N
2264	853	Convention collective départementale des industries métallurgiques et assimilés de la Vendée	1	1	\N	\N	0	\N
2265	860	Convention collective départementale de la métallurgie et des industries connexes du Finistère	1	1	\N	\N	0	\N
2266	863	Convention collective régionale des industries métallurgiques et connexes d'Ille-et-Vilaine et du Morbihan	1	1	\N	\N	0	\N
2267	871	Convention collective des hôteliers restaurateurs et débitants du Haut-Rhin	1	1	\N	\N	0	\N
2268	878	Convention collective des mensuels des industries métallurgiques du Rhône	1	1	\N	\N	0	\N
2269	881	Convention collective régionale des petits et moyens commerces de détail de Rouen et sa région -Haute-Normandie sauf le Havre-  (commerce non alimentaire )	1	1	\N	\N	0	\N
2270	887	Convention collective départementale des industries métallurgiques, mécaniques, électriques et connexes de l'Eure	1	1	\N	\N	0	\N
2556	1921	Convention collective nationale des huissiers de justice	1	1	\N	\N	0	\N
2271	889	Convention collective nationale des employés et techniciens des services généraux et administratifs de l'exploitation des théâtres cinématographiques	1	1	\N	\N	0	\N
2272	891	Convention collective départementale des pâtissiers confiseurs glaciers de Bordeaux et de la Gironde(pâtisserie)	1	1	\N	\N	0	\N
2273	892	Convention collective nationale des cadres et agents de maîtrise de la distribution de films de l'industrie cinématographique	1	1	\N	\N	0	\N
2274	894	Convention collective locale des commerces de détail non alimentaires de la ville de Rennes (Ille-et-Vilaine)	1	1	\N	\N	0	\N
2275	897	Convention collective nationale du personnel des services interentreprises de médecine du travail	1	1	\N	\N	0	\N
2276	898	Convention collective départementale des industries métallurgiques, mécaniques, électriques, connexes et similaires de l'Allier	1	1	\N	\N	0	\N
2277	899	Convention collective départementale des industries métallurgiques, mécaniques et connexes de la Marne	1	1	\N	\N	0	\N
2278	901	Convention collective départementale des ouvriers de la boulangerie de la Martinique	1	1	\N	\N	0	\N
2279	902	Convention collective départementale des industries métallurgiques et connexes de Loir-et-Cher	1	1	\N	\N	0	\N
2280	911	Convention collective départementale des industries métallurgiques, mécaniques, électriques, connexes et similaires de Seine-et-Marne	1	1	\N	\N	0	\N
2281	913	Convention collective des commerces de détail du textile nouveauté habillement et accessoires du Gard	1	1	\N	\N	0	\N
2282	914	Convention collective départementale des mensuels des industries métallurgiques de l'Ain	1	1	\N	\N	0	\N
2283	915	Convention collective nationale des entreprises d'expertises en matière d'évaluations industrielles et commerciales	1	1	\N	\N	0	\N
2284	919	Convention collective du personnel des garages de la Martinique(Automobile, commerce, réparation)	1	1	\N	\N	0	\N
2285	920	Convention collective départementale des industries métallurgiques électriques et connexes de la Vienne	1	1	\N	\N	0	\N
2286	923	Convention collective départementale de la métallurgie de la Charente-Maritime	1	1	\N	\N	0	\N
2287	925	Convention collective nationale des ingénieurs et cadres de la distribution des papiers et cartons, commerce de gros	1	1	\N	\N	0	\N
2288	930	Convention collective départementale de la métallurgie et des industries connexes de la Sarthe	1	1	\N	\N	0	\N
2289	931	Convention collective des hôteliers restaurateurs et débitants de boissons du Bas-Rhin	1	1	\N	\N	0	\N
2290	934	Convention collective départementale des industries métallurgiques mécaniques connexes et similaires de l'Indre	1	1	\N	\N	0	\N
2291	937	Convention collective régionale des industries métallurgiques mécaniques et connexes de la Haute-Vienne et de la Creuse	1	1	\N	\N	0	\N
2292	941	Convention collective des commerces non alimentaires du département de Vaucluse	1	1	\N	\N	0	\N
2293	943	Convention collective départementale des industries métallurgiques mécaniques et connexes du Calvados	1	1	\N	\N	0	\N
2294	948	Convention collective départementale des industries métallurgiques, mécaniques et connexes de l'Orne	1	1	\N	\N	0	\N
2295	953	Convention collective nationale de la charcuterie de détail	1	1	\N	\N	0	\N
2296	954	Convention collective des ouvriers des entreprises de manutention et des chantiers charbonniers des ports de Strasbourg	1	1	\N	\N	0	\N
2297	959	Convention collective nationale des laboratoires d'analyses médicales extra-hospitaliers	1	1	\N	\N	0	\N
2298	964	Convention collective nationale des transports aériens régionaux	1	1	\N	\N	0	\N
2299	965	Convention collective des industries métallurgiques et connexes du département du Var	1	1	\N	\N	0	\N
2300	966	Convention collective départementale des grands magasins et magasins de nouveauté d'Indre-et-Loire	1	1	\N	\N	0	\N
2301	968	Convention collective départementale de l'industrie hôtelière des Pyrénées-Orientales	1	1	\N	\N	0	\N
2302	972	Convention collective nationale de la parfumerie de détail et de l'esthétique	1	1	\N	\N	0	\N
2303	976	Convention collective départementale de travail des commerces de détail d'habillement et du textile de Haute-Savoie	1	1	\N	\N	0	\N
2304	979	Convention collective locale des industries métallurgiques de l'arrondissement du Havre (Seine-Maritime)	1	1	\N	\N	0	\N
2305	984	Convention collective départementale des industries métallurgiques, mécaniques et connexes d'Eure-et-Loir	1	1	\N	\N	0	\N
2306	985	Convention collective départementale du personnel de boucherie charcuterie du Haut-Rhin	1	1	\N	\N	0	\N
2307	989	Convention collective départementale du crédit mutuel du Nord	1	1	\N	\N	0	\N
2308	992	Convention collective nationale de la boucherie, boucherie-charcuterie et boucherie hippophagique, triperie, commerce de volailles et gibiers	1	1	\N	\N	0	\N
2309	993	Convention collective nationale des prothésistes dentaires et des personnels des laboratoires de prothèse dentaire	1	1	\N	\N	0	\N
2310	994	Convention collective départementale du bâtiment de la Haute-Marne	1	1	\N	\N	0	\N
2311	998	Convention collective nationale des ouvriers, employés, techniciens et agents de maîtrise de l'exploitation d'équipements thermiques et de génie climatique	1	1	\N	\N	0	\N
2312	1000	Convention collective nationale du personnel des cabinets d'avocats	1	1	\N	\N	0	\N
2313	1001	Convention collective nationale des médecins spécialistes qualifiés au regard du conseil de l'ordre travaillant dans des établissements et services pour personnes inadaptées et handicapées	1	1	\N	\N	0	\N
2314	1007	Convention collective d'arrondissement des industries métallurgiques, mécaniques, connexes et similaires de la région de Thiers (Puy-de-Dôme)	1	1	\N	\N	0	\N
2315	1014	Convention collective des sociétés d'économie mixte d'autoroutes	1	1	\N	\N	0	\N
2316	1016	Convention collective des cadres et agents de maîtrise de l'édition de musique	1	1	\N	\N	0	\N
2317	1017	Convention collective départementale de l'industrie hôtelière des Bouches-du-Rhône	1	1	\N	\N	0	\N
2318	1018	Convention collective des cadres techniques de la presse quotidienne départementale française	1	1	\N	\N	0	\N
2319	1024	Convention collective des professions de la blanchisserie de la teinturerie et du nettoyage des Bouches-du-Rhône	1	1	\N	\N	0	\N
2321	1031	Convention collective nationale de la fédération nationale des associations familiales rurales (FNAFR)	1	1	\N	\N	0	\N
2322	1042	Convention collective du travail des commerces alimentaires et non alimentaires du département du Loiret	1	1	\N	\N	0	\N
2323	1043	Convention collective nationale des gardiens, concierges et employés d'immeubles	1	1	\N	\N	0	\N
2324	1044	Convention collective nationale de l'horlogerie	1	1	\N	\N	0	\N
2325	1049	Convention collective départementale du bâtiment, des travaux publics et de toutes professions concourant à l'acte de bâtir ou d'aménager de Saint Pierre-et-Miquelon	1	1	\N	\N	0	\N
2326	1050	Convention collective départementale du commerce et des services commerciaux de Saint-Pierre-et-Miquelon	1	1	\N	\N	0	\N
2327	1057	Convention collective des consignataires de navire et manutentionnaires de la Martinique	1	1	\N	\N	0	\N
2328	1059	Convention collective régionale des industries métallurgiques, électriques, électroniques et connexes de Midi-Pyrénées   (Ariège, Aveyron, Gers, Haute-Garonne, Tarn-et-Garonne, Lot, Aude convention du 1er avril 1980 )	1	1	\N	\N	0	\N
2329	1060	Convention collective départementale de la métallurgie de la Martinique	1	1	\N	\N	0	\N
2330	1062	Convention collective des employés, techniciens et agents de maîtrise du bâtiment et des travaux publics de la région Guadeloupe	1	1	\N	\N	0	\N
2331	1069	Convention collective départementale de la répartition et des dépôts pharmaceutiques de la Martinique	1	1	\N	\N	0	\N
2332	1072	Convention collective du travail règlementant le travail de manutention dans le port de Saint Pierre (Saint-Pierre-et-Miquelon)	1	1	\N	\N	0	\N
2333	1075	Convention collective départementale des hôtels cafés restaurants de Meurthe-et-Moselle	1	1	\N	\N	0	\N
2334	1076	Convention collective locale des commerces de détail non alimentaires de la ville de Béziers (Hérault)	1	1	\N	\N	0	\N
2335	1077	Convention collective nationale entreprises du négoce et de l'industrie des produits du sol, engrais et produits connexes	1	1	\N	\N	0	\N
2336	1082	Convention collective départementale des ouvriers du bâtiment de la Mayenne-convention des entreprises adhérentes à la chambre syndicale des artisans et petites entreprise du bâtiment, CAPEB, de la Mayenne-	1	1	\N	\N	0	\N
2337	1083	Convention collective de travail des ouvriers de la presse quotidienne départementale	1	1	\N	\N	0	\N
2338	1088	Convention collective locale des commerces de détail non alimentaires de la ville de Montpellier (Hérault)	1	1	\N	\N	0	\N
2339	1090	Convention collective nationale des services de l'automobile    (commerce et réparation de l'automobile, du cycle et du motocycle, activités connexes, contrôle technique automobile, formation des conducteurs auto-écoles CNPA )	1	1	\N	\N	0	\N
2340	1113	Convention collective locale des industries de la pipe et du fume-cigarette de la région de Saint Claude (Jura)	1	1	\N	\N	0	\N
2341	1118	Convention collective interrégionale du crédit mutuel Midi-Atlantique (Aquitaine et Midi Pyrénée)	1	1	\N	\N	0	\N
2342	1119	Convention collective nationale de l'industrie de la fabrication de la chaux -personnel d'encadrement-	1	1	\N	\N	0	\N
2343	1128	Convention collective départementale de l'industrie hôtelière  de Haute-Saône(hôtels cafés restaurants)	1	1	\N	\N	0	\N
2344	1139	Convention collective des industries de la métallurgie des Pyrénées-Atlantiques et régions limitrophes	1	1	\N	\N	0	\N
2345	1140	Convention collective départementale des hôtels cafés restaurants de Saint-Pierre-et-Miquelon	1	1	\N	\N	0	\N
2346	1147	Convention collective du personnel des cabinets médicaux(médecin)	1	1	\N	\N	0	\N
2347	1159	Convention collective départementale de la métallurgie de la Nièvre	1	1	\N	\N	0	\N
2348	1161	Convention collective départementale des ouvriers du bâtiment de la Mayenne-convention des entreprises adhérentes à l'union professionnelle des entrepreneurs et artisans du bâtiment et des travaux publics de la Mayenne-	1	1	\N	\N	0	\N
2349	1164	Convention collective locale des industries métallurgiques et annexes de la région de Vimeu (Somme)	1	1	\N	\N	0	\N
2350	1170	Convention collective nationale de l'industrie des tuiles et briques(CCNTB)	1	1	\N	\N	0	\N
2351	1177	Convention collective nationale du personnel ouvrier de l'industrie de la fabrication de la chaux	1	1	\N	\N	0	\N
2352	1178	Convention collective nationale de l'industrie de la fabrication de la chaux -ETDAM : employés, techniciens, dessinateurs, agents de maîtrise-	1	1	\N	\N	0	\N
2353	1182	Convention collective nationale des personnels des ports de plaisance	1	1	\N	\N	0	\N
2354	1194	Convention collective nationale des employés de l'édition de musique	1	1	\N	\N	0	\N
2355	1195	Convention collective des hôtels cafés restaurants et discothèques du département du Puy-de-Dôme	1	1	\N	\N	0	\N
2356	1202	Convention collective du commerce de détail non alimentaire du Maine-et-Loire	1	1	\N	\N	0	\N
2357	1203	Convention collective départementale du commerce et des services de la Guadeloupe	1	1	\N	\N	0	\N
2358	1213	Convention collective régionale du crédit mutuel de Bretagne	1	1	\N	\N	0	\N
2359	1225	Convention collective départementale du commerce de la Réunion	1	1	\N	\N	0	\N
2360	1232	Convention collective départementale des hôtels de la Guadeloupe	1	1	\N	\N	0	\N
2361	1233	Convention collective départementale de la boulangerie et de la boulangerie-pâtisserie de La Réunion	1	1	\N	\N	0	\N
2362	1235	Convention collective départementale de l'industrie hôtelière des Vosges	1	1	\N	\N	0	\N
2363	1237	Convention collective nationale des centres de gestion agréés	1	1	\N	\N	0	\N
2364	1240	Convention collective des commerces de détail non alimentaires de Bourg-en-Bresse (Ain)	1	1	\N	\N	0	\N
2365	1247	Convention collective auto moto de la Réunion(auto moto)	1	1	\N	\N	0	\N
2366	1256	Convention collective nationale des cadres, ingénieurs et assimilés des entreprises de gestion d'équipements thermiques et de climatisation	1	1	\N	\N	0	\N
2367	1257	Convention collective départementale des employés, agents de maîtrise et cadres de la pharmacie d'officine de la Réunion	1	1	\N	\N	0	\N
2368	1258	Convention collective des organismes d'aide ou de maintien à domicile(convention de 1983)	1	1	\N	\N	0	\N
2369	1260	Convention collective départementale de l'industrie hôtelière du Var	1	1	\N	\N	0	\N
2370	1261	Convention collective nationale des personnels des centres sociaux et socio-culturels(SNAECSO)	1	1	\N	\N	0	\N
2371	1266	Convention collective nationale du personnel des entreprises de restauration de collectivités	1	1	\N	\N	0	\N
2372	1267	Convention collective nationale de la pâtisserie	1	1	\N	\N	0	\N
2373	1268	Convention collective du crédit mutuel de la Loire Atlantique et du Centre Ouest	1	1	\N	\N	0	\N
2374	1274	Convention collective départementale des industries métallurgiques de la Corrèze	1	1	\N	\N	0	\N
2375	1276	Convention collective du commerce de détail non alimentaire du Finistère	1	1	\N	\N	0	\N
2376	1278	Convention collective nationale des personnels PACT et ARIM (centres pour la protection l'amélioration et la conservation de l'habitat et associations pour la restauration immobilière)	1	1	\N	\N	0	\N
2377	1281	Convention collective des employés de la presse hebdomadaire régionale	1	1	\N	\N	0	\N
2378	1282	Convention collective nationale des études et des organismes professionnels des commissaires priseurs	1	1	\N	\N	0	\N
2379	1284	Convention collective départementale des hôtels cafés restaurants de la Gironde	1	1	\N	\N	0	\N
2380	1285	Convention collective nationale pour les entreprises artistiques et culturelles(SYNDEAC)	1	1	\N	\N	0	\N
2381	1286	Convention collective nationale des détaillants et détaillants-fabricants de la confiserie, chocolaterie, biscuiterie	1	1	\N	\N	0	\N
2382	1297	Convention collective de la communication et de la production audiovisuelle (secteur public)	1	1	\N	\N	0	\N
2383	1298	Convention collective locale des commerces de Cambrai et de l'arrondissement (Nord)	1	1	\N	\N	0	\N
2384	1307	Convention collective nationale de l'exploitation cinématographique	1	1	\N	\N	0	\N
2385	1311	Convention collective nationale de la restauration ferroviaire	1	1	\N	\N	0	\N
2386	1314	Convention collective nationale des maisons d'alimentation à succursales, supermarchés, hypermarchés, "gérants mandataires"(Supermarchés, hypermarchés)	1	1	\N	\N	0	\N
2387	1315	Convention collective régionale des industries métallurgiques, mécaniques et connexes de la Haute-Marne et de la Meuse	1	1	\N	\N	0	\N
2388	1316	Convention collective nationale des organismes de tourisme social et familial	1	1	\N	\N	0	\N
2389	1320	Convention collective départementale des hôtels, cafés, restaurants du Nord	1	1	\N	\N	0	\N
2390	1323	Convention collective du commerce de détail de la Moselle	1	1	\N	\N	0	\N
2391	1325	Convention collective nationale des gérants des coopératives de consommation	1	1	\N	\N	0	\N
2392	1326	Convention collective nationale des maîtres de l'enseignement primaire privé dans les classes hors contrat et sous contrat simple et ne relevant pas de la convention collective de travail de l'enseignement primaire catholique	1	1	\N	\N	0	\N
2393	1334	Convention collective des psychologues de l'enseignement privé	1	1	\N	\N	0	\N
2394	1341	Convention collective départementale des industries agroalimentaires de la Réunion	1	1	\N	\N	0	\N
2395	1343	Convention collective des commerces de détail non alimentaires du Morbihan	1	1	\N	\N	0	\N
2396	1351	Convention collective nationale des entreprises de prévention et de sécurité	1	1	\N	\N	0	\N
2397	1353	Convention collective des industries métallurgiques et connexes de la Dordogne	1	1	\N	\N	0	\N
2398	1365	Convention collective de travail des industries de transformation des métaux de Meurthe-et-Moselle(métallurgie)	1	1	\N	\N	0	\N
2399	1369	Convention collective des industries métallurgiques, électriques, électroniques et connexes de Loire-Atlantique	1	1	\N	\N	0	\N
2400	1370	Convention collective régionale du personnel des hôtels de tourisme trois et quatre étoiles luxe de Paris et départements environnants (Essonne, Hauts-de-Seine, Seine-Saint-Denis, Val-de-Marne, Val-d'Oise)	1	1	\N	\N	0	\N
2401	1375	Convention collective des industries métallurgiques, mécaniques et connexes du département du Doubs	1	1	\N	\N	0	\N
2402	1383	Convention collective interrégionale des commerces de quincaillerie, fournitures industrielles, fers, métaux et équipement de la maison, employés et personnels de maîtrise(EX Convention régionale Rhône-Alpes, Auvergne, Franche-Comté)	1	1	\N	\N	0	\N
2403	1384	Convention collective régionale des vins de Champagne	1	1	\N	\N	0	\N
2404	1385	Convention collective des commerces de détail de denrées non alimentaires des Ardennes	1	1	\N	\N	0	\N
2405	1387	Convention collective des mensuels des industries métallurgiques des Flandres	1	1	\N	\N	0	\N
2406	1388	Convention collective nationale de l'industrie du pétrole	1	1	\N	\N	0	\N
2407	1390	Convention collective des ouvriers du bâtiment de Loire-Atlantique	1	1	\N	\N	0	\N
2408	1391	Convention collective régionale concernant le personnel de l'industrie, de la manutention et du nettoyage sur les aéroports ouverts à la circulation publique de la région parisienne	1	1	\N	\N	0	\N
2409	1394	Convention collective des entreprises du commerce non alimentaire du département du Tarn	1	1	\N	\N	0	\N
2410	1396	Convention collective nationale pour les industries de produits alimentaires élaborés(anciennement convention des industries de la conserve)	1	1	\N	\N	0	\N
2411	1402	Convention collective du bâtiment et des travaux publics de Haute-Savoie	1	1	\N	\N	0	\N
2412	1404	Convention collective nationale des entreprises de commerce, de location et de réparation de tracteurs, machines et matériels agricoles, de matériels de travaux publics, de bâtiment et de manutention, de matériels de motoculture de plaisance, de jardins	1	1	\N	\N	0	\N
2413	1405	Convention collective nationale des entreprises d'expédition et d'exportation de fruits et légumes	1	1	\N	\N	0	\N
2414	1406	Convention collective du commerce de détail non alimentaire de la Gironde	1	1	\N	\N	0	\N
2415	1408	Convention collective nationale des entreprises du négoce et de distribution de combustibles solides, liquides, gazeux et produits pétroliers	1	1	\N	\N	0	\N
2416	1411	Convention collective nationale de la fabrication de l'ameublement	1	1	\N	\N	0	\N
2417	1412	Convention collective nationale des entreprises d'installation sans fabrication, y compris entretien, réparation, dépannage de matériel aéraulique, thermique, frigorifique et connexes	1	1	\N	\N	0	\N
2781	8243	Champignonnières Centre	1	1	\N	\N	0	\N
2418	1413	Accord national professionnel relatif aux salariés permanents des entreprises de travail temporaire	1	1	\N	\N	0	\N
2419	1415	Convention collective des commerces de détail non alimentaires du département de la Loire	1	1	\N	\N	0	\N
2420	1420	Convention collective nationale de travail du personnel des institutions de l'assurance-chômage (UNEDIC, ASSEDIC)	1	1	\N	\N	0	\N
2421	1423	Convention collective nationale des entreprises relevant de la navigation de plaisance (mise à jour au 1er avril 1986)	1	1	\N	\N	0	\N
2422	1424	Convention collective nationale des réseaux de transports publics urbains de voyageurs	1	1	\N	\N	0	\N
2423	1428	Convention collective nationale des établissements de suite et de réadaptation privés : médecins	1	1	\N	\N	0	\N
2424	1431	Convention collective nationale de l'optique-lunetterie de détail	1	1	\N	\N	0	\N
2425	1436	Convention collective nationale de travail en sucrerie-distillerie et raffinerie de sucre	1	1	\N	\N	0	\N
2426	1446	Convention collective nationale de travail du personnel enseignant des établissements ou des sections d'enseignement technique privés hors contrat	1	1	\N	\N	0	\N
2427	1461	Convention collective du personnel de surveillance des services auxiliaires de la manutention des ports de Marseille (Bouches-du-Rhône)	1	1	\N	\N	0	\N
2428	1465	Convention collective nationale des peintres en lettres, décorateurs et graphistes en signalisation, enseignes, publicité peinte	1	1	\N	\N	0	\N
2429	1468	Convention collective de branche du crédit mutuel	1	1	\N	\N	0	\N
2430	1470	Convention collective des industries métallurgiques, mécaniques, électriques, connexes et similaires d'Indre-et-Loire	1	1	\N	\N	0	\N
2431	1472	Convention collective départementale des industries métallurgiques du Pas-de-Calais	1	1	\N	\N	0	\N
2432	1479	Convention collective des industries métallurgiques, mécaniques connexes et similaires du département de l'Aisne	1	1	\N	\N	0	\N
2433	1480	Convention collective nationale de travail des journalistes(presse, audiovisuel)	1	1	\N	\N	0	\N
2434	1483	Convention collective nationale du commerce de détail de l'habillement et des articles textiles	1	1	\N	\N	0	\N
2435	1486	Convention collective nationale applicable au personnel des bureaux d'études techniques, des cabinets d'ingénieurs-conseils et des sociétés de conseils(BET, SYNTEC)	1	1	\N	\N	0	\N
2436	1487	Convention collective nationale du commerce de détail de l'horlogerie-bijouterie	1	1	\N	\N	0	\N
2437	1492	Convention collective nationale des ouvriers, employés, dessinateurs, techniciens et agents de maîtrise de la production des papiers, cartons et celluloses	1	1	\N	\N	0	\N
2438	1495	Convention collective nationale pour les ouvriers, employés, dessinateurs, techniciens et agents de maîtrise de la transformation des papiers, cartons et celluloses	1	1	\N	\N	0	\N
2439	1499	Convention collective nationale de la miroiterie, de la transformation et du négoce du verre	1	1	\N	\N	0	\N
2440	1501	Convention collective nationale de la restauration rapide [élargie au secteur de la restauration livrée](restauration livrée)	1	1	\N	\N	0	\N
2441	1504	Convention collective nationale de la poissonnerie(commerce de détail, de demi-gros et de gros de la poissonnerie)	1	1	\N	\N	0	\N
2442	1505	Convention collective nationale du commerce de détail de fruits et légumes, épicerie et produits laitiers	1	1	\N	\N	0	\N
2443	1511	Convention collective du personnel des entreprises membres du réseau du crédit immobilier de France	1	1	\N	\N	0	\N
2444	1512	Convention collective nationale de la promotion-construction	1	1	\N	\N	0	\N
2445	1513	Convention collective nationale des activités de production des eaux embouteillées, des boissons rafraîchissantes sans alcool et de bière	1	1	\N	\N	0	\N
2446	1516	Convention collective nationale des organismes de formation	1	1	\N	\N	0	\N
2447	1517	Convention collective nationale des commerces de détail non alimentaires : antiquités, brocante, galeries d'art , arts de la table, coutellerie, droguerie, équipement du foyer, bazars, commerces ménagers, modélisme, jeux, jouets, périnatalité et maroquin	1	1	\N	\N	0	\N
2448	1518	Convention collective nationale de l'animation  (anciennement animation socioculturelle)	1	1	\N	\N	0	\N
2449	1525	Convention collective de la métallurgie de la région dunkerquoise	1	1	\N	\N	0	\N
2450	1527	Convention collective nationale de l'immobilier(administrateurs de biens, sociétés immobilières, agents immobiliers)	1	1	\N	\N	0	\N
2451	1534	Convention collective nationale des entreprises de l'industrie et des commerces en gros des viandes	1	1	\N	\N	0	\N
2452	1536	Convention collective nationale des distributeurs conseils hors domicile (Ex-CCN entrepositaires-grossistes de bières, d'eaux minérales et de table, de boissons gazeuses ou non gazeuses... de sirops, de jus de fruits..., (Distributeurs CHD))	1	1	\N	\N	0	\N
2453	1539	Convention collective nationale des commerces de détail de papeterie, fournitures de bureau, de bureautique et informatique, et de librairie	1	1	\N	\N	0	\N
2454	1543	Convention collective nationale de la boyauderie	1	1	\N	\N	0	\N
2455	1545	Convention collective de travail de l'enseignement primaire catholique (écoles hors contrat et sous contrat simple)	1	1	\N	\N	0	\N
2456	1547	Convention collective interrégionale du crédit mutuel d'Alsace-Lorraine pour le personnel de néttoyage	1	1	\N	\N	0	\N
2457	1555	Convention collective nationale de la fabrication et du commerce des produits à usage pharmaceutique, parapharmaceutique et vétérinaire (FACOPHAR)	1	1	\N	\N	0	\N
2458	1557	Convention collective nationale du commerce des articles de sports et d'équipements de loisirs	1	1	\N	\N	0	\N
2459	1558	Convention collective nationale relative aux conditions de travail du personnel des industries céramiques de France	1	1	\N	\N	0	\N
2460	1560	Convention collective départementale des industries métallurgiques, électriques et connexes des Alpes-Maritimes	1	1	\N	\N	0	\N
2461	1561	Convention collective nationale de la cordonnerie(anciennement convention des artisans maîtres de la chaussure)	1	1	\N	\N	0	\N
2462	1563	Convention collective des cadres de la presse hebdomadaire régionale d'information	1	1	\N	\N	0	\N
2463	1564	Convention collective des industries de la métallurgie de Saône-et-Loire	1	1	\N	\N	0	\N
2782	8244	Maraîchère Indre Cher (maraîchage)	1	1	\N	\N	0	\N
2464	1565	Convention collective des services de soins infirmiers à domicile pour personnes âgées de la Guadeloupe	1	1	\N	\N	0	\N
2465	1572	Convention collective départementale de la métallurgie de la Charente	1	1	\N	\N	0	\N
2466	1573	Convention collective locale des industries métallurgiques, mécaniques et connexes de Beauvais-Clermont (Oise)	1	1	\N	\N	0	\N
2467	1576	Convention collective de travail des industries métallurgiques, mécaniques, électriques, électroniques, connexes et similaires du département du Cher	1	1	\N	\N	0	\N
2468	1577	Convention collective des industries métallurgiques, électroniques et connexes de l'Hérault, de l'Aude et des Pyrénées-Orientales	1	1	\N	\N	0	\N
2469	1578	Convention collective départementale de la métallurgie de la Loire et de l'arrondissement d'Yssingeaux	1	1	\N	\N	0	\N
2470	1580	Convention collective nationale de l'industrie de la chaussure et des articles chaussants	1	1	\N	\N	0	\N
2471	1586	Convention collective nationale de l'industrie de la salaison, charcuterie en gros et conserves de viandes (industries charcutières)	1	1	\N	\N	0	\N
2472	1588	Convention collective du personnel des sociétés coopératives d'HLM	1	1	\N	\N	0	\N
2473	1589	Convention collective nationale des mareyeurs-expéditeurs	1	1	\N	\N	0	\N
2474	1591	Convention collective nationale des cadres de l'importation charbonnière des usines d'agglomération de houille et du commerce des combustibles en gros	1	1	\N	\N	0	\N
2475	1592	Convention collective de la métallurgie du Valenciennois et du Cambrésis	1	1	\N	\N	0	\N
2476	1596	Convention collective nationale concernant les ouvriers employés par les entreprises du bâtiment visées par le décret du 1er mars 1962 -c'est-à-dire occupant jusqu'à 10 salariés-(CAPEB)	1	1	\N	\N	0	\N
2477	1597	Convention collective nationale concernant les ouvriers employés par les entreprises du bâtiment non visées par le décret 1er mars 1962 -c'est-à-dire occupant plus de 10 salariés-(FNB)	1	1	\N	\N	0	\N
2478	1598	Convention collective nationale des cabinets ou entreprises de géomètres experts, topographes, photogrammètres, experts fonciers	1	1	\N	\N	0	\N
2479	1601	Convention collective nationale de la bourse(anciennement conventions départementales des agents de change de Paris et du personnel des bourses de province)	1	1	\N	\N	0	\N
2480	1604	Convention collective des industries métallurgiques des arrondissements de Rouen et de Dieppe(Convention collective du 1er juillet 1991)	1	1	\N	\N	0	\N
2481	1605	Convention collective nationale des entreprises de désinfection, désinsectisation, dératisation (3 D, DDD)	1	1	\N	\N	0	\N
2482	1606	Convention collective nationale du bricolage (vente au détail en libre-service)	1	1	\N	\N	0	\N
2483	1607	Convention collective nationale des industries des jeux, jouets, articles de fêtes et ornements de Noël, articles de puériculture et voitures d'enfants modélisme et industries connexes	1	1	\N	\N	0	\N
2484	1611	Convention collective nationale des entreprises de logistique de publicité directe	1	1	\N	\N	0	\N
2485	1612	Convention collective nationale du personnel navigant des essais et réceptions	1	1	\N	\N	0	\N
2486	1614	Convention collective des commerces de gros, demi-gros et de détail de la quincaillerie, fers, tubes, métaux, outillage, équipements ménagers ... de l'Aisne, des Ardennes, de l'Oise et de la Somme	1	1	\N	\N	0	\N
2487	1619	Convention collective nationale des cabinets dentaires(dentistes)	1	1	\N	\N	0	\N
2488	1621	Convention collective nationale de la répartition pharmaceutique	1	1	\N	\N	0	\N
2489	1622	Convention collective nationale des employés techniciens et agents de maîtrise de l'importation charbonnière des usines d'agglomération de houille et du commerce des combustibles en gros	1	1	\N	\N	0	\N
2490	1624	Convention collective nationale des commerces de gros de la confiserie, chocolaterie, biscuiterie et alimentation fine et des négociants distributeurs de levure	1	1	\N	\N	0	\N
2491	1625	Convention collective des industries métallurgiques des Bouches-du-Rhône	1	1	\N	\N	0	\N
2492	1626	Convention collective départementale des industries métallurgiques, mécaniques, électriques, électro-céramiques et connexes des Hautes-Pyrénées	1	1	\N	\N	0	\N
2493	1627	Convention collective du travail des industries de la métallurgie et des constructions mécaniques de Clermont-Ferrand et du Puy-de-Dôme	1	1	\N	\N	0	\N
2494	1628	Convention collective de la métallurgie des Deux-Sèvres	1	1	\N	\N	0	\N
2495	1631	Convention collective nationale de l'hôtellerie de plein air   (anciennement convention départementale de l'industrie hôtelière de plein air du Var camping, HPA)	1	1	\N	\N	0	\N
2496	1634	Convention collective de la métallurgie des Côtes d'Armor	1	1	\N	\N	0	\N
2497	1635	Convention collective régionale des industries métallurgiques, mécaniques et connexes de la Gironde et des Landes	1	1	\N	\N	0	\N
2498	1638	Convention collective du département du Cher concernant les ouvriers employés par les entreprises du bâtiment visées par le décret du 1er mars 1962 - c'est-à-dire occupant jusqu'à 10 salariés-	1	1	\N	\N	0	\N
2499	1642	Convention collective du département du Cher concernant les ouvriers employés par les entreprises du bâtiment non visées par le décret du 1er mars 1962 -c'est-à-dire occupant plus de 10 salariés-	1	1	\N	\N	0	\N
2500	1643	Convention collective des blanchisseries, laveries, pressings, teintureries et activités connexes de la région Poitou-Charentes.	1	1	\N	\N	0	\N
2501	1659	Convention collective nationale du rouissage teillage du lin	1	1	\N	\N	0	\N
2502	1668	Convention collective des ouvriers du bâtiment de la région Alsace	1	1	\N	\N	0	\N
2503	1671	Convention collective nationale des maisons d'étudiants	1	1	\N	\N	0	\N
2504	1672	Convention collective nationale des sociétés d'assurances(FFSA/GEMA)	1	1	\N	\N	0	\N
2505	1675	Convention collective des ouvriers des transmissions des bureaux français des agences télégraphiques internationales(agences de presse internationales)	1	1	\N	\N	0	\N
2506	1679	Convention collective nationale de l'inspection d'assurance	1	1	\N	\N	0	\N
2507	1686	Convention collective nationale des commerces et services de l'audiovisuel, de l'électronique et de l'équipement ménager	1	1	\N	\N	0	\N
2557	1922	Convention collective nationale de la radiodiffusion [accord d'étape]	1	1	\N	\N	0	\N
2508	1689	Convention collective nationale des fabriques d'articles de papeterie et de bureau : ouvriers, employés, agents de maîtrise et cadres	1	1	\N	\N	0	\N
2509	1700	Convention collective départementale des sucreries, sucreries-distilleries et distilleries de la Guadeloupe	1	1	\N	\N	0	\N
2510	1702	Convention collective nationale des ouvriers de travaux publics	1	1	\N	\N	0	\N
2511	1710	Convention collective nationale du personnel des agences de voyages et de tourisme	1	1	\N	\N	0	\N
2512	1722	Convention collective des ouvriers du bâtiment de la région de Haute-Normandie	1	1	\N	\N	0	\N
2513	1726	Convention collective nationale des collaborateurs salariés des cabinets d'économistes de la construction et de métreurs-vérificateurs	1	1	\N	\N	0	\N
2514	1732	Convention collective des industries métallurgiques, mécaniques, électriques et connexes de l'Yonne	1	1	\N	\N	0	\N
2515	1734	Convention collective des artistes-interprètes engagés pour des émissions de télévision	1	1	\N	\N	0	\N
2516	1736	Convention collective nationale des biscotteries, biscuiteries, céréales prêtes à consommer, chocolateries, confiseries, aliments de l'enfance et de la diététique, entremets et desserts ménagers(Agroalimentaire, Groupe des 5 branches)	1	1	\N	\N	0	\N
2517	1740	Convention collective régionale des ouvriers du bâtiment de la région parisienne	1	1	\N	\N	0	\N
2518	1747	Convention collective des activités industrielles de boulangerie et de pâtisserie	1	1	\N	\N	0	\N
2519	1750	Convention collective des employés des services auxiliaires de la manutention des ports de Marseille	1	1	\N	\N	0	\N
2520	1751	Convention collective des cadres des services auxiliaires de la manutention des ports de Marseille	1	1	\N	\N	0	\N
2521	1758	Convention collective du bâtiment du département du Tarn concernant les ouvriers employés par les entreprises occupant jusqu'à 10 salariés	1	1	\N	\N	0	\N
2522	1759	Convention collective du bâtiment du département du Tarn concernant les ouvriers employés par les entreprises occupant plus de 10 salariés	1	1	\N	\N	0	\N
2523	1760	Convention collective nationale des jardineries et graineteries	1	1	\N	\N	0	\N
2524	1761	Convention collective du commerce de gros des tissus, tapis et linge de maison	1	1	\N	\N	0	\N
2525	1763	Convention collective nationale de la manutention portuaire	1	1	\N	\N	0	\N
2526	1779	Convention collective du bâtiment de la région Provence-Alpes-Côte d'Azur concernant les ouvriers employés par les entreprises occupant jusqu'à 10 salariés	1	1	\N	\N	0	\N
2527	1780	Convention collective du bâtiment de la région Provence-Alpes-Côte d'Azur concernant les ouvriers employés par les entreprises occupant plus de 10 salariés	1	1	\N	\N	0	\N
2528	1785	Convention collective régionale des ouvriers du bâtiment de la région Basse-Normandie[Attention : avenants salaires sous AIF]	1	1	\N	\N	0	\N
2529	1790	Convention collective nationale des espaces de loisirs, d'attractions et culturels(anciennement convention des parcs de loisirs et d'attractions)	1	1	\N	\N	0	\N
2530	1794	Convention collective nationale du personnel des institutions de retraites complémentaires	1	1	\N	\N	0	\N
2531	1797	Convention collective de la métallurgie de la Somme	1	1	\N	\N	0	\N
2532	1800	Convention collective nationale du personnel de la céramique d'art	1	1	\N	\N	0	\N
2533	1801	Convention collective nationale des sociétés d'assistance	1	1	\N	\N	0	\N
2534	1809	Convention collective des industries métallurgiques, mécaniques, similaires et connexes du Jura	1	1	\N	\N	0	\N
2535	1810	Convention collective nationale des entreprises de propreté(anciennement convention des personnels de nettoyage de locaux)	1	1	\N	\N	0	\N
2536	1813	Convention collective de travail des industries de la transformation des métaux de la région de Maubeuge    (applicable aux personnels ouvriers, employés, techniciens et agents de maîtrise métallurgie )	1	1	\N	\N	0	\N
2537	1816	Convention collective nationale des ouvriers de l'importation charbonnière maritime et des usines d'agglomération de houille du littoral	1	1	\N	\N	0	\N
2538	1821	Convention collective nationale de la fabrication du verre à la main semi-automatique et mixte	1	1	\N	\N	0	\N
2539	1841	Convention collective régionale des employés, techniciens et agents de maîtrise du bâtiment de la région parisienne	1	1	\N	\N	0	\N
2540	1843	Convention collective régionale des ingénieurs, assimilés et cadres du bâtiment de la région parisienne	1	1	\N	\N	0	\N
2541	1850	Convention collective de l'avocat salarié(cabinets d'avocats : avocat salarié)	1	1	\N	\N	0	\N
2542	1867	Convention collective de la métallurgie de la Drôme-Ardèche	1	1	\N	\N	0	\N
2543	1871	Convention collective nationale des employés de la presse d'information spécialisée	1	1	\N	\N	0	\N
2544	1874	Convention collective nationale des cadres, techniciens et agents de maîtrise de la presse d'information spécialisée	1	1	\N	\N	0	\N
2545	1875	Convention collective nationale des cabinets et cliniques vétérinaires : personnel salarié	1	1	\N	\N	0	\N
2546	1880	Convention collective nationale du négoce de l'ameublement	1	1	\N	\N	0	\N
2547	1885	Convention collective des industries métallurgiques, mécaniques, électriques et connexes du département de la Côte-d'Or	1	1	\N	\N	0	\N
2548	1886	Convention collective départementale des ouvriers du bâtiment de la Loire	1	1	\N	\N	0	\N
2549	1888	Convention collective départementale des ouvriers des travaux publics de la Loire	1	1	\N	\N	0	\N
2550	1895	Convention collective de l'encadrement de la presse quotidienne régionale	1	1	\N	\N	0	\N
2551	1902	Convention collective des industries métallurgiques, mécaniques, électriques, électroniques connexes et similaires du Maine-et-Loire	1	1	\N	\N	0	\N
2552	1903	Convention collective du personnel d'encadrement des agences de presse	1	1	\N	\N	0	\N
2553	1909	Convention collective nationale des organismes de tourisme(anciennement convention des organismes de tourisme à but non lucratif)	1	1	\N	\N	0	\N
2554	1911	Convention collective de travail du groupement national interprofessionnel des semences graines et plants (GNIS)	1	1	\N	\N	0	\N
2555	1912	Convention collective des industries de la métallurgie du Haut-Rhin	1	1	\N	\N	0	\N
2559	1930	Convention collective nationale de la meunerie	1	1	\N	\N	0	\N
2560	1937	Convention collective de l'audio-vidéo informatique(fabrication de programmes vidéo informatiques, reproduction d'enregistrement vidéo et prestation de régie de diffusion et de télécommunications)	1	1	\N	\N	0	\N
2561	1938	Convention collective nationale des industries de la transformation des volailles (anciennement CCN des abattoirs, ateliers de découpe et centres de conditionnement de volailles plus anciennement industrie et commerce de gros de volailles)	1	1	\N	\N	0	\N
2562	1941	Convention collective nationale de l'industrie des glaces, sorbets et crèmes glacées(Agroalimentaire, Groupe des 5 branches)	1	1	\N	\N	0	\N
2563	1942	Convention collective nationale de l'industrie de production des textiles artificiels et synthétiques et produits assimilés	1	1	\N	\N	0	\N
2564	1944	Convention collective nationale du personnel navigant technique des exploitants d'hélicoptères	1	1	\N	\N	0	\N
2565	1945	Convention collective nationale du vitrail	1	1	\N	\N	0	\N
2566	1947	Convention collective nationale du négoce de bois d'oeuvre et produits dérivés	1	1	\N	\N	0	\N
2567	1960	Convention collective des industries métallurgiques, mécaniques et connexes  du Lot-et-Garonne	1	1	\N	\N	0	\N
2568	1961	Convention collective pour les stations-service en Guadeloupe	1	1	\N	\N	0	\N
2569	1966	Convention collective des industries métallurgiques du Loiret	1	1	\N	\N	0	\N
2570	1967	Convention collective départementale de l'industrie des métaux du Bas-Rhin (métallurgie)	1	1	\N	\N	0	\N
2571	1970	Convention collective des commerces de détail non alimentaires des départements du Bas-Rhin et du Haut-Rhin	1	1	\N	\N	0	\N
2572	1972	Convention collective des employés de la presse magazine et d'information (Presse périodiques employés)	1	1	\N	\N	0	\N
2573	1973	Convention collective des ouvriers, employés et agents de maîtrise des entreprises de teinturerie, nettoyage à sec, pressing, blanchisserie, laveries, location de linge, dépôt et activités annexes de Normandie	1	1	\N	\N	0	\N
2574	1974	Convention collective nationale du personnel des entreprises de transport de passagers en navigation intérieure	1	1	\N	\N	0	\N
2575	1976	Convention collective nationale du routage de messageries d'abonnements de périodiques	1	1	\N	\N	0	\N
2576	1978	Convention collective nationale des fleuristes, de la vente et des services des animaux familiers	1	1	\N	\N	0	\N
2577	1979	Convention collective nationale des hôtels, cafés, restaurants (HCR)	1	1	\N	\N	0	\N
2578	1980	Convention collective des commissionnaires en douane et agents auxiliaires de la Martinique	1	1	\N	\N	0	\N
2579	1982	Convention collective nationale du négoce et prestations de services dans les domaines médico-techniques	1	1	\N	\N	0	\N
2580	1987	Convention collective nationale des pâtes alimentaires sèches et du couscous non préparé	1	1	\N	\N	0	\N
2581	1991	Convention collective des industries de la blanchisserie, de la teinturerie et du nettoyage à sec d'Alsace	1	1	\N	\N	0	\N
2582	1996	Convention collective nationale de la pharmacie d'officine	1	1	\N	\N	0	\N
2583	2002	Convention collective interrégionale de la blanchisserie, laverie, location de linge, nettoyage à sec, pressing et teinturerie	1	1	\N	\N	0	\N
2584	2003	Convention collective des industries métallurgiques, électriques, électroniques et connexes du département des Vosges	1	1	\N	\N	0	\N
2585	2014	Convention collective nationale de travail des employés des agences de presse	1	1	\N	\N	0	\N
2586	2018	Convention collective des cadres de la presse magazine et d'information(Presse hebdomadaire périodique cadres)	1	1	\N	\N	0	\N
2587	2021	Convention collective nationale du golf	1	1	\N	\N	0	\N
2588	2022	Convention collective des organismes associatifs d'enseignement, de formation musicale et chorégraphique (Rhône-Alpes)	1	1	\N	\N	0	\N
2589	2025	Convention collective régionale du travail des activités minières de Guyane	1	1	\N	\N	0	\N
2590	2032	Convention collective du département de l'Isère concernant les ouvriers employés par les entreprises du bâtiment occupant jusqu'à 10 salariés	1	1	\N	\N	0	\N
2591	2033	Convention collective du département de l'Isère concernant les ouvriers employés par les entreprises du bâtiment occupant plus de 10 salariés	1	1	\N	\N	0	\N
2592	2034	Convention collective du département de l'Isère concernant les ouvriers employés par les entreprises de travaux publics	1	1	\N	\N	0	\N
2593	2046	Convention collective nationale des centres de lutte contre le cancer(personnel non médical)(convention du 01/01/1999)	1	1	\N	\N	0	\N
2594	2054	Convention collective des industries métallurgiques, mécaniques et connexes de la vallée de l'Oise	1	1	\N	\N	0	\N
2595	2060	Convention collective nationale des chaînes de cafétérias et assimilés	1	1	\N	\N	0	\N
2596	2064	Convention collective nationale des laboratoires cinématographiques et du sous-titrage	1	1	\N	\N	0	\N
2597	2070	Convention collective relative au statut des personnels des organismes de développement économique	1	1	\N	\N	0	\N
2598	2075	Convention collective nationale des centres immatriculés de conditionnement, de commercialisation et de transformation des oeufs et des industries en produits d'oeufs	1	1	\N	\N	0	\N
2599	2089	Convention collective nationale de l'industrie des panneaux à base de bois	1	1	\N	\N	0	\N
2600	2098	Convention collective nationale du personnel des prestataires de services dans le domaine du secteur tertiaire	1	1	\N	\N	0	\N
2601	2101	Convention collective nationale de l'enseignement privé à distance	1	1	\N	\N	0	\N
2602	2104	Convention collective nationale du thermalisme	1	1	\N	\N	0	\N
2603	2108	Convention collective de la boulangerie et de la boulangerie-pâtisserie de Seine-Maritime	1	1	\N	\N	0	\N
2604	2111	Convention collective nationale des salariés du particulier employeur(anciennement convention de travail du personnel employé de maison)	1	1	\N	\N	0	\N
2605	2120	Convention collective de la banque	1	1	\N	\N	0	\N
2606	2121	Convention collective nationale de l'édition	1	1	\N	\N	0	\N
2607	2126	Convention collective de la métallurgie de Nîmes [négociations prévues pr élargir la CC à la Lozère : accord de méthode du 24/11/2003][à partir de février 2005, intégration de la CC métallurgie Alès](Gard)	1	1	\N	\N	0	\N
2608	2128	Convention collective nationale de la mutualité(anciennement convention du personnel des organismes mutualistes représentés au comité d'entente)	1	1	\N	\N	0	\N
2609	2132	Convention collective nationale relative aux régies de quartier et comité national de liaison des régies de quartier (CNLRQ)	1	1	\N	\N	0	\N
2610	2145	Convention collective régionale des ouvriers du bâtiment de la région Corse	1	1	\N	\N	0	\N
2611	2147	Convention collective des entreprises des services d'eau et d'assainissement(Ex convention des entreprises qui, en gérance, en concession ou en affermage assurent l'exploitation, le service, le pompage, le traitement et la distribution d'eau à usage publ	1	1	\N	\N	0	\N
2612	2148	Convention collective nationale des télécommunications	1	1	\N	\N	0	\N
2613	2149	Convention collective nationale des activités du déchet(Anciennement convention des entreprises de nettoiement, d'enlèvement et de traitement des ordures ménagères)	1	1	\N	\N	0	\N
2614	2152	Convention collective nationale de travail du personnel enseignant et formateur des centres de formation continue et des centres de formation d'apprentis, des sections d'apprentissage et des unités de formation par apprentissage intégrés à un établisseme	1	1	\N	\N	0	\N
2615	2156	Convention collective nationale des grands magasins et des magasins populaires	1	1	\N	\N	0	\N
2616	2162	Convention collective nationale des professions de la photographie	1	1	\N	\N	0	\N
2617	2163	Convention collective nationale des écoles supérieures d'ingénieurs et de cadres(FESIC)	1	1	\N	\N	0	\N
2618	2174	Convention collective nationale du personnel sédentaire des entreprises de transports de marchandises de la navigation intérieure	1	1	\N	\N	0	\N
2619	2190	Convention collective nationale des missions locales et des permanences d'accueil et d'orientation (PAIO)	1	1	\N	\N	0	\N
2620	2194	Convention collective régionale des ouvriers employés par les entreprises du bâtiment occupant jusqu'à dix salariés, région Aquitaine	1	1	\N	\N	0	\N
2621	2195	Convention collective régionale des ouvriers employés par les entreprises du bâtiment occupant plus de dix salariés, région Aquitaine	1	1	\N	\N	0	\N
2622	2198	Convention collective nationale des entreprises de vente à distance ((ancien intitulé : convention collective des entreprises de vente par catalogue du Nord et de l'Est de la France [av n°2 du 09/11/2004]),VPC VAD)	1	1	\N	\N	0	\N
2623	2205	Convention collective du notariat (notaires)	1	1	\N	\N	0	\N
2624	2216	Convention collective nationale du commerce de détail et de gros à prédominance alimentaire(anciennement conventions du commerce à prédominance alimentaire et des entrepôts d'alimentation, supérettes, supermarchés, hypermarchés)	1	1	\N	\N	0	\N
2625	2219	Convention collective des taxis parisiens salariés	1	1	\N	\N	0	\N
2626	2221	Convention collective des mensuels des industries des métaux de l'Isère et des Hautes-Alpes(métallurgie)	1	1	\N	\N	0	\N
2627	2230	Convention collective nationale des associations agréées de surveillance de la qualité de l'air	1	1	\N	\N	0	\N
2628	2247	Convention collective des entreprises de courtage d'assurances et/ou de réassurances	1	1	\N	\N	0	\N
2629	2257	Convention collective nationale des casinos	1	1	\N	\N	0	\N
2630	2264	Convention collective de l'hospitalisation privée     (CCU, FHP, établissements pour personnes âgées, maison de retraite,  Ex conventions des établissements : de suite et réadaptation, médicaux pour enfants et adolescents, sanitaires et sociaux UHP, sanitaires sociaux et médico-sociaux CRRR, hospitalisation privé à but lucratif FIEHP )	1	1	\N	\N	0	\N
2631	2266	Convention collective des industries métallurgiques, mécaniques, électriques, connexes et similaires de la Mayenne	1	1	\N	\N	0	\N
2632	2267	Convention collective des ouvriers du bâtiment de la région Languedoc-Roussillon	1	1	\N	\N	0	\N
2633	2270	Convention collective nationale des universités et instituts catholiques de France	1	1	\N	\N	0	\N
2634	2272	Convention collective nationale de l'assainissement et de la maintenance industrielle (déchets liquides)	1	1	\N	\N	0	\N
2635	2281	Convention collective des chefs d'établissement directeurs d'école de l'enseignement catholique	1	1	\N	\N	0	\N
2636	2294	Convention collective des industries et métiers de la métallurgie de l'Aube	1	1	\N	\N	0	\N
2637	2304	Convention collective de mensualisation dans les entreprises de manutention du port de Dunkerque et mesures sociales d'accompagnement	1	1	\N	\N	0	\N
2638	2306	Convention collective nationale de l'union des chambres syndicales des métiers du verre(remplace les conventions de la taille, bouchage et décoration de verrerie, du commerce de flaconnage et de la verrerie à la main travaillée au chalumeau)	1	1	\N	\N	0	\N
2639	2310	Convention collective régissant les rapports entre les entrepreneurs de spectacles et les artistes dramatiques, lyriques, chorégraphiques, marionnettistes de variétés et musiciens en tournées	1	1	\N	\N	0	\N
2640	2316	Convention collective nationale des centres de gestion agréés et habilités	1	1	\N	\N	0	\N
2641	2322	Convention collective chansons, variétés, jazz, musiques actuelles	1	1	\N	\N	0	\N
2642	2328	Convention collective des ouvriers du bâtiment et des travaux publics de la Guadeloupe et dépendances	1	1	\N	\N	0	\N
2643	2329	Accord professionnel national de travail entre les avocats au Conseil d'Etat et à la Cour de Cassation et leur personnel salarié -non avocat-	1	1	\N	\N	0	\N
2644	2332	Convention collective nationale des entreprises d'architecture(anciennement convention des cabinets d'architectes)	1	1	\N	\N	0	\N
2645	2335	Convention collective nationale du personnel des agences générales d'assurances	1	1	\N	\N	0	\N
2646	2336	Convention collective nationale des organismes gestionnaires de foyers et services pour jeunes travailleurs	1	1	\N	\N	0	\N
2647	2344	Convention collective de la sidérurgie(Elle se substitue aux conventions de la sidérurgie du Nord, de Moselle et de Meurthe-et-Moselle)	1	1	\N	\N	0	\N
2648	2345	Convention collective régionale du transport sanitaire en Martinique[Titre du texte :Accord régional Aménagement et réduction du temps de travail dans les entreprises de transport sanitaire en Martinique]	1	1	\N	\N	0	\N
2649	2354	Convention collective départementale des ouvriers du bâtiment de la Savoie	1	1	\N	\N	0	\N
2650	2360	Convention collective régionale des services de l'automobile de la Guyane	1	1	\N	\N	0	\N
2651	2372	Convention collective nationale des entreprises de la distribution directe	1	1	\N	\N	0	\N
2652	2378	Accords nationaux professionnels concernant le personnel intérimaire des entreprises de travail temporaire	1	1	\N	\N	0	\N
2653	2389	Convention collective des ouvriers du bâtiment et des travaux publics région de La Réunion	1	1	\N	\N	0	\N
2654	2395	Convention collective nationale de travail des assistants maternels du particulier employeur	1	1	\N	\N	0	\N
2655	2397	Convention collective des mannequins adultes et des mannequins enfants de moins de seize ans employés par les agences de mannequins	1	1	\N	\N	0	\N
2656	2405	Convention collective départementale des établissements d'hospitalisation privée de la Guadeloupe du 1er avril 2003	1	1	\N	\N	0	\N
2657	2408	Convention collective de travail des personnels des services administratifs et économiques, des personnels d'éducation et des documentalistes des établissements d'enseignement privés	1	1	\N	\N	0	\N
2658	2409	Convention collective nationale des cadres des travaux publics du 1er juin 2004	1	1	\N	\N	0	\N
2659	2410	Convention collective nationale des biscotteries, biscuiteries, céréales prêtes à consommer ou à préparer, chocolateries, confiseries, aliments de l'enfance et de la diététiques, préparation pour entremets et desserts ménagers(Alliance 7)	1	1	\N	\N	0	\N
2660	2411	Convention collective nationale des chaînes thématiques	1	1	\N	\N	0	\N
2661	2412	Convention collective de la production de films d'animation	1	1	\N	\N	0	\N
2662	2420	Convention collective nationale des cadres du bâtiment du 1er juin 2004	1	1	\N	\N	0	\N
2663	2450	Convention collective du Crédit mutuel centre Est Europe - Sud Est	1	1	\N	\N	0	\N
2664	2480	Convention collective de la manutention portuaire du port de Fort-de-France du 4 juillet 2003	1	1	\N	\N	0	\N
2665	2489	Convention collective des industries métallurgiques et assimilées de la Vendée	1	1	\N	\N	0	\N
2666	2493	Convention collective nationale de la coiffure et des professions connexes	1	1	\N	\N	0	\N
2667	2494	Convention collective nationale de la coopération maritime (salariés non navigants, cadres et non cadres)	1	1	\N	\N	0	\N
2668	2505	Convention collective du Crédit mutuel d'Anjou, complétée par l'accord d'application du 22 décembre 1990	1	1	\N	\N	0	\N
2669	2507	Convention collective nationale des personnels des structures associatives cynégétiques	1	1	\N	\N	0	\N
2670	2519	Convention collective nationale des employés, techniciens et agents de maîtrise (E.T.A.M.) des entreprises de l'association syndicale des propriétaires exploitants de chapiteaux.(chapiteaux propriétaires exploitants etam )	1	1	\N	\N	0	\N
2671	2526	Convention collective nationale des organisations professionnelles de l'habitat social	1	1	\N	\N	0	\N
2672	2528	Convention collective nationale de travail des industries de la maroquinerie, articles de voyage, chasse sellerie, gainerie, bracelets en cuir(maroquinerie, articles de voyage, chasse sellerie, gainerie, bracelets en cuir)	1	1	\N	\N	0	\N
2673	2535	Convention collective dans la culture de la canne à sucre	1	1	\N	\N	0	\N
2674	5001	Statut des industries électriques et gazières (EDF)	1	1	\N	\N	0	\N
2675	5002	Statut du Mineur	1	1	\N	\N	0	\N
2676	5003	Statut de la Fonction publique	1	1	\N	\N	0	\N
2677	5004	Statut des EPAVN Villes nouvelles	1	1	\N	\N	0	\N
2678	5005	Statut des caisses d'épargne	1	1	\N	\N	0	\N
2679	5006	Statut et conventions des OPAC (93 852)	1	1	\N	\N	0	\N
2680	5008	Statut de la Banque de France	1	1	\N	\N	0	\N
2681	5010	Statut des Chambres des métiers	1	1	\N	\N	0	\N
2682	5011	Statut de l'Aéroport de Paris (aéroports)	1	1	\N	\N	0	\N
2683	5012	Statut des chemins de fer (SNCF, RFF)	1	1	\N	\N	0	\N
2684	5013	Statut d'Air France (transports aériens)	1	1	\N	\N	0	\N
2685	5014	Statut de la RATP (Régie autonome des transports parisiens)	1	1	\N	\N	0	\N
2686	5015	Statut du CNRS (Centre national de la recherche scientifique)	1	1	\N	\N	0	\N
2687	5017	Statut du personnel laïc de l'église de France	1	1	\N	\N	0	\N
2688	5018	Statut des Chambres de commerce et d'industrie (CCI)	1	1	\N	\N	0	\N
2689	5019	Statut des Chambres d'agriculture	1	1	\N	\N	0	\N
2690	5020	Statut de la SNCM	1	1	\N	\N	0	\N
2691	5021	Statut de la Fonction publique territoriale	1	1	\N	\N	0	\N
2692	5022	Statut de la Fonction publique hospitalière (hopitaux)	1	1	\N	\N	0	\N
2693	5100	Statut non identifié	1	1	\N	\N	0	\N
2694	5501	Convention collective d'entreprise indépendante non identifiée	1	1	\N	\N	0	\N
2695	5502	Convention collective d'entreprise de la Croix Rouge	1	1	\N	\N	0	\N
2696	5503	Convention collective d'entreprise ALTADIS anciennement SEITA (tabacs et allumettes)	1	1	\N	\N	0	\N
2697	5505	Convention collective d'entreprise CEA (commissariat à l'énergie atomique)	1	1	\N	\N	0	\N
2698	5506	Convention collective d'entreprise Crédit Agricole SA	1	1	\N	\N	0	\N
2699	5507	Convention collective nationale des administratifs du foot ball (football)	1	1	\N	\N	0	\N
2700	5509	Convention collective d'entreprise du pari mutuel urbain (PMU)	1	1	\N	\N	0	\N
2701	5511	Convention collective nationale du crédit maritime mutuel	1	1	\N	\N	0	\N
2702	5512	Accords des centres de soins UNACSS	1	1	\N	\N	0	\N
2703	5513	Convention collective d'entreprise de l'IFREMER (recherche en mer)	1	1	\N	\N	0	\N
2704	5514	Convention collective d'entreprise Crédit Foncier	1	1	\N	\N	0	\N
2705	5516	Convention collective d'entreprise La Poste - France Télécom	1	1	\N	\N	0	\N
2706	5519	Convention collective nationale des salariés des sociétés de secours minières (SSM)	1	1	\N	\N	0	\N
2707	5520	Convention collective nationale des officiers de la marine marchande	1	1	\N	\N	0	\N
2708	5521	Convention collective nationale du personnel navigant d'exécution de la marine marchande	1	1	\N	\N	0	\N
2709	5522	Convention collective d'entreprise Etablissement français du sang	1	1	\N	\N	0	\N
2710	5524	Convention collective d'entreprise France Terre d'asile	1	1	\N	\N	0	\N
2711	5526	Convention collective nationale charte des professionnels du foot ball (football)	1	1	\N	\N	0	\N
2712	5527	Convention collective nationale des cadres des sociétés de secours minières (SSM)	1	1	\N	\N	0	\N
2713	5530	Convention collective d'entreprise de la Sonacotra	1	1	\N	\N	0	\N
2714	5531	Convention collective d'entreprise de Syngenta seeds	1	1	\N	\N	0	\N
2715	5532	Convention collective d'entreprise de l'INRS	1	1	\N	\N	0	\N
2716	5533	Convention collective d'entreprise du comité d'entreprise SNCF	1	1	\N	\N	0	\N
2717	5534	Convention collective d'entreprise des wagons lits	1	1	\N	\N	0	\N
2718	5535	Convention collective nationale des médecins généralistes des sociétés de secours minières (SSM)	1	1	\N	\N	0	\N
2719	5536	Convention collective nationale des pharmaciens des sociétés de secours minières (SSM)	1	1	\N	\N	0	\N
2720	5537	Convention collective nationale des dentistes des sociétés de secours minières (SSM)	1	1	\N	\N	0	\N
2721	5538	Convention collective nationale des médecins spécialistes des sociétés de secours minières (SSM)	1	1	\N	\N	0	\N
2722	5539	Convention collective d'entreprise AFPA (formation permanente)	1	1	\N	\N	0	\N
2723	5540	Convention collective nationale Charte du foot ball indépendant (football)	1	1	\N	\N	0	\N
2724	5541	Convention collective nationale du rugby professionnel	1	1	\N	\N	0	\N
2725	5542	Convention collective nationale du basket ball professionnel	1	1	\N	\N	0	\N
2726	7001	Coopératives et sociétés d'intérêt collectif agricole (SICA) bétail et viandes	1	1	\N	\N	0	\N
2727	7002	Coopératives et sociétés d'intérêt collectif agricole céréales meunerie oléagineux  (5 branches)	1	1	\N	\N	0	\N
2728	7003	Coopératives et sociétés d'intérêt collectif agricole (SICA) conserves	1	1	\N	\N	0	\N
2729	7004	Coopératives et sociétés d'intérêt collectif agricole (SICA) laitières	1	1	\N	\N	0	\N
2730	7005	Caves coopératives vinicoles	1	1	\N	\N	0	\N
2731	7006	Coopératives et sociétés d'intérêt collectif agricole (SICA) fleurs fruits légumes	1	1	\N	\N	0	\N
2732	7007	Coopératives et sociétés d'intérêt collectif agricole (SICA) teillage de lin	1	1	\N	\N	0	\N
2733	7008	Organismes de contrôle laitier	1	1	\N	\N	0	\N
2734	7009	Accouvage et sélection avicoles	1	1	\N	\N	0	\N
2735	7011	Paysagistes cadres (paysage)	1	1	\N	\N	0	\N
2736	7012	Centres équestres (cheval)	1	1	\N	\N	0	\N
2737	7013	Entraînement chevaux de courses au trot (cheval)	1	1	\N	\N	0	\N
2738	7014	Entraînement chevaux de courses au galop (cheval)	1	1	\N	\N	0	\N
2739	7015	Gardes chasse et gardes pêche particuliers	1	1	\N	\N	0	\N
2740	7016	Jardiniers et jardiniers gardiens	1	1	\N	\N	0	\N
2741	7017	Parcs et jardins zoologiques	1	1	\N	\N	0	\N
2742	7018	Paysagistes non cadres (paysage)	1	1	\N	\N	0	\N
2743	7019	Conchyliculture	1	1	\N	\N	0	\N
2744	7020	Centres de gestion agréés et habilités agricoles	1	1	\N	\N	0	\N
2745	7501	Crédit agricole	1	1	\N	\N	0	\N
2746	7502	Mutualité sociale agricole (MSA)	1	1	\N	\N	0	\N
2747	7503	Distilleries coopératives viticoles	1	1	\N	\N	0	\N
2748	7504	Centres d'insémination artificielle animale	1	1	\N	\N	0	\N
2749	7505	Enseignement agricole privé personnel de formation	1	1	\N	\N	0	\N
2750	7506	Enseignement agricole privé vie scolaire	1	1	\N	\N	0	\N
2751	7507	Enseignement agricole privé administratif technique	1	1	\N	\N	0	\N
2752	7508	Maisons familiales rurales (enseignement, MFR)	1	1	\N	\N	0	\N
2753	7509	Groupement des organismes de formation et de promotion agricole (GOFPA, enseignement privé laïc)	1	1	\N	\N	0	\N
2754	7510	Personnel des associations départementales d'aménagement des structures des exploitations agricoles (ADASEA)	1	1	\N	\N	0	\N
2755	7511	Personnel des associations de salariés de l'agriculture pour la vulgarisation du progrès agricole (ASAVPA)	1	1	\N	\N	0	\N
2756	7513	Centres initiatives en milieu rural	1	1	\N	\N	0	\N
2757	7514	Organismes de la Confédération nationale des syndicats de travailleurs paysans (CNSTP)	1	1	\N	\N	0	\N
2758	7515	Société d'aménagement foncier et d'établissement rural (SAFER)	1	1	\N	\N	0	\N
2759	7516	Organismes de contrôle laitier directeurs	1	1	\N	\N	0	\N
2760	7517	Exploitations agricoles cadres	1	1	\N	\N	0	\N
2761	7518	Exploitations forestières cadres (forêt, bois)	1	1	\N	\N	0	\N
2762	7519	Coopératives agricoles cadres dirigeants	1	1	\N	\N	0	\N
2763	7520	Etablissements laïcs d'enseignement privé agricole (GOFPA)	1	1	\N	\N	0	\N
2764	8112	Polyculture Île-de-France exécution	1	1	\N	\N	0	\N
2765	8113	Maraîchère Île-de-France (maraîchage)	1	1	\N	\N	0	\N
2766	8114	Champignonnières Île-de-France	1	1	\N	\N	0	\N
2767	8115	Hipprodromes Ile-de-France et Cabourg, Caen, Chantilly, Deauville (cheval)	1	1	\N	\N	0	\N
2768	8116	Polyculture Île-de-France cadres	1	1	\N	\N	0	\N
2769	8211	Exploitations forestières Champagne Ardenne (forêt, bois)	1	1	\N	\N	0	\N
2770	8212	Scieries Champagne Ardenne (forêt, bois)	1	1	\N	\N	0	\N
2771	8213	Exploitations sylvicoles Marne Haute Marne	1	1	\N	\N	0	\N
2772	8214	Entreprises de travaux agricoles et ruraux (ETAR) Aube Marne Polyculture horticulture pépinières maraîchage Marne	1	1	\N	\N	0	\N
2773	8215	Déshydratation Champagne Ardenne	1	1	\N	\N	0	\N
2774	8216	Viticulture Champagne	1	1	\N	\N	0	\N
2775	8221	Champignonnistes Oise Aisne	1	1	\N	\N	0	\N
2776	8231	Exploitations forestières Haute Normandie (forêt, bois)	1	1	\N	\N	0	\N
2777	8233	Entreprises de travaux agricoles et ruraux (ETAR) Haute Normandie	1	1	\N	\N	0	\N
2778	8234	Horticulture Haute Normandie	1	1	\N	\N	0	\N
2779	8235	Pépiniéristes Haute Normandie	1	1	\N	\N	0	\N
2780	8241	Exploitations forestières scieries Centre (forêt, bois)	1	1	\N	\N	0	\N
2783	8251	Exploitations forestières scieries Basse Normandie sylviculture de l'Orne (forêt, bois)	1	1	\N	\N	0	\N
2784	8252	Travaux agricoles Basse Normandie	1	1	\N	\N	0	\N
2785	8262	0	1	1	\N	\N	0	\N
2786	8313	Entreprises de travaux agricoles et ruraux (ETAR) Nord Pas de Calais	1	1	\N	\N	0	\N
2787	8411	Exploitations forestières Meurthe et Moselle Vosges (forêt, bois)	1	1	\N	\N	0	\N
2788	8412	Scieries agricoles Alsace Lorraine (forêt, bois)	1	1	\N	\N	0	\N
2789	8414	Maraîchère Meurthe et Moselle Moselle	1	1	\N	\N	0	\N
2790	8421	Exploitations forestières Alsace (forêt, bois)	1	1	\N	\N	0	\N
2791	8422	Polyculture Alsace	1	1	\N	\N	0	\N
2792	8423	Horticulture Alsace	1	1	\N	\N	0	\N
2793	8424	Pépiniéristes Alsace	1	1	\N	\N	0	\N
2794	8431	Exploitations forestières Doubs Jura (forêt, bois)	1	1	\N	\N	0	\N
2795	8432	Scieries agricoles Franche Comté (forêt, bois)	1	1	\N	\N	0	\N
2796	8433	Horticulture Franche Comté	1	1	\N	\N	0	\N
2797	8434	Culture Coopérative d'utilisation de matériel agricole (CUMA) Entreprises de travaux agricoles et ruraux  (ETAR) Franche Comté	1	1	\N	\N	0	\N
2798	8435	Coopératives fruitières Ain Doubs Jura	1	1	\N	\N	0	\N
2799	8522	Exploitations forestières scieries Pays de la Loire (forêt, bois)	1	1	\N	\N	0	\N
2800	8523	Exploitations sylvicoles Pays de la Loire (forêt, bois)	1	1	\N	\N	0	\N
2801	8525	Entreprises de travaux agricoles et ruraux (ETAR) Pays de la Loire	1	1	\N	\N	0	\N
2802	8526	Arboriculture fruitière Ouest de la France	1	1	\N	\N	0	\N
2803	8527	Prestations services avicoles Sarthe Mayenne	1	1	\N	\N	0	\N
2804	8531	Exploitations forestières scieries Bretagne (forêt, bois)	1	1	\N	\N	0	\N
2805	8532	Entreprises de travaux agricoles et ruraux (ETAR) Bretagne	1	1	\N	\N	0	\N
2806	8534	Maraîchère Ille et Vilaine Morbihan	1	1	\N	\N	0	\N
2807	8535	Coopératives d'utilisation de matériel agricole (CUMA) Bretagne Pays de la Loire	1	1	\N	\N	0	\N
2808	8541	Exploitations forestières scieries Poitou Charentes (forêt, bois)	1	1	\N	\N	0	\N
2809	8542	Entreprises de travaux agricoles et ruraux (ETAR) Vienne Deux-Sèvres Production agricole Vienne	1	1	\N	\N	0	\N
2810	8721	Exploitations forestières scieries Massif Gascogne (forêt, bois)	1	1	\N	\N	0	\N
2811	8722	Gemmage forêt Gascogne	1	1	\N	\N	0	\N
2812	8723	Entretien forestier Gascogne	1	1	\N	\N	0	\N
2813	8731	Exploitations forestières scieries Midi-Pyrénées Pyrénées Orientales Pyrénées Atlantiques (forêt, bois)	1	1	\N	\N	0	\N
2814	8733	Coopératives d'utilisation de matériel agricole (CUMA) Entreprises de travaux agricoles et ruraux (ETAR) Tarn Haute Garonne	1	1	\N	\N	0	\N
2815	8734	Horticulture Midi Pyrénées	1	1	\N	\N	0	\N
2816	8741	Exploitations forestières Limousin (forêt, bois)	1	1	\N	\N	0	\N
2817	8821	Ouvriers forestiers communes ONF Rhône Alpes (forêt, bois)	1	1	\N	\N	0	\N
2818	8822	Exploitations forestières scieries Rhône Alpes sauf Loire (forêt, bois)	1	1	\N	\N	0	\N
2819	8824	Coopératives fruits légumes Rhône Alpes	1	1	\N	\N	0	\N
2820	8831	Exploitations forestières scieries Auvergne Gard Loire Lozère (forêt, bois)	1	1	\N	\N	0	\N
2821	8832	Polyculture Coopératives d'utilisation de matériel agricole (CUMA) Haute Loire Lozère	1	1	\N	\N	0	\N
2822	8912	Entreprises de travaux agricoles et ruraux (ETAR) Languedoc-Roussillon et Vaucluse	1	1	\N	\N	0	\N
2823	9011	Exploitations agricoles Ain	1	1	\N	\N	0	\N
2824	9021	Exploitations polyculture Aisne	1	1	\N	\N	0	\N
2825	9022	Exploitations forestières Aisne (forêt, bois)	1	1	\N	\N	0	\N
2826	9031	Exploitations polyculture maraîchage Entreprises de travaux agricoles et ruraux (ETAR) Coopératives d'utilisation de matériel agricole (CUMA) Allier	1	1	\N	\N	0	\N
2827	9032	Exploitations horticoles pépinières Allier	1	1	\N	\N	0	\N
2828	9041	Exploitations agricoles Alpes de Haute Provence	1	1	\N	\N	0	\N
2829	9051	Exploitations polyculture Coopératives d'utilisation de matériel agricole (CUMA) Hautes-Alpes	1	1	\N	\N	0	\N
2830	9061	Exploitations polyculture Alpes Maritimes	1	1	\N	\N	0	\N
2831	9062	Exploitations forestières scieries Alpes Maritimes (forêt, bois)	1	1	\N	\N	0	\N
2832	9071	Exploitations agricoles Coopératives d'utilisation de matériel agricole (CUMA) Entreprises de travaux agricoles et ruraux (ETAR) Ardèche	1	1	\N	\N	0	\N
2833	9081	Exploitations polyculture Ardennes	1	1	\N	\N	0	\N
2834	9082	Exploitations horticoles Ardennes	1	1	\N	\N	0	\N
2835	9091	Exploitations agricoles Ariège	1	1	\N	\N	0	\N
2836	9101	Exploitations polyculture Aube	1	1	\N	\N	0	\N
2837	9102	Exploitations maraîchères et horticulture Aube	1	1	\N	\N	0	\N
2838	9103	Exploitations forestières Aube (forêt, bois)	1	1	\N	\N	0	\N
2839	9111	Exploitations agricoles Coopératives d'utilisation de matériel agricole (CUMA) Aude	1	1	\N	\N	0	\N
2840	9112	Exploitations agricoles zone viticole Aude	1	1	\N	\N	0	\N
2841	9121	Exploitations agricoles Entreprises de travaux agricoles et ruraux (ETAR) Coopératives d'utilisation de matériel agricole (CUMA) Aveyron	1	1	\N	\N	0	\N
2842	9131	Exploitations agricoles Coopératives d'utilisation de matériel agricole (CUMA) Bouches du Rhône	1	1	\N	\N	0	\N
2843	9132	Exploitations agricoles Bouches du Rhône cadres	1	1	\N	\N	0	\N
2844	9141	Exploitations polyculture élevage maraîchage cultures légumières de plein champ haras élevages de chevaux de pur sang et Coopératives d'utilisation de matériel agricole (CUMA) Calvados	1	1	\N	\N	0	\N
2845	9142	Exploitations horticoles fruits pépinières champignons Calvados	1	1	\N	\N	0	\N
2846	9151	Exploitations polyculture Cantal	1	1	\N	\N	0	\N
2847	9152	Coopératives laitières Cantal	1	1	\N	\N	0	\N
2848	9161	Exploitations agricoles Charente	1	1	\N	\N	0	\N
2849	9171	Exploitations polyculture Entreprises de travaux agricoles et ruraux (ETAR) Charente Maritime	1	1	\N	\N	0	\N
2852	9181	Exploitations polyculture Cher	1	1	\N	\N	0	\N
2853	9182	Exploitations pépinières horticulture Cher	1	1	\N	\N	0	\N
2854	9183	Entreprises de travaux agricoles et ruraux (ETAR) Coopératives d'utilisation de matériel agricole (CUMA) Cher	1	1	\N	\N	0	\N
2855	9191	Exploitations agricoles Coopératives d'utilisation de matériel agricole (CUMA) Corrèze	1	1	\N	\N	0	\N
2856	9201	Exploitations agricoles Corse du Sud	1	1	\N	\N	0	\N
2857	9202	Exploitations agricoles Haute Corse	1	1	\N	\N	0	\N
2858	270	Convention collective de la couture des Bouches-du-Rhône	1	1	\N	\N	0	\N
2859	9221	Exploitations polyculture Côtes d'Armor	1	1	\N	\N	0	\N
2860	9222	Exploitations pépinières horticulture maraîchage Côte d'Armor	1	1	\N	\N	0	\N
2861	9231	Exploitations agricoles Entreprises de travaux agricoles et ruraux (ETAR) Coopératives d'utilisation de matériel agricole (CUMA) Creuse	1	1	\N	\N	0	\N
2862	9232	Exploitations pépinières sylvicoles Creuse	1	1	\N	\N	0	\N
2863	9241	Exploitations agricoles Dordogne	1	1	\N	\N	0	\N
2864	9261	Exploitations agricoles Drôme	1	1	\N	\N	0	\N
2865	9271	Bois et forêts Eure (forêt, bois)	1	1	\N	\N	0	\N
2866	9272	Exploitations polyculture Eure non cadres	1	1	\N	\N	0	\N
2867	9273	Exploitations polyculture Eure cadres	1	1	\N	\N	0	\N
2868	9281	Exploitations polyculture, élevage et Coopératives d'utilisation de matériel agricole (CUMA) Eure et Loir	1	1	\N	\N	0	\N
2869	9282	Déshydratation Eure et Loir	1	1	\N	\N	0	\N
2870	9283	Exploitations horticoles fruitières jardinerie Eure et Loire	1	1	\N	\N	0	\N
2871	9291	Exploitations polyculture, élevage et maraîchage Finistère	1	1	\N	\N	0	\N
2872	9292	Exploitations pépinières horticulture Finistère	1	1	\N	\N	0	\N
2873	9301	Exploitations agricoles Gard	1	1	\N	\N	0	\N
2874	9302	Exploitations agricoles Gard cadres	1	1	\N	\N	0	\N
2875	9311	Exploitations de polyculture élevage cultures spécialisées Haute Garonne	1	1	\N	\N	0	\N
2876	9321	Exploitations agricoles Coopératives d'utilisation de matériel agricole (CUMA) Entreprises de travaux agricoles et ruraux (ETAR) Gers	1	1	\N	\N	0	\N
2877	9331	Exploitations agricoles Coopératives d'utilisation de matériel agricole (CUMA) Entreprises de travaux agricoles et ruraux  (ETAR) Gironde	1	1	\N	\N	0	\N
2878	9332	Conchyliculture Gironde	1	1	\N	\N	0	\N
2879	9341	Exploitations agricoles Coopératives d'utilisation de matériel agricole (CUMA) Hérault	1	1	\N	\N	0	\N
2880	9351	Exploitations polyculture élevage Ille et Vilaine	1	1	\N	\N	0	\N
2881	9352	Exploitations pépinières horticulture Ille et Vilaine	1	1	\N	\N	0	\N
2882	9361	Exploitations polyculture élevage Coopératives d'utilisation de matériel agricole (CUMA) et Entreprises de travaux agricoles et ruraux (ETAR) Indre	1	1	\N	\N	0	\N
2883	9362	Exploitations pépinières horticulture Indre	1	1	\N	\N	0	\N
2884	9371	Exploitations polyculture, élevage viticulture Indre et Loire	1	1	\N	\N	0	\N
2885	9372	Exploitations pépinières horticulture Entreprises de travaux agricoles et ruraux (ETAR) Coopératives d'utilisation de matériel agricole (CUMA) Indre et Loire	1	1	\N	\N	0	\N
2886	9374	Exploitations arboriculture fruitière Indre et Loire	1	1	\N	\N	0	\N
2887	9381	Exploitations agricoles Isère	1	1	\N	\N	0	\N
2888	9382	Exploitations pépinières horticulture Isère	1	1	\N	\N	0	\N
2889	9401	Exploitations agricoles Entreprises de travaux agricoles et ruraux (ETAR) Coopératives d'utilisation de matériel agricole (CUMA) Landes	1	1	\N	\N	0	\N
2890	9411	Exploitations agricoles Loir et Cher	1	1	\N	\N	0	\N
2891	9412	Entreprises de travaux agricoles et ruraux (ETAR) Coopératives d'utilisation de matériel agricole (CUMA) Loir et Cher	1	1	\N	\N	0	\N
2892	9413	Exploitations pépinières horticulture Loir et Cher	1	1	\N	\N	0	\N
2893	9421	Exploitations agricoles Loire	1	1	\N	\N	0	\N
2894	9422	Coopératives d'utilisation de matériel agricole (CUMA) Loire	1	1	\N	\N	0	\N
2895	9441	Exploitations agricoles Loire Atlantique	1	1	\N	\N	0	\N
2896	9442	Exploitations pépinières horticulture Loire Atlantique	1	1	\N	\N	0	\N
2897	9444	Exploitations maraîchères Loire Atlantique	1	1	\N	\N	0	\N
2898	9451	Exploitations polyculture élevage Loiret	1	1	\N	\N	0	\N
2899	9452	Coopératives d'utilisation de matériel agricole (CUMA) Loiret	1	1	\N	\N	0	\N
2900	9453	Exploitations arboriculture fruitière Loiret	1	1	\N	\N	0	\N
2901	9454	Exploitations pépinières horticulture Loiret	1	1	\N	\N	0	\N
2902	9455	Exploitations maraîchères Loiret	1	1	\N	\N	0	\N
2903	9461	Exploitations agricoles Entreprises de travaux agricoles et ruraux (ETAR) Coopératives d'utilisation de matériel agricole (CUMA) Lot	1	1	\N	\N	0	\N
2904	9471	Exploitations agricoles Entreprises de travaux agricoles et ruraux (ETAR) Coopératives d'utilisation de matériel agricole (CUMA) Lot et Garonne	1	1	\N	\N	0	\N
2905	9472	Exploitations pépinières horticulture Lot et Garonne	1	1	\N	\N	0	\N
2906	9491	Exploitations polyculture, élevage Maine et Loire	1	1	\N	\N	0	\N
2907	9492	Exploitations pépinières horticulture Maine et Loire	1	1	\N	\N	0	\N
2908	9493	Champignonnières Maine et Loire	1	1	\N	\N	0	\N
2909	9494	Cultures maraîchères et légumières Maine et Loire	1	1	\N	\N	0	\N
2910	9495	Producteurs graines Maine et Loire exécution	1	1	\N	\N	0	\N
2911	9496	Producteurs graines Maine et Loire cadres	1	1	\N	\N	0	\N
2912	9501	Exploitations agricoles Coopératives d'utilisation de matériel agricole (CUMA) Manche	1	1	\N	\N	0	\N
2913	9502	Exploitations pépinières horticulture Manche	1	1	\N	\N	0	\N
2914	9521	Polyculture pépinières horticulture Coopératives d'utilisation de matériel agricole (CUMA) Haute Marne	1	1	\N	\N	0	\N
2915	9531	Exploitations polyculture élevage Mayenne	1	1	\N	\N	0	\N
2916	9532	Exploitations pépinières horticulture Mayenne	1	1	\N	\N	0	\N
2917	9541	Exploitations agricoles Coopératives d'utilisation de matériel agricole (CUMA) Meurthe et Moselle	1	1	\N	\N	0	\N
2918	9542	Exploitations pépinières horticulture Meurthe et Moselle	1	1	\N	\N	0	\N
2919	9551	Exploitations forestières Meuse (forêt, bois)	1	1	\N	\N	0	\N
2920	9552	Exploitations pépinières horticulture Meuse	1	1	\N	\N	0	\N
2921	9553	Exploitations polyculture élevage Meuse	1	1	\N	\N	0	\N
2922	9561	Exploitations polyculture élevage Morbihan	1	1	\N	\N	0	\N
2923	9562	Exploitations pépinières horticulture Morbihan	1	1	\N	\N	0	\N
2924	9571	Exploitations forestières et de sylviculture - sauf ONF - Moselle (forêt, bois)	1	1	\N	\N	0	\N
2925	9572	Exploitations pépinières horticulture Moselle	1	1	\N	\N	0	\N
2926	9573	Exploitations polyculture élevage Coopératives d'utilisation de matériel agricole (CUMA) Moselle	1	1	\N	\N	0	\N
2927	9581	Exploitations forestières et de sylviculture - sauf ONF - Nièvre (forêt, bois)	1	1	\N	\N	0	\N
2928	9583	Entreprises de travaux agricoles et ruraux (ETAR) Coopératives d'utilisation de matériel agricole (CUMA) Nièvre	1	1	\N	\N	0	\N
2929	9591	Exploitations polyculture élevage Nord	1	1	\N	\N	0	\N
2930	9592	Exploitations pépinières horticulture maraîchères Nord (maraîchage)	1	1	\N	\N	0	\N
2931	9601	Exploitations polyculture élevage Entreprises de travaux agricoles et ruraux (ETAR) Coopératives d'utilisation de matériel agricole (CUMA) Oise	1	1	\N	\N	0	\N
2932	9602	Exploitations forestières Oise (forêt, bois)	1	1	\N	\N	0	\N
2933	9603	Exploitations pépinières horticulture Oise	1	1	\N	\N	0	\N
2934	9612	Exploitations polyculture élevage Orne	1	1	\N	\N	0	\N
2935	9613	Exploitations pépinières horticulture Orne	1	1	\N	\N	0	\N
2936	9621	Exploitations polyculture élevage Pas de Calais non cadres	1	1	\N	\N	0	\N
2937	9622	Exploitations pépinières horticulture Pas de Calais non cadres	1	1	\N	\N	0	\N
2938	9623	Exploitations agricoles Pas de Calais Cadres	1	1	\N	\N	0	\N
2939	9631	Exploitations agricoles Entreprises de travaux agricoles et ruraux (ETAR) Coopératives d'utilisation de matériel agricole (CUMA) Puy de Dôme	1	1	\N	\N	0	\N
2940	9641	Exploitations agricoles horticoles Entreprises de travaux agricoles et ruraux (ETAR) Coopératives d'utilisation de matériel agricole (CUMA) Pyrénées Atlantiques	1	1	\N	\N	0	\N
2941	9651	Exploitations agricoles cultures spécialisées Entreprises de travaux agricoles et ruraux (ETAR) Coopératives d'utilisation de matériel agricole (CUMA) Hautes Pyrénées	1	1	\N	\N	0	\N
2942	9661	Exploitations viticoles pépinières horticulture Pyrénées Orientales	1	1	\N	\N	0	\N
2943	9691	Exploitations agricoles Rhône	1	1	\N	\N	0	\N
2944	9702	Exploitations forestières et sylvicoles Entreprises de travaux agricoles et forestiers (ETAF) Haute Saône (forêt, bois)	1	1	\N	\N	0	\N
2945	9711	Exploitations forestières Saône et Loire (forêt, bois)	1	1	\N	\N	0	\N
2946	9712	Exploitations agricoles Entreprises de travaux agricoles et ruraux (ETAR) Coopératives d'utilisation de matériel agricole (CUMA) Saône et Loire	1	1	\N	\N	0	\N
2947	9721	Exploitations polyculture élevage Sarthe	1	1	\N	\N	0	\N
2948	9722	Exploitations pépinières horticulture Sarthe	1	1	\N	\N	0	\N
2949	9723	Exploitations maraîchères Sarthe	1	1	\N	\N	0	\N
2950	9725	Champignonnières Sarthe	1	1	\N	\N	0	\N
2951	9731	Exploitations agricoles Entreprises de travaux agricoles et ruraux (ETAR) Coopératives d'utilisation de matériel agricole (CUMA) Savoie	1	1	\N	\N	0	\N
2952	9732	Exploitations pépinières horticulture maraîchage Savoie	1	1	\N	\N	0	\N
2953	9741	Exploitations agricoles cultures spécialisées Entreprises de travaux agricoles et ruraux (ETAR) Haute Savoie	1	1	\N	\N	0	\N
2954	9742	Exploitations pépinières horticulture Haute Savoie	1	1	\N	\N	0	\N
2955	9761	Exploitations agricoles Seine Maritime	1	1	\N	\N	0	\N
2956	9762	Exploitations maraîchères Seine Maritime (maraîchage)	1	1	\N	\N	0	\N
2957	9771	Exploitations polyculture élevage Coopératives d'utilisation de matériel agricole (CUMA) Entreprises de travaux agricoles et ruraux (ETAR) Seine et Marne	1	1	\N	\N	0	\N
2958	9772	Exploitations pépinières horticulture maraîchères Seine et Marne	1	1	\N	\N	0	\N
2959	9791	Polyculture élevages cultures spécialisées Coopératives d'utilisation de matériel agricole (CUMA) Deux-Sèvres	1	1	\N	\N	0	\N
2960	9801	Exploitations forestières Somme (forêt, bois)	1	1	\N	\N	0	\N
2961	9802	Exploitations polyculture élevage et Coopératives d'utilisation de matériel agricole (CUMA), Entreprises de travaux agricoles et ruraux (ETAR) Somme	1	1	\N	\N	0	\N
2962	9803	Exploitations pépinières horticulture Somme	1	1	\N	\N	0	\N
2963	9811	Exploitations agricoles Tarn	1	1	\N	\N	0	\N
2964	9821	Exploitations agricoles Coopératives d'utilisation de matériel agricole (CUMA) Tarn et Garonne	1	1	\N	\N	0	\N
2965	9831	Exploitations agricoles Coopératives d'utilisation de matériel agricole (CUMA) Var	1	1	\N	\N	0	\N
2966	9841	Exploitations agricoles Coopératives d'utilisation de matériel agricole (CUMA) Vaucluse	1	1	\N	\N	0	\N
2967	9851	Exploitations polyculture élevage Vendée	1	1	\N	\N	0	\N
2968	9852	Exploitations pépinières horticulture Vendée	1	1	\N	\N	0	\N
2969	9855	Prestations services avicoles Vendée	1	1	\N	\N	0	\N
2970	9862	Champignonnières Vienne	1	1	\N	\N	0	\N
2971	9871	Exploitations forestières et sylviculture Yonne (forêt, bois)	1	1	\N	\N	0	\N
2972	9881	Exploitations polyculture élevage et Coopératives d'utilisation de matériel agricole (CUMA), Entreprises de travaux agricoles et ruraux (ETAR) Vosges	1	1	\N	\N	0	\N
2973	9882	Exploitations pépinières horticulture maraîchères Vosges	1	1	\N	\N	0	\N
2974	9891	Exploitations forestières Yonne (forêt, bois)	1	1	\N	\N	0	\N
2975	9892	Entreprises de travaux agricoles et ruraux (ETAR) Coopératives d'utilisation de matériel agricole (CUMA) Yonne	1	1	\N	\N	0	\N
2976	9901	Exploitations forestières Belfort (forêt, bois)	1	1	\N	\N	0	\N
2977	9971	Exploitations bananières Martinique	1	1	\N	\N	0	\N
2978	9972	Entreprises paysagistes Guyane (paysage)	1	1	\N	\N	0	\N
2979	9999	Absence de convention collective	1	1	\N	\N	0	\N
2980	9211	Exploitations forestières scieries Côte d'or (forêt, bois)	1	1	\N	\N	0	\N
2981	23	ILMConv	1	1	\N	\N	1	\N
2982	3018	Bureaux d'études technique, cabinets d'ingénieurs, sociétés de conseils (syntec)	1	1	\N	\N	0	\N
\.


--
-- TOC entry 23297 (class 0 OID 6908368)
-- Dependencies: 269
-- Data for Name: IMPRESSION_RUBRIQUE; Type: TABLE DATA; Schema: Common; Owner: openconcerto
--

COPY "Common"."IMPRESSION_RUBRIQUE" ("ID", "NOM", "ARCHIVE", "ORDRE") FROM stdin;
1	Indéfini	0	1.00000000
2	Si non nul	0	1.00000000
3	Toujours	0	1.00000000
4	Jamais	0	1.00000000
\.


--
-- TOC entry 23299 (class 0 OID 6908376)
-- Dependencies: 271
-- Data for Name: INDICE; Type: TABLE DATA; Schema: Common; Owner: openconcerto
--

COPY "Common"."INDICE" ("ANNEE", "ID", "ORDRE", "ARCHIVE", "JANVIER", "FEVRIER", "MARS", "AVRIL", "MAI", "JUIN", "JUILLET", "AOUT", "SEPTEMBRE", "OCTOBRE", "NOVEMBRE", "DECEMBRE") FROM stdin;
2009	3	2.00000000	1	0	0	0	0	0	0	0	0	0	0	0	0
2010	4	3.00000000	1	0	0	0	0	0	0	0	0	0	0	0	0
2011	5	4.00000000	1	0	0	0	0	0	0	0	0	0	0	0	0
2008	2	1.00000000	0	76470	76650	76940	77540	77900	0	0	0	0	0	0	0
2007	1	0.00000000	0	74380	74750	74830	74990	75110	75120	75340	75320	75450	75750	76020	76230
2009	6	5.00000000	0	0	0	0	0	0	0	0	0	0	0	0	0
\.


--
-- TOC entry 23301 (class 0 OID 6908395)
-- Dependencies: 273
-- Data for Name: MOTIF_ARRET_TRAVAIL; Type: TABLE DATA; Schema: Common; Owner: openconcerto
--

COPY "Common"."MOTIF_ARRET_TRAVAIL" ("ID", "CODE", "NOM", "ARCHIVE", "ORDRE") FROM stdin;
1			0	0.00000000
2	01	maladie	0	1.00000000
3	02	maternité /adoption	0	2.00000000
4	03	paternité / accueil de l’enfant	0	3.00000000
5	04	congé suite à un accident de trajet	0	4.00000000
6	05	congé suite à maladie professionnelle	0	5.00000000
7	06	congé suite à accident de travail ou de service	0	6.00000000
8	07	femme enceinte dispensée de travail	0	7.00000000
9	99	annulation	0	8.00000000
10	09	adoption	0	9.00000000
11	15	temps partiel thérapeutique (risque maladie)	0	10.00000000
12	16	temps partiel thérapeutique (risque accident de travail)	0	11.00000000
13	17	temps partiel thérapeutique (risque accident de trajet)	0	12.00000000
14	18	temps partiel thérapeutique (risque maladie professionnelle)	0	13.00000000
\.


--
-- TOC entry 23303 (class 0 OID 6908407)
-- Dependencies: 275
-- Data for Name: MOTIF_FIN_CONTRAT; Type: TABLE DATA; Schema: Common; Owner: openconcerto
--

COPY "Common"."MOTIF_FIN_CONTRAT" ("ID", "CODE", "NOM", "ARCHIVE", "ORDRE") FROM stdin;
1			0	0.00000000
2	011	licenciement suite à liquidation judiciaire ou à redressement judiciaire	0	1.00000000
3	012	licenciement suite à fermeture définitive de l'établissement	0	2.00000000
4	014	licenciement pour motif économique	0	3.00000000
5	015	licenciement pour fin de chantier	0	4.00000000
6	020	licenciement pour autre motif	0	5.00000000
7	025	autre fin de contrat pour motif économique	0	6.00000000
8	026	rupture pour motif économique dans le cadre d’un contrat de sécurisation professionnelle CSP	0	7.00000000
9	031	fin de contrat à durée déterminée ou fin d'accueil occasionnel	0	8.00000000
10	032	fin de mission d'intérim	0	9.00000000
11	033	rupture anticipée d’un CDD ou d’un contrat de mission en cas d’inaptitude physique constatée par le médecin du travail	0	10.00000000
12	034	fin de période d'essai à l'initiative de l'employeur	0	11.00000000
13	035	fin de période d'essai à l'initiative du salarié	0	12.00000000
14	036	 rupture anticipée d'un CDD, d'un contrat d'apprentissage ou d’un contrat de mission à l'initiative de l'employeur	0	13.00000000
15	037	rupture anticipée d'un CDD, d'un contrat d'apprentissage ou d’un contrat de mission à l'initiative du salarié	0	14.00000000
16	038	mise à la retraite par l'employeur	0	15.00000000
17	039	départ à la retraite à l'initiative du salarié	0	16.00000000
18	043	rupture conventionnelle	0	17.00000000
19	058	prise d'acte de la rupture de contrat de travail	0	18.00000000
20	059	démission	0	19.00000000
21	065	décès de l'employeur ou internement / conduit à un licenciement autre motif	0	20.00000000
22	066	décès du salarié / rupture force majeure	0	21.00000000
23	081	fin de contrat d'apprentissage	0	22.00000000
24	082	résiliation judiciaire du contrat de travail	0	23.00000000
25	083	rupture de contrat de travail ou d’un contrat de mission pour force majeure	0	24.00000000
26	084	rupture d'un commun accord du CDD, du contrat d'apprentissage ou d’un contrat de mission	0	25.00000000
27	085	fin de mandat	0	26.00000000
28	086	licenciement convention CATS	0	27.00000000
29	087	licenciement pour faute grave	0	28.00000000
30	088	licenciement pour faute lourde	0	29.00000000
31	089	licenciement pour force majeure	0	30.00000000
32	091	licenciement pour inaptitude physique d'origine non professionnelle	0	31.00000000
33	092	licenciement pour inaptitude physique d'origine professionnelle	0	32.00000000
34	093	licenciement suite à décision d'une autorité administrative	0	33.00000000
35	094	rupture anticipée du contrat de travail pour arrêt de tournage	0	34.00000000
36	095	rupture anticipée du contrat de travail ou d’un contrat de mission pour faute grave	0	35.00000000
37	096	rupture anticipée du contrat de travail ou d’un contrat de mission pour faute lourde	0	36.00000000
38	097	rupture anticipée d’un contrat de travail ou d’un contrat de mission suite à fermeture de l'établissement	0	37.00000000
39	098	retrait d'enfant	0	38.00000000
40	998	transfert du contrat de travail sans rupture du contrat vers un autre établissement n'effectuant pas encore de DSN	0	39.00000000
41	999	fin de relation avec l’employeur (autres que contrat de travail) pour les cas ne portant aucun impact sur l’Assurance chômage	0	40.00000000
\.


--
-- TOC entry 23305 (class 0 OID 6908419)
-- Dependencies: 277
-- Data for Name: MOTIF_NON_ASSUJETIS_TA; Type: TABLE DATA; Schema: Common; Owner: openconcerto
--

COPY "Common"."MOTIF_NON_ASSUJETIS_TA" ("ID", "CODE", "NOM", "ARCHIVE", "ORDRE") FROM stdin;
1			0	0.00000000
2	001	Non assujetti par choix du régime fiscal (option IR en catégorie BNC)	0	1.00000000
3	002	Collectivités publiques	0	2.00000000
4	003	Etablissements publics de recherche et les établissements publics d'enseignement supérieurs	0	3.00000000
5	004	Personnes morales créées pour la gestion d'un pôle de recherche et d'enseignement supérieur ou d'un réseau thématique de recherche avancée	0	4.00000000
6	005	Fondations reconnues d'utilité public du secteur de la recherche	0	5.00000000
7	006	Sociétés et personnes morales ayant pour objet exclusif l'enseignement	0	6.00000000
8	007	Associations sans but lucratif	0	7.00000000
9	008	Syndicats professionnels	0	8.00000000
10	009	Entreprises sans établissement en France (ESEF)	0	9.00000000
11	010	Sociétés civiles de moyens (SCM) non commerciale	0	10.00000000
12	011	Personnes physiques ou morales assujetties aux BNC ou BA	0	11.00000000
13	012	Les coopératives agricoles	0	12.00000000
14	013	Les coopératives artisanales, transport (y compris fluvial et maritime) et leurs unions	0	13.00000000
15	014	Les groupements d'employeurs dont agricoles	0	14.00000000
16	015	Les sociétés civiles agricoles	0	15.00000000
17	016	Les mutuelles et organismes mutualistes	0	16.00000000
18	017	Les organismes HLM, SA de crédit immobilier (I et au II de l'article L. 422-4 du code de la construction et de l'habitation ) et unions d'économie sociale	0	17.00000000
19	018	Les sociétés coopératives de construction désignées à l'article L. 432-2 du code de la construction et de l'habitation.	0	18.00000000
20	019	Organismes chargés de l'organisation en France d'une compétition sportive internationale en France (Article L6131-1 du code du travail)	0	19.00000000
\.


--
-- TOC entry 23307 (class 0 OID 6908430)
-- Dependencies: 279
-- Data for Name: MOTIF_REPRISE_ARRET_TRAVAIL; Type: TABLE DATA; Schema: Common; Owner: openconcerto
--

COPY "Common"."MOTIF_REPRISE_ARRET_TRAVAIL" ("ID", "CODE", "NOM", "ARCHIVE", "ORDRE") FROM stdin;
1			0	0.00000000
2	01	reprise normale	0	1.00000000
3	02	reprise temps partiel thérapeutique	0	2.00000000
4	03	reprise temps partiel raison personnelle	0	3.00000000
\.


--
-- TOC entry 23309 (class 0 OID 6908442)
-- Dependencies: 281
-- Data for Name: OBJET; Type: TABLE DATA; Schema: Common; Owner: openconcerto
--

COPY "Common"."OBJET" ("ID", "CODE", "NOM", "ARCHIVE", "ORDRE") FROM stdin;
1			0	0.00000000
\.


--
-- TOC entry 23311 (class 0 OID 6908454)
-- Dependencies: 283
-- Data for Name: PERIODE_VALIDITE; Type: TABLE DATA; Schema: Common; Owner: openconcerto
--

COPY "Common"."PERIODE_VALIDITE" ("ID", "JANVIER", "FEVRIER", "MARS", "AVRIL", "MAI", "JUIN", "JUILLET", "AOUT", "SEPTEMBRE", "OCTOBRE", "NOVEMBRE", "DECEMBRE", "ARCHIVE", "ORDRE") FROM stdin;
1	t	t	t	t	t	t	t	t	t	t	t	t	0	1.00000000
2	t	t	t	t	t	t	t	t	t	t	t	t	1	1.00000000
3	t	t	t	t	t	t	t	t	t	t	t	t	1	1.00000000
4	t	t	t	t	t	t	t	t	t	t	t	t	1	1.00000000
5	t	t	t	t	t	t	t	t	t	t	t	t	0	1.00000000
6	t	t	t	t	t	t	t	t	t	t	t	t	1	1.00000000
7	t	t	t	t	t	t	t	t	t	t	t	t	1	1.00000000
8	t	t	t	t	t	t	t	t	t	t	t	t	0	1.00000000
9	t	t	t	t	t	t	t	t	t	t	t	t	0	1.00000000
10	t	t	t	t	t	t	t	t	t	t	t	t	0	1.00000000
11	t	t	t	t	t	t	t	t	t	t	t	t	0	1.00000000
12	t	t	t	t	t	t	t	t	t	t	t	t	1	1.00000000
13	t	t	t	t	t	t	t	t	t	t	t	t	1	1.00000000
14	t	t	t	t	t	t	t	t	t	t	t	t	0	13.00000000
15	t	t	t	t	t	t	t	t	t	t	t	t	0	14.00000000
16	t	t	t	t	t	t	t	t	t	t	t	t	0	15.00000000
18	t	t	t	t	t	t	t	t	t	t	t	t	0	17.00000000
19	t	t	t	t	t	t	t	t	t	t	t	t	0	18.00000000
22	t	t	t	t	t	t	t	t	t	t	t	t	0	21.00000000
27	t	t	t	t	t	t	t	t	t	t	t	t	0	26.00000000
28	t	t	t	t	t	t	t	t	t	t	t	t	0	27.00000000
31	t	t	t	t	t	t	t	t	t	t	t	t	0	30.00000000
32	t	t	t	t	t	t	t	t	t	t	t	t	0	31.00000000
36	t	t	t	t	t	t	t	t	t	t	t	t	1	35.00000000
39	t	t	t	t	t	t	t	t	t	t	t	t	0	38.00000000
40	t	t	t	t	t	t	t	t	t	t	t	t	0	39.00000000
41	t	t	t	t	t	t	t	t	t	t	t	t	0	40.00000000
42	t	t	t	t	t	t	t	t	t	t	t	t	0	41.00000000
43	t	t	t	t	t	t	t	t	t	t	t	t	0	42.00000000
44	t	t	t	t	t	t	t	t	t	t	t	t	0	43.00000000
45	f	f	t	f	f	f	f	f	f	f	f	f	0	44.00000000
48	t	t	t	t	t	t	t	t	t	t	t	t	1	47.00000000
49	t	t	t	t	t	t	t	t	t	t	t	t	1	48.00000000
50	t	t	t	t	t	t	t	t	t	t	t	t	1	49.00000000
51	t	t	t	t	t	t	t	t	t	t	t	t	1	50.00000000
52	t	t	t	t	t	t	t	t	t	t	t	t	1	51.00000000
54	t	t	t	t	t	t	t	t	t	t	t	t	0	53.00000000
56	t	t	t	t	t	t	t	t	t	t	t	t	1	55.00000000
57	t	t	t	t	t	t	t	t	t	t	t	t	1	56.00000000
58	t	t	t	t	t	t	t	t	t	t	t	t	1	57.00000000
59	t	t	t	t	t	t	t	t	t	t	t	t	1	58.00000000
60	t	t	t	t	t	t	t	t	t	t	t	t	1	59.00000000
61	t	t	t	t	t	t	t	t	t	t	t	t	1	60.00000000
62	t	t	t	t	t	t	t	t	t	t	t	t	1	61.00000000
63	t	t	t	t	t	t	t	t	t	t	t	t	1	62.00000000
64	t	t	t	t	t	t	t	t	t	t	t	t	1	63.00000000
65	t	t	t	t	t	t	t	t	t	t	t	t	1	64.00000000
66	t	t	t	t	t	t	t	t	t	t	t	t	1	65.00000000
67	t	t	t	t	t	t	t	t	t	t	t	t	1	66.00000000
68	t	t	t	t	t	t	t	t	t	t	t	t	1	67.00000000
69	t	t	t	t	t	t	t	t	t	t	t	t	1	68.00000000
70	t	t	t	t	t	t	t	t	t	t	t	t	1	69.00000000
71	t	t	t	t	t	t	t	t	t	t	t	t	1	70.00000000
72	t	t	t	t	t	t	t	t	t	t	t	t	1	71.00000000
73	t	t	t	t	t	t	t	t	t	t	t	t	0	72.00000000
74	t	t	t	t	t	t	t	t	t	t	t	t	1	73.00000000
75	t	t	t	t	t	t	t	t	t	t	t	t	1	74.00000000
76	t	t	t	t	t	t	t	t	t	t	t	t	1	75.00000000
77	t	t	t	t	t	t	t	t	t	t	t	t	1	76.00000000
78	t	t	t	t	t	t	t	t	t	t	t	t	1	77.00000000
79	t	t	t	t	t	t	t	t	t	t	t	t	1	78.00000000
80	t	t	t	t	t	t	t	t	t	t	t	t	1	79.00000000
81	t	t	t	t	t	t	t	t	t	t	t	t	1	80.00000000
82	t	t	t	t	t	t	t	t	t	t	t	t	1	81.00000000
83	t	t	t	t	t	t	t	t	t	t	t	t	1	82.00000000
84	t	t	t	t	t	t	t	t	t	t	t	t	1	83.00000000
85	t	t	t	t	t	t	t	t	t	t	t	t	1	84.00000000
86	t	t	t	t	t	t	t	t	t	t	t	t	1	85.00000000
87	t	t	t	t	t	t	t	t	t	t	t	t	1	86.00000000
88	t	t	t	t	t	t	t	t	t	t	t	t	1	87.00000000
89	t	t	t	t	t	t	t	t	t	t	t	t	1	88.00000000
90	t	t	t	t	t	t	t	t	t	t	t	t	1	89.00000000
91	t	t	t	t	t	t	t	t	t	t	t	t	1	90.00000000
92	t	t	t	t	t	t	t	t	t	t	t	t	1	91.00000000
93	t	t	t	t	t	t	t	t	t	t	t	t	1	92.00000000
94	t	t	t	t	t	t	t	t	t	t	t	t	0	93.00000000
17	f	f	f	f	f	f	f	f	f	f	f	t	0	16.00000000
46	t	t	t	t	t	t	t	t	t	t	t	t	0	45.00000000
47	t	t	t	t	t	t	t	t	t	t	t	t	0	46.00000000
96	t	t	t	t	t	t	t	t	t	t	t	t	0	95.00000000
97	t	t	t	t	t	t	t	t	t	t	t	t	0	96.00000000
98	t	t	t	t	t	t	t	t	t	t	t	t	0	97.00000000
99	t	t	t	t	t	t	t	t	t	t	t	t	0	98.00000000
100	t	t	t	t	t	t	t	t	t	t	t	t	0	99.00000000
101	t	t	t	t	t	t	t	t	t	t	t	t	0	100.00000000
53	t	t	t	t	t	t	t	t	t	t	t	t	0	52.00000000
37	t	t	t	t	t	t	t	t	t	t	t	t	0	36.00000000
102	t	t	t	t	t	t	t	t	t	t	t	t	0	101.00000000
103	t	t	t	t	t	t	t	t	t	t	t	t	0	102.00000000
104	t	t	t	t	t	t	t	t	t	t	t	t	0	103.00000000
105	t	t	t	t	t	t	t	t	t	t	t	t	0	104.00000000
106	t	t	t	t	t	t	t	t	t	t	t	t	0	105.00000000
107	t	t	t	t	t	t	t	t	t	t	t	t	0	106.00000000
108	t	t	t	t	t	t	t	t	t	t	t	t	0	107.00000000
95	t	t	t	t	t	t	t	t	t	t	t	t	0	94.00000000
35	t	t	t	t	t	t	t	t	t	t	t	t	0	34.00000000
21	t	t	t	t	t	t	t	t	t	t	t	t	0	20.00000000
55	t	t	t	t	t	t	t	t	t	t	t	t	0	54.00000000
33	t	t	t	t	t	t	t	t	t	t	t	t	0	32.00000000
24	t	t	t	t	t	t	t	t	t	t	t	t	0	23.00000000
20	t	t	t	t	t	t	t	t	t	t	t	t	0	19.00000000
34	t	t	t	t	t	t	t	t	t	t	t	t	0	33.00000000
25	t	t	t	t	t	t	t	t	t	t	t	t	0	24.00000000
26	t	t	t	t	t	t	t	t	t	t	t	t	0	25.00000000
29	t	t	t	t	t	t	t	t	t	t	t	t	0	28.00000000
30	t	t	t	t	t	t	t	t	t	t	t	t	0	29.00000000
109	t	t	t	t	t	t	t	t	t	t	t	t	0	108.00000000
110	t	t	t	t	t	t	t	t	t	t	t	t	0	109.00000000
23	t	t	t	t	t	t	t	t	t	t	t	t	0	22.00000000
38	t	t	t	t	t	t	t	t	t	t	t	t	0	37.00000000
\.


--
-- TOC entry 23313 (class 0 OID 6908473)
-- Dependencies: 285
-- Data for Name: PREF_NODE; Type: TABLE DATA; Schema: Common; Owner: openconcerto
--

COPY "Common"."PREF_NODE" ("ID", "ID_PARENT", "NAME") FROM stdin;
\.


--
-- TOC entry 23315 (class 0 OID 6908479)
-- Dependencies: 287
-- Data for Name: PREF_VALUE; Type: TABLE DATA; Schema: Common; Owner: openconcerto
--

COPY "Common"."PREF_VALUE" ("ID_NODE", "NAME", "VALUE") FROM stdin;
\.


--
-- TOC entry 23316 (class 0 OID 6908487)
-- Dependencies: 288
-- Data for Name: PROFIL_PAYE; Type: TABLE DATA; Schema: Common; Owner: openconcerto
--

COPY "Common"."PROFIL_PAYE" ("ID", "NOM", "ARCHIVE", "ORDRE") FROM stdin;
1	Indéfini	0	1.00000000
8	Test profil de paye	1	2.00000000
9	fghfgfgh	1	1.75000000
6	Profil Salarié cadre	0	1.00000000
7	Profil Salarié	0	1.50000000
\.


--
-- TOC entry 23317 (class 0 OID 6908493)
-- Dependencies: 289
-- Data for Name: PROFIL_PAYE_ELEMENT; Type: TABLE DATA; Schema: Common; Owner: openconcerto
--

COPY "Common"."PROFIL_PAYE_ELEMENT" ("ID", "NOM", "ID_PROFIL_PAYE", "SOURCE", "IDSOURCE", "POSITION", "ARCHIVE", "ORDRE") FROM stdin;
1	Indéfini	1	 	1	0	0	1.00000000
54	Salaire Brut mensuel	6	RUBRIQUE_BRUT	2	0	1	24.00000000
55	Maladie URSSAF	6	RUBRIQUE_COTISATION	6	4	1	25.00000000
56	URSSAFF Vieillesse TA	6	RUBRIQUE_COTISATION	10	5	1	26.00000000
57	Allocation Familiale URSSAF	6	RUBRIQUE_COTISATION	7	6	1	27.00000000
58	URSSAFF Accident du travail	6	RUBRIQUE_COTISATION	13	7	1	28.00000000
59	ASSEDIC ChÃ´mage	6	RUBRIQUE_COTISATION	15	8	1	29.00000000
60	ASSEDIC FNGS	6	RUBRIQUE_COTISATION	22	9	1	30.00000000
61	URSSAF CSG non déductible + RDS	6	RUBRIQUE_COTISATION	19	15	1	31.00000000
62	URSSAF CSG déductible + RDS	6	RUBRIQUE_COTISATION	20	16	1	32.00000000
64	Salaire Brut	6	RUBRIQUE_COMM	3	2	1	34.00000000
66	ARRCO AGFF cadre TA	6	RUBRIQUE_COTISATION	23	10	1	36.00000000
67	ARRCO AGFF cadre TB	6	RUBRIQUE_COTISATION	24	11	1	37.00000000
68	ARRCO Retraite complementaire cadre TA	6	RUBRIQUE_COTISATION	25	12	1	38.00000000
69	ARRCO Retraite complementaire cadre AGIRC TB	6	RUBRIQUE_COTISATION	26	13	1	39.00000000
70	ARRCO Retraite complementaire cadre AGIRC TC	6	RUBRIQUE_COTISATION	27	14	1	40.00000000
95	URSSAF CSG non déductible + CRDS	6	RUBRIQUE_COTISATION	19	22	1	65.00000000
127	Garantie minimale de points	6	RUBRIQUE_COTISATION	32	16	1	97.00000000
138	Salaire net à payer	6	RUBRIQUE_NET	3	27	1	108.00000000
168	Noel	8	RUBRIQUE_COMM	8	2	1	138.00000000
166	Cotisations Patronales	1	RUBRIQUE_COMM	5	0	0	136.00000000
167	Ligne vide	1	RUBRIQUE_COMM	7	1	0	137.00000000
125	ARRCO AGFF cadre TB	6	RUBRIQUE_COTISATION	24	14	1	95.00000000
142	Garantie Minimum de Points	6	RUBRIQUE_COTISATION	42	17	1	112.00000000
129	AGIRC CET	6	RUBRIQUE_COTISATION	30	20	1	99.00000000
155	ARRCO Retraite non cadre T1	7	RUBRIQUE_COTISATION	18	12	1	125.00000000
156	ARRCO AGFF non cadre T1	7	RUBRIQUE_COTISATION	17	13	1	126.00000000
157	AGIRC CET	7	RUBRIQUE_COTISATION	30	14	1	127.00000000
124	ARRCO AGFF cadre TA	6	RUBRIQUE_COTISATION	23	13	1	94.00000000
126	ARRCO Retraite complementaire cadre TA	6	RUBRIQUE_COTISATION	25	15	1	96.00000000
113	Absences congés	6	RUBRIQUE_BRUT	7	1	0	83.00000000
65	Ligne vide	6	RUBRIQUE_COMM	7	3	0	35.00000000
115	Réduction Loi Fillon suite à  Aubry II	6	RUBRIQUE_COTISATION	21	4	0	85.00000000
116	URSSAF assurance maladie - solidarité	6	RUBRIQUE_COTISATION	6	5	0	86.00000000
117	URSSAF Vieillesse sur brut non plaf.	6	RUBRIQUE_COTISATION	9	6	0	87.00000000
118	URSSAF Vieillesse sur brut plaf.	6	RUBRIQUE_COTISATION	10	7	0	88.00000000
119	URSSAF FNAL sur brut plaf.	6	RUBRIQUE_COTISATION	11	8	0	89.00000000
120	URSSAF Allocation Familiale	6	RUBRIQUE_COTISATION	7	9	0	90.00000000
121	URSSAF Accident du travail	6	RUBRIQUE_COTISATION	13	10	0	91.00000000
122	ASSEDIC Chômage	6	RUBRIQUE_COTISATION	15	13	0	92.00000000
123	ASSEDIC FNGS	6	RUBRIQUE_COTISATION	22	14	0	93.00000000
141	Contribution Solidarité Autonomie	6	RUBRIQUE_COTISATION	5	15	0	111.00000000
128	Prévoyance cadre TA	6	RUBRIQUE_COTISATION	31	16	0	98.00000000
130	URSSAF CSG non déductible	6	RUBRIQUE_COTISATION	19	25	0	100.00000000
131	URSSAF CRDS	6	RUBRIQUE_COTISATION	37	26	0	101.00000000
132	URSSAF CSG déductible	6	RUBRIQUE_COTISATION	20	27	0	102.00000000
133	Ligne vide	6	RUBRIQUE_COMM	7	28	0	103.00000000
134	Cotisations Patronales	6	RUBRIQUE_COMM	5	29	0	104.00000000
135	Cotisation Salariale	6	RUBRIQUE_COMM	4	30	0	105.00000000
136	Ligne vide	6	RUBRIQUE_COMM	7	31	0	106.00000000
137	Acompte percu	6	RUBRIQUE_NET	4	32	0	107.00000000
140	Ligne vide	6	RUBRIQUE_COMM	7	33	0	110.00000000
139	Salaire Net	6	RUBRIQUE_COMM	2	34	0	109.00000000
171	Assurance chômage reduction 2018	6	RUBRIQUE_COMM	10	35	0	141.00000000
143	Salaire de base	7	RUBRIQUE_BRUT	5	0	0	113.00000000
144	Absences congés	7	RUBRIQUE_BRUT	7	1	0	114.00000000
145	Indemnité de congés payés	7	RUBRIQUE_BRUT	6	2	0	115.00000000
146	Ligne vide	7	RUBRIQUE_COMM	7	3	0	116.00000000
147	Réduction Loi Fillon suite à  Aubry II	7	RUBRIQUE_COTISATION	21	4	0	117.00000000
148	URSSAF assurance maladie - solidarité	7	RUBRIQUE_COTISATION	6	5	0	118.00000000
149	URSSAF Vieillesse sur brut non plaf.	7	RUBRIQUE_COTISATION	9	6	0	119.00000000
150	URSSAF Vieillesse sur brut plaf.	7	RUBRIQUE_COTISATION	10	7	0	120.00000000
151	URSSAF FNAL sur brut plaf.	7	RUBRIQUE_COTISATION	11	8	0	121.00000000
152	URSSAF Allocation Familiale	7	RUBRIQUE_COTISATION	7	9	0	122.00000000
153	ASSEDIC Chômage	7	RUBRIQUE_COTISATION	15	10	0	123.00000000
154	ASSEDIC FNGS	7	RUBRIQUE_COTISATION	22	13	0	124.00000000
158	Contribution Solidarité Autonomie	7	RUBRIQUE_COTISATION	5	14	0	128.00000000
170	CONTRIBUTION AU FINANCEMENT DES ORGANISATIONS PROFESSIONNELLES ET DES ORGANISATIONS SYNDICALES	7	RUBRIQUE_COTISATION	43	15	0	140.00000000
159	URSSAF CRDS	7	RUBRIQUE_COTISATION	37	22	0	129.00000000
160	URSSAF CSG déductible	7	RUBRIQUE_COTISATION	20	23	0	130.00000000
161	URSSAF CSG non déductible	7	RUBRIQUE_COTISATION	19	24	0	131.00000000
162	Ligne vide	7	RUBRIQUE_COMM	7	25	0	132.00000000
163	Acompte percu	7	RUBRIQUE_NET	4	26	0	133.00000000
164	Ligne vide	7	RUBRIQUE_COMM	7	27	0	134.00000000
165	Salaire Net	7	RUBRIQUE_COMM	2	28	0	135.00000000
172	Assurance chômage reduction 2018	7	RUBRIQUE_COMM	10	29	0	142.00000000
112	Salaire de base	6	RUBRIQUE_BRUT	5	0	0	82.00000000
114	Indemnité de congés payés	6	RUBRIQUE_BRUT	6	2	0	84.00000000
192	Participation à la formation professionnelle	6	RUBRIQUE_COTISATION	53	11	0	162.00000000
193	TAXE D'APPRENTISSAGE	6	RUBRIQUE_COTISATION	52	12	0	163.00000000
169	CONTRIBUTION AU FINANCEMENT DES ORGANISATIONS PROFESSIONNELLES ET DES ORGANISATIONS SYNDICALES	6	RUBRIQUE_COTISATION	43	17	0	139.00000000
179	CEG T1	6	RUBRIQUE_COTISATION	47	18	0	149.00000000
180	CEG T2	6	RUBRIQUE_COTISATION	48	19	0	150.00000000
181	CET T1 + T2	6	RUBRIQUE_COTISATION	49	20	0	151.00000000
182	Complémentaire tranche 1	6	RUBRIQUE_COTISATION	50	21	0	152.00000000
183	Complémentaire T2	6	RUBRIQUE_COTISATION	51	22	0	153.00000000
184	Fillon agirc	6	RUBRIQUE_COTISATION	46	23	0	154.00000000
185	APEC	6	RUBRIQUE_COTISATION	45	24	0	155.00000000
173	Assurance maladie reduction 2018	6	RUBRIQUE_COMM	11	36	0	143.00000000
175	CSG augmentation 2018	6	RUBRIQUE_COMM	12	37	0	145.00000000
177	Prélévement à la source	6	RUBRIQUE_NET	7	38	0	147.00000000
194	Participation à la formation professionnelle	7	RUBRIQUE_COTISATION	53	11	0	164.00000000
195	TAXE D'APPRENTISSAGE	7	RUBRIQUE_COTISATION	52	12	0	165.00000000
186	CEG T1	7	RUBRIQUE_COTISATION	47	16	0	156.00000000
187	CEG T2	7	RUBRIQUE_COTISATION	48	17	0	157.00000000
188	CET T1 + T2	7	RUBRIQUE_COTISATION	49	18	0	158.00000000
189	Complémentaire tranche 1	7	RUBRIQUE_COTISATION	50	19	0	159.00000000
190	Complémentaire T2	7	RUBRIQUE_COTISATION	51	20	0	160.00000000
191	Fillon agirc	7	RUBRIQUE_COTISATION	46	21	0	161.00000000
174	Assurance maladie reduction 2018	7	RUBRIQUE_COMM	11	30	0	144.00000000
176	CSG augmentation 2018	7	RUBRIQUE_COMM	12	31	0	146.00000000
178	Prélévement à la source	7	RUBRIQUE_NET	7	32	0	148.00000000
\.


--
-- TOC entry 23320 (class 0 OID 6908507)
-- Dependencies: 292
-- Data for Name: RIGHT; Type: TABLE DATA; Schema: Common; Owner: openconcerto
--

COPY "Common"."RIGHT" ("ID", "ARCHIVE", "ORDRE", "CODE", "NOM", "DESCRIPTION") FROM stdin;
1	0	0.00000000			
2	0	1.00000000	COMPTABILITE_TOTAL		
3	0	2.00000000	TABLE_ALL_RIGHTS	Accès en création, modification, suppression sur l'ensemble des tables	
14	0	13.00000000	LOCK_MENU_PAYE	Accès au menu paye	
13	0	12.00000000	ACCES_HISTORIQUE	Accès aux historiques	
12	0	11.00000000	ACCES_GENERATION_POINTAGE	Accès à la gestion des echeances	
11	0	10.00000000	ACCES_LISTE_POINTAGE	Accès au liste des echeances	
10	0	9.00000000	ACCES_MENU_STRUCTURE	Accès au menu structure	
9	0	8.00000000	COMPTABILITE_MENU	Accès complet aux menus comptabilités	
8	0	7.00000000	COMPTABILITE_TOTAL	Accès complet à la comptabilité	
7	0	6.00000000	LOCK_MENU_ADMIN	Accès au menu d'administration	
6	0	5.00000000	ACCES_MENU_STAT	Accès au menu statistique	
5	0	4.00000000	LOCK_MENU_ACHAT	Accès au menu achat	
15	0	\N	GESTION_ENCAISSEMENT	Accès à la gestion des encaissements	
16	0	\N	COMPTABILITE_TOUT_COMPTES	Accés à tous les comptes	
17	0	14.00000000	UPDATE_ROW	Modification d'une ligne	Autorise un utilisateur à modifier les éléments de la table spécifiée en objet.
18	0	15.00000000	DELETE_ROW	Suppression d'une ligne	Autorise un utilisateur à supprimer les éléments de la table spécifiée en objet.
19	0	16.00000000	INSERT_ROW	Ajout d'une ligne	Autorise un utilisateur à ajouter un élément dans la table spécifiée en objet.
20	0	17.00000000	SAVE_ROW	Export des listes	Autorise un utilisateur à exporter le contenu des listes via le bouton représentant une disquette.
21	0	18.00000000	MENU_ACCESS	Autoriser l'accés à un menu	Autorise un utilisateur à visualiser le menu spécifié en objet.
22	0	19.00000000	GROUP_ITEM_SHOW	Autoriser à visualiser un champ	Autorise un utilisateur à visualiser le champ spécifié en objet dans une interface.
23	0	20.00000000	CORPS_EDITER_PRIX_VENTE	Autoriser à éditer les prix de vente dans les pièces commerciales.	Autorise un utilisateur à éditer les prix de vente dans les pièces commerciales.
24	0	21.00000000	CORPS_VOIR_PRIX_ACHAT	Autoriser à voir les prix d'achat dans les pièces commerciales.	Autorise un utilisateur à voir les prix d'achat dans les pièces commerciales.
25	0	22.00000000	CORPS_VERROU_PRIX_MIN_VENTE	Autoriser à mettre un prix de vente inférieur au prix minimum dans les pièces commerciales.	Autorise un utilisateur à mettre un prix de vente inférieur au prix minimum dans les pièces commerciales.
26	0	23.00000000	SYNC_TEMPLATE	Synchroniser les modèles vers le serveur	Autorise un utilisateur à synchroniser les modèles.
27	0	24.00000000	LIST_UI_LOCK_ROWS	Autoriser à verrouiller une ligne dans une liste.	Autorise un utilisateur à verrouiller une ou plusieurs dans les listes où cette fonctionnalité est active.
28	0	25.00000000	LIST_UI_UNLOCK_ROWS	Autoriser à déverrouiller une ligne dans une liste.	Autorise un utilisateur à déverrouiller une ou plusieurs dans les listes où cette fonctionnalité est active.
29	0	26.00000000	DEPOT_STOCK_VIEW	Voir le stock d'un dépôt	Autorise un utilisateur à visualiser le stock d'un dépôt.
30	0	27.00000000	NON_RESTREINT_PAR_COMMERCIAL	Non restreint aux éléments liés au commercial de l'utilisateur	Liste non restreinte aux éléments liés au commercial de l'utilisateur
\.


--
-- TOC entry 23322 (class 0 OID 6908519)
-- Dependencies: 294
-- Data for Name: RUBRIQUE_BRUT; Type: TABLE DATA; Schema: Common; Owner: openconcerto
--

COPY "Common"."RUBRIQUE_BRUT" ("ID", "CODE", "NOM", "BASE", "TAUX", "MONTANT", "ID_PERIODE_VALIDITE", "ARCHIVE", "ORDRE", "ID_TYPE_RUBRIQUE_BRUT", "IMPOSABLE", "PART_BRUT", "PART_CP", "ID_IMPRESSION_RUBRIQUE", "ID_CODE_CAISSE_TYPE_RUBRIQUE", "ID_CODE_TYPE_RUBRIQUE_BRUT", "COTISABLE", "TAXABLE_CM", "AVANTAGE_NATURE", "CSG_NORMAL", "CSG_REDUIT", "PART_CSG_SANS_ABATTEMENT", "HEURE_SUP_EXO") FROM stdin;
1	Indéfini	Indéfini	 	 	 	1	0	1.00000000	1	f	f	f	1	1	1	t	t	f	t	f	f	f
2	RBBrut	Salaire Brut mensuel	DUREE_MOIS;	Math.round(TAUXHOR*100.0)/100.0;	 	3	1	1.00000000	2	f	f	f	3	1	1	t	t	f	t	f	f	f
3	SALBRUT	Salaire brut	DUREE_MOIS;	TAUXHOR;	 	4	1	2.00000000	2	f	f	f	2	1	1	t	t	f	t	f	f	f
4	SALBRUTAB	Salaire brut Abattu	 	 	SAL_BRUT;	5	1	3.00000000	2	f	f	f	2	1	1	t	t	f	t	f	f	f
7	RB_ABS_CONGES	Absences congés	CONGES_PRIS/ JOUR_OUVR * DUREE_HEBDO;	Math.round(TAUXHOR*100.0)/100.0;	 	54	0	6.00000000	3	f	f	t	2	1	1	t	t	f	t	f	f	f
8	RB_TEST_Dyn	test dynamique	15;	15;	15;	56	1	7.00000000	2	f	f	f	2	1	1	t	t	f	t	f	f	f
9	RB_test_dyn	Test dyn bis	5;	5;	5;	57	1	8.00000000	2	f	f	f	2	1	1	t	t	f	t	f	f	f
10	SAL_BASE_BRUT_2	Salaire de base dynamique	DUREE_MOIS;	Math.round(SALAIRE_MOIS/DUREE_MOIS*100)/100.0;	SALAIRE_MOIS;	58	1	9.00000000	2	f	f	f	2	1	1	t	t	f	t	f	f	f
11	Dyn	dynamique	1;	2;	3;	59	1	10.00000000	2	f	f	f	2	1	1	t	t	f	t	f	f	f
12	Dyn2	2dyn2	1;	2;	3;	60	1	11.00000000	2	f	f	f	2	1	1	t	t	f	t	f	f	f
13	test	test2	1;	2;	3;	61	1	12.00000000	2	f	f	f	2	1	1	t	t	f	t	f	f	f
14	Dyn3	3dyn3	1;	2;	3;	62	1	13.00000000	2	f	f	f	2	1	1	t	t	f	t	f	f	f
15	testDyn	Dyn5	 	 	 	63	1	14.00000000	2	f	f	f	2	1	1	t	t	f	t	f	f	f
16	TEST_3	test3	 	 	 	64	1	15.00000000	2	f	f	f	2	1	1	t	t	f	t	f	f	f
17	TEST_3	test 3	 	 	 	65	1	16.00000000	2	f	f	f	2	1	1	t	t	f	t	f	f	f
18	Dyn	Dyn	 	 	 	66	1	17.00000000	2	f	f	f	2	1	1	t	t	f	t	f	f	f
19	Dyn2	Dyn2	 	 	 	67	1	18.00000000	2	f	f	f	2	1	1	t	t	f	t	f	f	f
20	Dyn3	Dyn 3	 	 	 	68	1	19.00000000	3	f	f	f	2	1	1	t	t	f	t	f	f	f
21	Dyn5	Dyn 5	 	 	 	69	1	20.00000000	2	f	f	f	2	1	1	t	t	f	t	f	f	f
22	Dyn7	Dyn 9	 	 	 	70	1	21.00000000	2	f	f	f	2	1	1	t	t	f	t	f	f	f
23	Dyn 8	Dyn 8	 	 	 	71	1	22.00000000	2	f	f	f	2	1	1	t	t	f	t	f	f	f
24	Dyn10	Dyn 10	 	 	 	72	1	23.00000000	2	f	f	f	2	1	1	t	t	f	t	f	f	f
25	Dyn 11	Dyn 11	 	 	 	74	1	24.00000000	2	f	f	f	2	1	1	t	t	f	t	f	f	f
26	Dyn 12	Dyn 12	 	 	 	75	1	25.00000000	2	f	f	f	2	1	1	t	t	f	t	f	f	f
27	Dyn 13	dyn 13	 	 	 	76	1	26.00000000	2	f	f	f	2	1	1	t	t	f	t	f	f	f
28	d	Dyn 14	 	 	 	77	1	27.00000000	2	f	f	f	2	1	1	t	t	f	t	f	f	f
29	dd	Dyn 15	 	 	 	78	1	28.00000000	2	f	f	f	2	1	1	t	t	f	t	f	f	f
30	dd2	Dyn 16	 	 	 	79	1	29.00000000	2	f	f	f	2	1	1	t	t	f	t	f	f	f
31	dyn 80	dyn 80	 	 	 	80	1	30.00000000	2	f	f	f	2	1	1	t	t	f	t	f	f	f
32	ff	dyn 80	 	 	 	81	1	31.00000000	2	f	f	f	2	1	1	t	t	f	t	f	f	f
33	fdgfd	dyn 80	 	 	 	82	1	32.00000000	2	f	f	f	2	1	1	t	t	f	t	f	f	f
34	jmkklm*n	dyn 80	 	 	 	83	1	33.00000000	2	f	f	f	2	1	1	t	t	f	t	f	f	f
35	fghgfhgfd	dyn 80	 	 	 	84	1	34.00000000	2	f	f	f	2	1	1	t	t	f	t	f	f	f
36	fdgfdgfdgsfd	dyn 80	 	 	 	85	1	35.00000000	2	f	f	f	2	1	1	t	t	f	t	f	f	f
37	111	dyn 80	12.2;\n	 	 	86	1	36.00000000	2	f	f	f	2	1	1	t	t	f	t	f	f	f
38	32132	dyn 80	12.2;\n	 	 	87	1	37.00000000	2	f	f	f	2	1	1	t	t	f	t	f	f	f
39	gggg	dyn 80	 	 	 	88	1	38.00000000	2	f	f	f	2	1	1	t	t	f	t	f	f	f
40	sdfsdfs	dyn 80	 	 	 	89	1	39.00000000	2	f	f	f	2	1	1	t	t	f	t	f	f	f
41	fdwdfgsfd	sdfsdfqs	 	 	 	90	1	40.00000000	2	f	f	f	2	1	1	t	t	f	t	f	f	f
6	RB_CONGES_IND	Indemnité de congés payés	CONGES_PRIS/ JOUR_OUVR * DUREE_HEBDO;	Math.round(TAUXHOR*100.0)/100.0;	 	53	0	5.00000000	2	f	f	t	2	1	1	t	t	f	t	f	f	f
5	SAL_BASE_BRUT	Salaire de base	DUREE_MOIS;	Math.round(SALAIRE_MOIS/DUREE_MOIS*100)/100.0;	SALAIRE_MOIS;	37	0	4.00000000	2	f	f	f	2	1	2	t	t	f	t	f	f	f
\.


--
-- TOC entry 23324 (class 0 OID 6908548)
-- Dependencies: 296
-- Data for Name: RUBRIQUE_COMM; Type: TABLE DATA; Schema: Common; Owner: openconcerto
--

COPY "Common"."RUBRIQUE_COMM" ("ID", "NOM", "CODE", "NB_BASE", "TAUX_SAL", "TAUX_PAT", "MONTANT_SAL_AJ", "MONTANT_SAL_DED", "MONTANT_PAT", "ORDRE", "ARCHIVE", "ID_PERIODE_VALIDITE", "ID_IMPRESSION_RUBRIQUE", "NOM_VISIBLE", "MONTANT", "REDUCTION_GVT_COM") FROM stdin;
1	Indéfini	 	 	 	 	 	 	 	1.00000000	0	1	1	t	0	f
2	Salaire Net	RSALNET	 	 	 	NET_A_PAYER;	 	 	1.00000000	0	8	2	t	0	f
3	Total Brut	RSALBRUT	 	 	 	SAL_BRUT;	 	 	2.00000000	0	9	2	t	0	f
4	Cotisation Salariale	RCOTISATIONSAL	 	 	 	 	COT_SAL;	 	3.00000000	0	10	2	t	0	f
5	Cotisations Patronales	RCOTISATIONPAT	 	 	 	 	 	COT_PAT;	4.00000000	0	11	2	t	0	f
6	Salaire net imposable	RSALNETIMP	 	 	 	NET_IMP;	 	 	5.00000000	0	14	2	t	0	f
7	Ligne vide	LIGNE_VIDE	 	 	 	 	 	 	6.00000000	0	15	3	f	0	f
9	A conserver	Conserv	 	 	 	"Ce document est à conserver sans limitation de durée.";	 	 	8.00000000	0	18	3	t	0	f
8	Noel	Noel	"Bonnes fêtes de fin d'année";	 	 	 	 	 	7.00000000	0	17	2	f	0	f
10	Assurance chômage reduction 2018	OC_REDUCTION_CHOMAGE	SAL_BRUT;	1.45;			SAL_BRUT * 0.0145;		9.00000000	0	97	4	t	0	t
11	Assurance maladie reduction 2018	OC_REDUCTION_MALADIE	SAL_BRUT;	0.75;			SAL_BRUT * 0.0075;		10.00000000	0	98	4	t	0	t
12	CSG augmentation 2018	OC_AUGMENTATION_CSG	CSG;	1.7;		CSG * 0.017;			11.00000000	0	99	4	t	0	t
\.


--
-- TOC entry 23326 (class 0 OID 6908571)
-- Dependencies: 298
-- Data for Name: RUBRIQUE_COTISATION; Type: TABLE DATA; Schema: Common; Owner: openconcerto
--

COPY "Common"."RUBRIQUE_COTISATION" ("ID", "CODE", "NOM", "ID_CAISSE_COTISATION", "BASE", "TX_SAL", "TX_PAT", "IMPOSABLE", "PART_CSG", "BRUT", "ID_PERIODE_VALIDITE", "ARCHIVE", "ORDRE", "ID_IMPRESSION_RUBRIQUE", "PART_CSG_SANS_ABATTEMENT", "PART_PAT_IMPOSABLE", "REDUCTION_FILLON", "ASSIETTE_PLAFONNEE", "ID_CODE_CAISSE_TYPE_RUBRIQUE", "ID_CODE_BASE_ASSUJETTIE", "ID_TYPE_COMPOSANT_BASE_ASSUJETTIE", "ID_CODE_COTISATION_INDIVIDUELLE", "ID_CODE_COTISATION_ETABLISSEMENT", "TAXABLE_CM", "ALLEGEMENT_COTISATION", "LIGNE_PAYE_SIMPLIFIEE", "NUMERO_COMPTE_PCE", "NUMERO_COMPTE_PCE_CHARGES", "COTISATION_FACULTATIVE") FROM stdin;
1	Indefini	Indéfini	1	 	 	 	f	f	f	1	0	1.00000000	1	f	f	f	f	1	1	1	1	1	f	f				f
34	REG2	Régularisation juillet réduction Fillon	8	SAL_BRUT * COEFF1;	 	-100;	f	f	f	50	1	34.00000000	2	f	f	f	f	1	1	1	1	1	f	f				f
35	REG3	Régularisation 01/01 --> 31/07 Maladie vieillesse	8	SAL_BRUT * 7;	 	0.3;	f	f	f	51	1	35.00000000	2	f	f	f	f	1	1	1	1	1	f	f				f
36	REG4	Régularisation juillet FNGS	6	SAL_BRUT;	 	-0.1;	f	f	f	52	1	36.00000000	2	f	f	f	f	1	1	1	1	1	f	f				f
41	REG7	Régularisation CSA 08/06 -> 11/06	8	4 * SAL_BRUT;	 	-0.3;	f	f	f	93	1	32.00000000	2	f	f	f	f	1	1	1	1	1	f	f				f
44	MUTUELLE	Mutuelle	5	50;	50;	50;	t	f	f	96	0	43.00000000	4	f	t	f	f	1	1	1	1	1	f	f				f
2	CodeCotis	qsdqsd	3	 	 	 	f	f	f	2	1	1.00000000	1	f	f	f	f	1	2	1	58	1	f	f				f
3	RCotis	cotisation Imp	2	SAL_BRUT;	6;	3;	t	f	f	12	1	2.00000000	2	f	f	f	f	1	3	1	59	1	f	f				f
4	RCotisNonImp	cotisation non Imp	2	SAL_BRUT;	16;	7;	f	f	f	13	1	3.00000000	2	f	f	f	f	1	3	1	59	1	f	f				f
32	COTGMP	Garantie minimale de points	2	GMP;	7.5;	12.5;	f	f	f	48	1	31.00000000	2	f	f	f	f	1	3	1	59	1	f	f				f
33	REG1	Régularisation 01/01 --> 31/07 sur GMP	2	 7 * 3.33;	7.5;	12.5;	f	f	f	49	1	33.00000000	2	f	f	f	f	1	3	1	59	1	f	f				f
38	cot 2	cot 2	2	 	 	 	f	f	f	73	0	40.00000000	2	f	f	f	f	1	3	1	59	1	f	f				f
39	REG5	Régularisation GMP 01/06 -> 11/06	2	11;	56;	27;	f	f	f	91	1	37.00000000	2	f	f	f	f	1	3	1	59	1	f	f				f
40	REG6	Régularisation GMP 08/06 -> 11/06	2	4;	56;	27;	f	f	f	92	1	38.00000000	2	f	f	f	f	1	3	1	59	1	f	f				f
5	COTCSA	Contribution Solidarité Autonomie	8	SAL_BRUT;	0;\n	0.3;	f	f	f	19	0	4.00000000	2	f	f	f	f	30	3	1	1	1	f	f	sante.securite			f
8	COTVEUV	Veuvage	8	SAL_BRUT;	0.1; 	0;	f	f	f	22	0	7.00000000	2	f	f	f	f	30	3	1	1	1	f	f	sante.securite			f
13	COTAT	URSSAF Accident du travail	8	SAL_BRUT;	0.0;	TAUX_AT;	f	f	f	27	0	12.00000000	2	f	f	f	f	30	3	1	1	1	f	f	accident.accident			f
14	COTVTRAN	URSSAF Transport(+ de 9 salariés)	8	SAL_BRUT;	0.0;	2.5;	f	f	f	28	0	13.00000000	2	f	f	f	f	511	3	1	1	1	f	f	autres.contributions.ligne			f
17	COTAGFF	ARRCO AGFF non cadre T1	3	SAL_BRUT;	0.8;	1.2;	f	f	f	31	0	16.00000000	2	f	f	f	f	1	2	1	58	1	f	f	retraite.tranche1			f
18	COTRNonCadre	ARRCO Retraite non cadre T1	3	SAL_BRUT;	3;	4.5;	f	f	f	32	0	17.00000000	2	f	f	f	f	1	2	1	58	1	f	f	retraite.tranche1			f
23	COTCADRET1	ARRCO AGFF cadre TA	3	TRANCHE_A;	0.8;	1.2;	f	f	f	39	0	22.00000000	2	f	f	f	f	1	2	1	58	1	f	f	retraite.trancheA			f
24	COTCADRET2	ARRCO AGFF cadre TB	3	TRANCHE_B;	0.9;	1.3;	f	f	f	40	0	23.00000000	2	f	f	f	f	1	2	1	58	1	f	f	retraite.trancheB			f
25	COT_CADRE_RET_C_A	ARRCO Retraite complementaire cadre TA	3	TRANCHE_A;	3;	4.5;	f	f	f	41	0	24.00000000	2	f	f	f	f	1	2	1	58	1	f	f	retraite.trancheA			f
26	COT_CADRE_RET_C_B	ARRCO Retraite complementaire cadre AGIRC TB	2	TRANCHE_B;	7.7;	12.6;	f	f	f	42	0	25.00000000	2	f	f	f	f	1	3	1	59	1	f	f	retraite.trancheB			f
27	COT_CADRE_RET_C_C	ARRCO Retraite complementaire cadre AGIRC TC	2	TRANCHE_C;	7.7;	12.6;	f	f	f	43	0	26.00000000	2	f	f	f	f	1	3	1	59	1	f	f	retraite.trancheC			f
28	COTAPEC	APEC Association pour l'emploi des cadres	2	TRANCHE_B;	0.024; 	0.036;	f	f	f	44	0	27.00000000	2	f	f	f	f	1	3	1	59	1	f	f	chomage.apec			f
29	COTAPECFORF	APEC Forfaitaire	2	APEC;	40;	60;	f	f	f	45	0	28.00000000	2	f	f	f	f	1	3	1	59	1	f	f	chomage.apec			f
42	COTGMP2	Garantie Minimum de Points	2	100;	PART_SAL_GarantieMP;	PART_PAT_GarantieMP;	f	f	f	94	0	41.00000000	2	f	f	f	f	1	3	1	59	1	f	f	retraite.GMP			f
30	COTCET	AGIRC CET	2	TRANCHE_A + TRANCHE_B + TRANCHE_C;	0.13;	0.22;	f	f	f	46	0	29.00000000	2	f	f	f	f	1	3	1	59	1	f	f	retraite.trancheA			f
31	COTPREVCADRETA	Prévoyance cadre TA	2	TRANCHE_A;		1.5;	f	t	f	47	0	30.00000000	2	f	f	f	f	1	3	1	59	1	f	f	sante.complementaire.deces			f
6	COTMALADIE	URSSAF assurance maladie - solidarité	8	SAL_BRUT;	0; 	7;	f	f	f	20	0	5.00000000	2	f	f	f	f	30	3	1	1	1	f	f	sante.securite			f
7	COTAF	URSSAF Allocation Familiale	8	SAL_BRUT;	0; 	double d =0;\nif(TAUXHOR>3.5*SMIC){\nd=5.25;\n}else{\nd=3.45;\n}\nd;	f	f	f	21	0	6.00000000	2	f	f	f	f	30	3	1	1	1	f	f	famille.famille.allocations			f
45	COTAPECTA	APEC	10	TRANCHE_A;	0.024;	0.036;	f	f	f	102	0	44.00000000	2	f	f	f	f	1	3	1	96	1	f	f	chomage.apec			f
46	COT_FILLON_AGIRC	Fillon agirc	10	SAL_BRUT*COEFF_FILLON_AGIRC;		-100.0;	f	f	f	103	0	45.00000000	2	f	f	f	f	1	3	2	97	1	f	f	allegement.cotisations.ligne			f
47	COT_CEG_T1	CEG T1	10	SAL_BRUT;	0.86;	1.29;	f	f	f	104	0	46.00000000	2	f	f	f	f	1	3	1	96	1	f	f	retraite.tranche1			f
48	COT_CEG_T2	CEG T2	10	TRANCHE_B;	1.08;	1.62;	f	f	f	105	0	47.00000000	2	f	f	f	f	1	3	1	96	1	f	f	retraite.tranche2			f
49	COT_CET	CET T1 + T2	10	double d = 0;\nif (SAL_BRUT > PLAFOND_TRANCHE_A){\nd=SAL_BRUT;\n}\nd;	0.14;	0.21;	f	f	f	106	0	48.00000000	2	f	f	f	f	1	3	1	96	1	f	f	retraite.tranche1			f
50	COT_COMPL	Complémentaire tranche 1	10	SAL_BRUT;	3.15;	4.72;	f	f	f	107	0	49.00000000	2	f	f	f	f	1	3	1	96	1	f	f	retraite.tranche1			f
37	COTCRDSIMP	URSSAF CRDS	8	CSG;	0.5;	0.0;	t	f	f	55	0	39.00000000	2	f	f	f	f	180	4	1	1	1	f	f	csg.imp.ligne			f
19	COTCSGIMP	URSSAF CSG non déductible	8	CSG;	2.4;	0.0;	t	f	f	33	0	18.00000000	2	f	f	f	f	181	4	1	1	1	f	f	csg.imp.ligne			f
51	COT_COMPL_T2	Complémentaire T2	10	TRANCHE_B+TRANCHE_C;	8.64;	12.95;	f	f	f	108	0	50.00000000	2	f	f	f	f	1	3	1	96	1	f	f	retraite.tranche2			f
12	COTFNAL	URSSAF FNAL sur brut non plaf.	8	SAL_BRUT;	0.0;	0.4;	f	f	f	26	0	11.00000000	2	f	f	f	f	163	3	1	46	1	f	f	autres.contributions.ligne			f
20	COTCSGDED	URSSAF CSG déductible	8	CSG;	6.8;	0.0;	f	f	f	34	0	19.00000000	2	f	f	f	f	181	4	1	1	1	f	f	csg.nonimp.ligne			f
15	COTCH	ASSEDIC Chômage	8	TRANCHE_A + TRANCHE_B;	0;	4.05;	f	f	f	29	0	14.00000000	2	f	f	f	f	442	5	1	37	1	f	f	chomage.chomage			f
16	COTCHAGS	ASSEDIC AGS septembre 2003	6	SAL_BRUT;	0.0;	0.45;	f	f	f	30	0	15.00000000	2	f	f	f	f	524	3	1	45	1	f	f	chomage.chomage			f
11	COTFNALPLAF	URSSAF FNAL sur brut plaf.	8	TRANCHE_A;	0.0;	0.1;	f	f	f	25	0	10.00000000	2	f	f	f	t	261	2	1	46	1	f	f	autres.contributions.ligne			f
9	COTVIEIL	URSSAF Vieillesse sur brut non plaf.	8	SAL_BRUT;	0.4;	2.02;	f	f	f	23	0	8.00000000	2	f	f	f	f	30	3	1	1	1	f	f	retraite.securite.non.plaf			f
22	COTFNGS	Cotisation AGS	8	TRANCHE_A + TRANCHE_B;	0;	0.2;	f	f	f	38	0	21.00000000	2	f	f	f	f	523	3	1	45	1	f	f	chomage.chomage			f
43	CFOPOS	CONTRIBUTION AU FINANCEMENT DES ORGANISATIONS PROFESSIONNELLES ET DES ORGANISATIONS SYNDICALES	8	SAL_BRUT;		0.016;	f	f	f	95	0	42.00000000	2	f	f	f	f	14	3	1	1	1	f	f	autres.contributions.ligne			f
52	TAXEAPPR	TAXE D'APPRENTISSAGE	8	SAL_BRUT_COTISABLE;		0.69;	f	f	f	109	0	51.00000000	2	f	f	f	f	569	3	1	119	1	f	f	autres.contributions.ligne			f
53	FOR	Participation à la formation professionnelle	8	SAL_BRUT_COTISABLE;		0.55;	f	f	f	110	0	52.00000000	2	f	f	f	f	565	3	1	117	1	f	f	autres.contributions.ligne			f
21	COTFILLON	Réduction Loi Fillon suite à  Aubry II	8	SAL_BRUT * COEFF1;	 	-100;	f	f	f	35	0	20.00000000	2	f	f	f	t	409	3	1	1	1	f	t	allegement.cotisations.ligne			f
10	COTVIEILPLAF	URSSAF Vieillesse sur brut plaf.	8	TRANCHE_A;	6.90;	8.55;	f	f	f	24	0	9.00000000	2	f	f	f	t	30	2	1	1	1	f	f	retraite.securite.plaf			f
\.


--
-- TOC entry 23328 (class 0 OID 6908606)
-- Dependencies: 300
-- Data for Name: RUBRIQUE_NET; Type: TABLE DATA; Schema: Common; Owner: openconcerto
--

COPY "Common"."RUBRIQUE_NET" ("ID", "CODE", "NOM", "BASE", "TAUX", "MONTANT", "IMPOSABLE", "FRAIS_PERS", "BRUT", "ID_PERIODE_VALIDITE", "ID_TYPE_RUBRIQUE_NET", "ID_IMPRESSION_RUBRIQUE", "ORDRE", "ARCHIVE", "NUMERO_COMPTE_PCE_CHARGES", "ID_CODE_CAISSE_TYPE_RUBRIQUE", "ID_CODE_TYPE_RUBRIQUE_BRUT", "ID_CODE_COTISATION_INDIVIDUELLE", "ID_TYPE_COMPOSANT_BASE_ASSUJETTIE", "ID_CODE_BASE_ASSUJETTIE", "ID_CAISSE_COTISATION", "PAS", "PAS_CDD", "EX_NET_SOCIAL") FROM stdin;
1	Indéfini	Indéfini	 	 	 	f	f	f	1	1	1	1.00000000	0		1	1	1	1	1	1	f	f	f
2	SALAIRE_NET_IMP	Salaire net imposable	 	 	NET_IMP;	f	f	f	6	2	3	1.00000000	1		1	1	1	1	1	1	f	f	f
3	SALAIRE_NET_A_PAYER	Salaire net à payer	 	 	NET_A_PAYER;	f	f	f	7	2	3	1.00000000	1		1	1	1	1	1	1	f	f	f
4	Acompte	Acompte percu	 	 	ACOMPTE;	t	f	f	16	3	2	3.00000000	0		1	1	1	1	1	1	f	f	f
5	MaNouv_rub_net	test rubrique net	0.0;	0.0;	0.0;	f	f	f	36	2	2	4.00000000	1		1	1	1	1	1	1	f	f	f
6	PAS_NET_CDD	Prélévement à la source CDD moins de 2 mois 	Math.max(0.0D,(Math.round(NET_IMP*100.0)/100.0)-597);	TAUX_PAS;	Math.round(Math.max(0.0D,((Math.round(NET_IMP*100.0)/100.0)-597)) * TAUX_PAS)/100.0;	f	f	f	100	3	4	5.00000000	0		1	1	1	1	1	9	f	t	f
7	PAS_NET	Prélévement à la source	Math.round(NET_IMP*100.0)/100.0;	TAUX_PAS;	Math.round((Math.round(NET_IMP*100.0)/100.0) * TAUX_PAS)/100.0;	f	f	f	101	3	4	6.00000000	0		1	1	1	1	1	9	t	f	f
\.


--
-- TOC entry 23330 (class 0 OID 6908636)
-- Dependencies: 302
-- Data for Name: SERVICE; Type: TABLE DATA; Schema: Common; Owner: openconcerto
--

COPY "Common"."SERVICE" ("ID", "CODE", "NOM", "ARCHIVE", "ORDRE") FROM stdin;
1			0	0.00000000
\.


--
-- TOC entry 23332 (class 0 OID 6908648)
-- Dependencies: 304
-- Data for Name: SOCIETE_COMMON; Type: TABLE DATA; Schema: Common; Owner: openconcerto
--

COPY "Common"."SOCIETE_COMMON" ("ID", "DATABASE_NAME", "NOM", "NUM_SIRET", "NUM_NII", "NUM_APE", "ID_EXERCICE_COMMON", "NUM_TEL", "NUM_FAX", "MAIL", "ID_ADRESSE_COMMON", "TYPE", "ORDRE", "ARCHIVE", "NUMERO_URSSAF", "RCS", "CAPITAL", "ID_DEVISE", "IBAN", "BIC", "ORG_PROTECTION_SOCIAL_ID", "SITE_WEB", "SEPA_CREDITOR_ID", "ASSUJETTISSEMENT_TA", "ASSUJETTISSEMENT_CFP", "ASSUJETTISSEMENT_CFP_CDD", "ID_MOTIF_NON_ASSUJETIS_TA", "ID_IDCC") FROM stdin;
1	Default	 	 	 	 	1	 	 	 	1	 	1.00000000	0	 		0.00	1						t	t	t	1	\N
48	OpenConcerto48	Société vide (Test)	123	123	123	60				61		40.00000000	0			0.00	1						t	t	t	1	\N
42	OpenConcerto42	ILM Informatique (Test)	16546546545	FRA6554324	12	65	03 22 19 44 72	03 22 19 44 08	contact@ilm-informatique.fr	55	SARL	34.00000000	0	153543		0.00	1						t	t	t	1	\N
\.


--
-- TOC entry 23334 (class 0 OID 6908682)
-- Dependencies: 306
-- Data for Name: STOCK; Type: TABLE DATA; Schema: Common; Owner: openconcerto
--

COPY "Common"."STOCK" ("ID", "QTE_REEL", "QTE_TH", "ARCHIVE", "ORDRE") FROM stdin;
1	0	0	0	0.00000000
\.


--
-- TOC entry 23336 (class 0 OID 6908691)
-- Dependencies: 308
-- Data for Name: TACHE_COMMON; Type: TABLE DATA; Schema: Common; Owner: openconcerto
--

COPY "Common"."TACHE_COMMON" ("ID", "PRIORITE", "FAIT", "NOM", "DATE_ENTREE", "DATE_FAIT", "DATE_EXP", "ID_USER_COMMON_CREATE", "ID_USER_COMMON_TO", "ORDRE", "ARCHIVE", "COMMENT", "ID_USER_COMMON_ASSIGN_BY", "ID_SOCIETE_COMMON", "TYPE", "COOKIE") FROM stdin;
699	2	t	Découvrir OpenConcerto	2011-01-17 22:39:25.562	2011-01-26 16:37:28.654	2012-09-10 16:29:00	2	2	530.00000000	0	\N	2	1		
1	0	f	Tester OpenConcerto	2006-04-13 21:05:00	2000-01-01 00:00:00	2000-01-01 00:00:00	1	1	1.00000000	0	\N	1	1		
\.


--
-- TOC entry 23338 (class 0 OID 6908710)
-- Dependencies: 310
-- Data for Name: TACHE_LISTENER_COMMON; Type: TABLE DATA; Schema: Common; Owner: openconcerto
--

COPY "Common"."TACHE_LISTENER_COMMON" ("ID", "ID_USER_COMMON", "ID_USER_COMMON_LISTENTO", "ARCHIVE", "ORDRE") FROM stdin;
1	1	1	0	1.00000000
2	2	2	0	1.00000000
3	2	1	0	1.00000000
\.


--
-- TOC entry 23340 (class 0 OID 6908719)
-- Dependencies: 312
-- Data for Name: TACHE_RIGHTS; Type: TABLE DATA; Schema: Common; Owner: openconcerto
--

COPY "Common"."TACHE_RIGHTS" ("ID", "ID_USER_COMMON", "ID_USER_COMMON_TO", "READ", "MODIFY", "ADD", "VALIDATE", "ARCHIVE") FROM stdin;
2	2	1	t	t	t	f	0
3	2	1	t	t	t	f	0
4	2	1	t	f	t	f	0
5	1	1	t	t	t	t	0
6	1	1	t	t	t	f	0
7	1	2	t	t	t	f	0
8	1	2	t	f	t	f	0
9	1	1	t	f	t	f	0
19	1	1	t	t	t	t	0
18	1	1	t	t	t	f	0
21	1	1	t	t	t	f	0
20	1	1	t	t	t	f	0
23	1	1	t	t	t	f	0
22	1	1	t	t	t	f	0
24	1	1	t	t	t	f	0
11	1	1	t	t	t	t	0
10	1	1	t	f	t	t	0
13	1	1	t	f	f	f	0
12	1	1	t	t	t	t	0
15	1	1	t	t	t	f	0
14	1	2	t	f	t	f	0
17	1	2	t	f	f	f	0
16	1	1	t	t	t	f	0
1	2	2	t	t	t	t	0
29	2	2	f	f	f	f	0
\.


--
-- TOC entry 23342 (class 0 OID 6908731)
-- Dependencies: 314
-- Data for Name: TYPE_COMPOSANT_BASE_ASSUJETTIE; Type: TABLE DATA; Schema: Common; Owner: openconcerto
--

COPY "Common"."TYPE_COMPOSANT_BASE_ASSUJETTIE" ("ID", "CODE", "NOM", "ARCHIVE", "ORDRE") FROM stdin;
1			0	0.00000000
2	01	Montant du SMIC retenu pour le calcul de la Réduction générale des cotisations patronales de sécurité sociale	0	1.00000000
3	02	Montant du SMIC retenu pour le calcul du crédit d'impôt compétitivité-emploi	0	2.00000000
4	03	Contributions patronales à des régimes complémentaires de retraite	0	3.00000000
5	04	Contributions patronales destinées au financement des prestations de prévoyance complémentaire	0	4.00000000
6	05	Contributions patronales destinées au financement des prestations de retraite supplémentaire	0	5.00000000
7	06	Plafond calculé pour salarié poly-employeurs	0	6.00000000
8	10	Salaire brut Prévoyance	0	7.00000000
9	11	Tranche A Prévoyance	0	8.00000000
10	12	Tranche 2 Prévoyance	0	9.00000000
11	13	Tranche B Prévoyance	0	10.00000000
12	14	Tranche C Prévoyance	0	11.00000000
13	15	Tranche D Prévoyance	0	12.00000000
14	16	Tranche D1 Prévoyance	0	13.00000000
15	17	Base spécifique Prévoyance	0	14.00000000
16	18	Base forfaitaire Prévoyance	0	15.00000000
17	19	Base fictive Prévoyance reconstituée	0	16.00000000
18	20	Montant forfaitaire Prévoyance	0	17.00000000
19	21	Montant Prévoyance libre ou exceptionnel	0	18.00000000
20	22	Montant des indemnités journalières CRPCEN	0	19.00000000
21	90	Retenue sur salaire	0	20.00000000
22	91	Base de taxe sur les salaires au taux normal	0	21.00000000
\.


--
-- TOC entry 23344 (class 0 OID 6908743)
-- Dependencies: 316
-- Data for Name: TYPE_MODELE; Type: TABLE DATA; Schema: Common; Owner: openconcerto
--

COPY "Common"."TYPE_MODELE" ("ID", "NOM", "TABLE", "DEFAULT_MODELE", "ARCHIVE", "ORDRE") FROM stdin;
1				0	0.00000000
2	Avoir client	AVOIR_CLIENT	Avoir	0	1.00000000
3	Bon de livraison	BON_DE_LIVRAISON	BonLivraison	0	2.00000000
4	Commande Client	COMMANDE_CLIENT	CommandeClient	0	3.00000000
5	Devis	DEVIS	Devis	0	4.00000000
6	Facture	SAISIE_VENTE_FACTURE	VenteFacture	0	5.00000000
7	Bon de réception	BON_RECEPTION	BonReception	0	6.00000000
\.


--
-- TOC entry 23346 (class 0 OID 6908753)
-- Dependencies: 318
-- Data for Name: TYPE_PREAVIS; Type: TABLE DATA; Schema: Common; Owner: openconcerto
--

COPY "Common"."TYPE_PREAVIS" ("ID", "CODE", "NOM", "ARCHIVE", "ORDRE") FROM stdin;
1			0	0.00000000
2	01	préavis effectué et payé	0	1.00000000
3	02	préavis non effectué et payé	0	2.00000000
4	03	préavis non effectué et non payé	0	3.00000000
5	10	préavis non effectué non payé dans le cadre d’un contrat de sécurisation professionnelle (CSP)	0	4.00000000
6	50	préavis non effectué et payé dans le cadre d’un congé de reclassement	0	5.00000000
7	51	préavis non effectué et payé dans le cadre d’un congé de mobilité	0	6.00000000
8	60	Délai de prévenance	0	7.00000000
9	90	pas de clause de préavis applicable	0	8.00000000
\.


--
-- TOC entry 23348 (class 0 OID 6908765)
-- Dependencies: 320
-- Data for Name: TYPE_RUBRIQUE_BRUT; Type: TABLE DATA; Schema: Common; Owner: openconcerto
--

COPY "Common"."TYPE_RUBRIQUE_BRUT" ("ID", "NOM", "ORDRE", "ARCHIVE") FROM stdin;
1	Indéfini	1.00000000	0
2	Gain	1.00000000	0
3	Retenue	1.00000000	0
4	Avantage en nature	1.00000000	1
5	Abattement sur le brut	1.00000000	1
\.


--
-- TOC entry 23350 (class 0 OID 6908773)
-- Dependencies: 322
-- Data for Name: TYPE_RUBRIQUE_NET; Type: TABLE DATA; Schema: Common; Owner: openconcerto
--

COPY "Common"."TYPE_RUBRIQUE_NET" ("ID", "NOM", "ARCHIVE", "ORDRE") FROM stdin;
1	Indéfini	0	1.00000000
2	Gain	0	1.00000000
3	Retenue	0	1.00000000
4	Avantage nature	1	1.00000000
\.


--
-- TOC entry 23352 (class 0 OID 6908781)
-- Dependencies: 324
-- Data for Name: TYPE_TAUX_PAS; Type: TABLE DATA; Schema: Common; Owner: openconcerto
--

COPY "Common"."TYPE_TAUX_PAS" ("ID", "CODE", "NOM", "ARCHIVE", "ORDRE") FROM stdin;
1			0	0.00000000
2	01	 Taux transmis par la DGFIP	0	1.00000000
3	10	 Barème horaire métropole	0	2.00000000
4	11	 Barème quotidien métropole	0	3.00000000
5	12	 Barème hebdomadaire métropole	0	4.00000000
6	13	 Barème mensuel métropole	0	5.00000000
7	14	 Barème trimestriel métropole	0	6.00000000
8	15	 Barème semestriel métropole	0	7.00000000
9	16	 Barème annuel métropole	0	8.00000000
10	17	 Barème mathématique sur base mensuelle métropole	0	9.00000000
11	18	 Barème mathématique sur base annuelle métropole	0	10.00000000
12	20	 Barème horaire Guadeloupe, Réunion et Martinique	0	11.00000000
13	21	 Barème quotidien Guadeloupe, Réunion et Martinique	0	12.00000000
14	22	 Barème hebdomadaire Guadeloupe, Réunion et Martinique	0	13.00000000
15	23	 Barème mensuel Guadeloupe, Réunion et Martinique	0	14.00000000
16	24	 Barème trimestriel Guadeloupe, Réunion et Martinique	0	15.00000000
17	25	 Barème semestriel Guadeloupe, Réunion et Martinique	0	16.00000000
18	26	 Barème annuel Guadeloupe, Réunion et Martinique	0	17.00000000
19	27	 Barème mathématique sur base mensuelle Guadeloupe, Réunion et Martinique	0	18.00000000
20	28	 Barème mathématique sur base annuelle Guadeloupe, Réunion et Martinique	0	19.00000000
21	30	 Barème horaire Guyane et Mayotte	0	20.00000000
22	31	 Barème quotidien Guyane et Mayotte	0	21.00000000
23	32	 Barème hebdomadaire Guyane et Mayotte	0	22.00000000
24	33	 Barème mensuel Guyane et Mayotte	0	23.00000000
25	34	 Barème trimestriel Guyane et Mayotte	0	24.00000000
26	35	 Barème semestriel Guyane et Mayotte	0	25.00000000
27	36	 Barème annuel Guyane et Mayotte	0	26.00000000
28	37	 Barème mathématique sur base mensuelle Guyane et Mayotte	0	27.00000000
29	38	 Barème mathématique sur base annuelle Guyane et Mayotte	0	28.00000000
30	99	 Indu relatif à un exercice antérieur – pas de taux de PAS	0	29.00000000
\.




--
-- TOC entry 23356 (class 0 OID 6908813)
-- Dependencies: 328
-- Data for Name: USER_RIGHT; Type: TABLE DATA; Schema: Common; Owner: openconcerto
--

COPY "Common"."USER_RIGHT" ("ORDRE", "ARCHIVE", "ID_USER_COMMON", "HAVE_RIGHT", "CODE", "ID", "NOM", "DESCRIPTION", "ID_RIGHT", "OBJECT") FROM stdin;
0.00000000	0	1	f		1			1	
5.00000000	0	2	t		6			6	\N
8.00000000	0	2	t		9			9	\N
8.50000000	0	2	t		10			8	\N
9.00000000	0	2	t		11			10	\N
9.50000000	0	2	t		12			11	\N
10.00000000	0	2	t		13			12	\N
10.50000000	0	2	t		14			7	\N
11.50000000	0	2	t		15			13	\N
12.50000000	0	2	t		16			14	\N
7.00000000	0	2	t		8			5	\N
6.00000000	1	1	t		7			7	\N
4.00000000	1	1	t		5			5	\N
12.00000000	0	2	t		17			15	\N
2.00000000	0	1	t		3			3	\N
14.50000000	0	2	t		19			16	\N
15.50000000	0	1	t		20			20	\N
16.50000000	0	1	t		21			21	\N
17.50000000	0	1	t		22			22	\N
18.50000000	0	1	t		23			23	\N
19.50000000	0	1	t		24			24	\N
20.50000000	0	1	t		25			25	\N
21.50000000	0	1	t		26			26	\N
22.50000000	0	1	t		27			27	\N
23.50000000	0	1	t		28			28	\N
24.50000000	0	1	t		29			29	\N
25.50000000	0	1	t		30			30	\N
\.


--
-- TOC entry 23358 (class 0 OID 6908827)
-- Dependencies: 330
-- Data for Name: VARIABLE_PAYE; Type: TABLE DATA; Schema: Common; Owner: openconcerto
--

COPY "Common"."VARIABLE_PAYE" ("ID", "VALEUR", "FORMULE", "NOM", "ARCHIVE", "ORDRE", "CATEGORIE", "INFOS") FROM stdin;
1	0	 	Indéfini	0	1.00000000	 	 
2	12	 	Var12	1	1.00000000	 	 
3	24	 	Var24	1	1.00000000	 	 
4	0	Var12 + 2 + DUREE_HEBDO;	MA_VAR	1	1.00000000	 	 
6	0	int a = 2;	var2	1	1.00000000	 	 
7	98	 	var98	1	5.00000000	 	 
8	123	 	varInCat	1	6.00000000	cat	 
9	123	 	varInCat2	1	7.00000000	 	 
10	0	varInCat2 + DUREE_HEBDO;	myNewVarCat	1	8.00000000	CAT	 
11	0	Var12 + Var24;	varvar	1	9.00000000	 	 
12	0	varInCat2;	varbis	1	10.00000000	 	 
13	0	15645;	var15645	1	11.00000000	 	 
14	0	123;	qfqsdf	1	12.00000000	 	 
15	0	MA_VAR;	wxcwxcwx	1	13.00000000	 	 
16	0	var = 15.0;\nvar += 16 + DUREE_HEBDO + Var24;\n	varNewCalc	1	14.00000000	 	 
18	0	SALAIRE_MOIS/DUREE_MOIS;	TAUXHOR	0	16.00000000	 	Taux horaire de base du salarié
19	8.27000046	 	GMR2	1	17.00000000	 	 
20	2589	 	PLAFOND_TRANCHE_A	1	18.00000000	Plafond SS	 
21	0	PLAFOND_TRANCHE_A * 3;	PLAFOND_TRANCHE_B	0	19.00000000	Plafond SS	plafond sécurité sociale tranche B
22	0	PLAFOND_TRANCHE_A * 4;	PLAFOND_TRANCHE_C	0	20.00000000	Plafond SS	plafond sécurité sociale tranche C
23	0	PLAFOND_TRANCHE_A * 4;	PLAFOND_TRANCHE_C	1	21.00000000	Plafond SS	 
27	123	 	qsd	1	25.00000000	 	 
28	0	12;	xcxvcxvx	1	26.00000000	 	 
29	0	12;	kj12	1	27.00000000	 	 
31	0	Vqdsqsdqd = 123.0;	Vqdsqsdqd	1	29.00000000	 	 
32	0	mlk = 0.0;\n	mlk	1	30.00000000	 	 
33	2589	 	PLAFOND_TRANCHE_A	1	31.00000000	 	 
36	280	 	GMP	0	34.00000000	 	 
37	0	RCONG = TAUXHOR * HEURE_TRAV / JOUR_OUVR;\n	RCONG	1	35.00000000	Congés	 
38	6	 	JOUR_OUVR	0	36.00000000	Congés	 
39	50	 	TRANCHE_D	1	37.00000000	tranche SS	tranche d de la sécurité sociale
40	50	 	TRANCHE_D	1	38.00000000	tranche SS	 
41	50	 	TRANCHE_D	1	39.00000000	tranche SS	 
42	50	 	TRANCHE_D	0	40.00000000	tranche SS	 
43	0	32 + CONGES_PRIS;	VARPAYETESTCOMMON	0	41.00000000	 	 
44	21.5599995	 	GMP_TAUX_SAL	1	42.00000000	 	 
45	35.2700005	 	GMP_TAUX_PAT	1	43.00000000	 	 
46	35.2700005	 	PART_PAT_GMP	1	44.00000000	 	 
47	21.5599995	 	PART_SAL_GMP	1	45.00000000	 	 
50	21.5599995	 	GMP_TAUX_SAL	0	48.00000000	 	 
35	20.7700005		APEC	0	33.00000000	 	 
24	0	TRANCHE_A = 0.0;\nTRANCHE_A = SAL_BRUT;\n\nif (SAL_BRUT > PLAFOND_TRANCHE_A){\n\tTRANCHE_A = PLAFOND_TRANCHE_A;\n}	TRANCHE_A	0	22.00000000	Tranche SS	tranche A du salaire brut
25	0	TRANCHE_B=0.0;\nif(SAL_BRUT > PLAFOND_TRANCHE_B){\n\tTRANCHE_B = PLAFOND_TRANCHE_B-PLAFOND_TRANCHE_A;\n}else{\n\tif((SAL_BRUT - PLAFOND_TRANCHE_A)>0){\n\t    TRANCHE_B = SAL_BRUT - PLAFOND_TRANCHE_A;\n\t}\n}	TRANCHE_B	0	23.00000000	Tranche SS	tranche B du salaire brut
48	27.6000004	 	PART_SAL_GarantieMP	0	46.00000000	 	 
49	45.1100006	 	PART_PAT_GarantieMP	0	47.00000000	 	 
51	0	COEFF_FILLON_AGIRC=0.0D;\n\nif((SAL_BRUT/DUREE_MOIS)<(1.6*SMIC)){\n\tdouble smicMensuel = SMIC * DUREE_MOIS;\n\tdouble t = 1.6 * smicMensuel / SAL_BRUT;\n\tCOEFF_FILLON_AGIRC= (0.0601/0.6)*(t-1.0);\n}	COEFF_FILLON_AGIRC	0	49.00000000		
17	11.6499996		SMIC	0	15.00000000	 	Taux horaire du SMIC
26	0	TRANCHE_C = 0.0;\nif(SAL_BRUT > PLAFOND_TRANCHE_C){\n\tTRANCHE_C = PLAFOND_TRANCHE_C - PLAFOND_TRANCHE_B;\t\n}else{\n\tif((SAL_BRUT - PLAFOND_TRANCHE_B)>0){\n\tTRANCHE_C = SAL_BRUT - PLAFOND_TRANCHE_B;\n\t}\n}	TRANCHE_C	0	24.00000000	Tranche SS	Tranche C du salaire brut
30	0	COEFF1=0.0;\n\nif((SAL_BRUT/DUREE_MOIS)<(1.6*SMIC)){\n\tdouble smicMensuel = SMIC * DUREE_MOIS;\n\tdouble t = 1.6 * smicMensuel / SALAIRE_MOIS;\n\tCOEFF1 = Math.min(0.3194-0.0601, ((0.3194-0.0601)/0.6)*(t-1.0));\n}\n	COEFF1	0	28.00000000	 	Coefficient de réduction sur loi Fillon
34	3864		PLAFOND_TRANCHE_A	0	32.00000000	Plafond SS	plafond sécurité sociale tranche A
52	1766.92004		SMIC_MENSUEL	0	50.00000000		
53	2019.32996		SMIC_MENSUEL_39	0	51.00000000		
\.


--
-- TOC entry 23360 (class 0 OID 6908842)
-- Dependencies: 332
-- Data for Name: VILLE; Type: TABLE DATA; Schema: Common; Owner: openconcerto
--

COPY "Common"."VILLE" ("ID", "NOM", "CODE_POSTAL", "X_LAMBERT", "Y_LAMBERT", "POPULATION", "ARCHIVE", "ORDRE") FROM stdin;
1	Indéfini	\N	0	0	0	0	0.00000000
116	VERDUN	55100	0	0	0	0	1.00000000
117	Verdun	55100	0	0	0	0	2.00000000
\.


--
-- TOC entry 23362 (class 0 OID 6908855)
-- Dependencies: 334
-- Data for Name: ACOMPTE; Type: TABLE DATA; Schema: Default; Owner: openconcerto
--

COPY "Default"."ACOMPTE" ("ID", "ID_SALARIE", "MONTANT", "ID_MOUVEMENT", "ARCHIVE", "ORDRE", "MODIFICATION_DATE", "ID_USER_COMMON_MODIFY", "ID_USER_COMMON_CREATE", "CREATION_DATE") FROM stdin;
1	1	0	1	0	0.00000000	\N	1	1	\N
\.


--
-- TOC entry 23364 (class 0 OID 6908866)
-- Dependencies: 336
-- Data for Name: ADRESSE; Type: TABLE DATA; Schema: Default; Owner: openconcerto
--

COPY "Default"."ADRESSE" ("ARCHIVE", "ORDRE", "ID_ADRESSE", "RUE", "PAYS", "VILLE", "HAS_CEDEX", "CEDEX", "DEST", "ID_USER_COMMON_MODIFY", "MODIFICATION_DATE", "ID_USER_COMMON_CREATE", "CREATION_DATE", "ID_CLIENT", "CODE_POSTAL", "PROVINCE", "LIBELLE", "TYPE", "EMAIL_CONTACT") FROM stdin;
0	0.00000000	1	indéfini	 	 	f	\N		1	\N	1	\N	1					
0	1.00000000	6	indéfini	 	 	f	\N		1	\N	1	\N	1					
0	2.00000000	7	indéfini	 	 	f	\N		1	\N	1	\N	1					
0	3.00000000	5	indéfini	 	 	f	\N		1	\N	1	\N	1					
0	4.00000000	8	indéfini	 	 	f	\N		1	\N	1	\N	1					
0	5.00000000	3	indéfini	 	 	f	\N		1	\N	1	\N	1					
0	6.00000000	2	indéfini	 	 	f	\N		1	\N	1	\N	1					
0	7.00000000	4	indéfini	 	 	f	\N		1	\N	1	\N	1					
\.


--
-- TOC entry 23366 (class 0 OID 6908888)
-- Dependencies: 338
-- Data for Name: AGENCE; Type: TABLE DATA; Schema: Default; Owner: openconcerto
--

COPY "Default"."AGENCE" ("ID", "DESIGNATION", "TEL_1", "EMAIL", "FAX", "ID_CLIENT", "ID_ADRESSE", "ARCHIVE", "ORDRE") FROM stdin;
1					1	1	0	1.00000000
\.


--
-- TOC entry 23368 (class 0 OID 6908903)
-- Dependencies: 340
-- Data for Name: ARRET_CHOMAGE_INTEMPERIE; Type: TABLE DATA; Schema: Default; Owner: openconcerto
--

COPY "Default"."ARRET_CHOMAGE_INTEMPERIE" ("ID", "ID_INFOS_SALARIE_PAYE", "ID_CODE_AMENAGEMENT_PARTIEL", "ID_CODE_SUSPENSION", "DATE_DEBUT_SUSPENSION", "DATE_FIN_SUSPENSION", "ARCHIVE", "ORDRE") FROM stdin;
1	1	1	1	\N	\N	0	0.00000000
\.


--
-- TOC entry 23370 (class 0 OID 6908912)
-- Dependencies: 342
-- Data for Name: ARRET_TRAVAIL; Type: TABLE DATA; Schema: Default; Owner: openconcerto
--

COPY "Default"."ARRET_TRAVAIL" ("ID", "ID_SALARIE", "DATE_DERNIER_JOUR_TRAV", "DATE_FIN_PREV", "SUBROGATION", "DATE_DEBUT_SUBROGATION", "DATE_FIN_SUBROGATION", "ID_MOTIF_ARRET_TRAVAIL", "ID_MOTIF_REPRISE_ARRET_TRAVAIL", "DATE_REPRISE", "DATE_ACCIDENT", "ARCHIVE", "ORDRE", "DATE", "COMMENTAIRES") FROM stdin;
1	1	\N	\N	f	\N	\N	1	1	\N	\N	0	0.00000000	\N	
\.


--
-- TOC entry 23372 (class 0 OID 6908927)
-- Dependencies: 344
-- Data for Name: ARTICLE; Type: TABLE DATA; Schema: Default; Owner: openconcerto
--

COPY "Default"."ARTICLE" ("ID", "CODE", "NOM", "PA_HT", "PV_HT", "ID_TAXE", "POIDS", "ARCHIVE", "ORDRE", "CREATION_AUTO", "PV_TTC", "ID_STOCK", "PRIX_METRIQUE_HA_1", "PRIX_METRIQUE_VT_1", "VALEUR_METRIQUE_1", "ID_METRIQUE_1", "VALEUR_METRIQUE_2", "ID_METRIQUE_2", "PRIX_METRIQUE_HA_2", "PRIX_METRIQUE_VT_2", "ID_METRIQUE_3", "VALEUR_METRIQUE_3", "PRIX_METRIQUE_HA_3", "PRIX_METRIQUE_VT_3", "ID_MODE_VENTE_ARTICLE", "SERVICE", "OBSOLETE", "MODIFICATION_DATE", "ID_USER_COMMON_CREATE", "ID_USER_COMMON_MODIFY", "CREATION_DATE", "ID_FAMILLE_ARTICLE", "INFOS", "QTE_ACHAT", "DESCRIPTIF", "CODE_BARRE", "GESTION_STOCK", "CODE_DOUANIER", "QTE_MIN", "ID_DEVISE", "ID_FOURNISSEUR", "PV_U_DEVISE", "ID_DEVISE_HA", "PA_DEVISE", "ID_PAYS", "ID_UNITE_VENTE", "ID_COMPTE_PCE", "ID_COMPTE_PCE_ACHAT", "SKU", "ID_ECO_CONTRIBUTION", "ID_TAXE_COMPLEMENTAIRE", "ATTACHMENTS", "ID_FABRICANT", "TARE", "IFCO", "MASQUE_CAISSE", "ADDITIONAL_TICKET_COPY", "MATIERE", "QTE_UNITAIRE", "ID_COUT_REVIENT", "MARGE_WITH_COUT_REVIENT", "AUTO_PRIX_ACHAT_NOMENCLATURE", "ID_DEPOT_STOCK", "DLC", "LONGUEUR", "LARGEUR", "HAUTEUR", "AUTO_PRIX_MIN_VENTE_NOMENCLATURE", "DERNIER_DATE_ACHAT", "OPTION", "VIRTUEL", "ID_ARTICLE_VIRTUEL_PERE", "ID_ARTICLE_DECLINAISON_TAILLE", "ID_ARTICLE_DECLINAISON_COULEUR", "NUMERO_LOT_REQUIS", "NUMERO_SERIE_REQUIS", "DLC_REQUIS", "DLUO_REQUIS", "ID_TAXE_INTERFEL") FROM stdin;
1	 	Indéfini	0.000000	0.000000	2	0	0	0.00000000	f	0.00	1	0.000000	0.000000	0	1	0	1	0.000000	0.000000	1	0	0.000000	0.000000	5	f	f	\N	1	1	\N	1		1			t		1	1	1	0.000000	1	0.000000	1	2	1	1		1	1	0	1	0.00000000	0	f	f		1.000000	1	f	f	2	\N	\N	\N	\N	f	\N	f	f	1	1	1	f	f	f	f	\N
\.


--
-- TOC entry 23373 (class 0 OID 6909002)
-- Dependencies: 345
-- Data for Name: ARTICLE_CATEGORIE_COMPTABLE; Type: TABLE DATA; Schema: Default; Owner: openconcerto
--

COPY "Default"."ARTICLE_CATEGORIE_COMPTABLE" ("ID", "ID_CATEGORIE_COMPTABLE", "ID_ARTICLE", "ID_TAXE_ACHAT", "ID_TAXE_VENTE", "ID_COMPTE_PCE_VENTE", "ID_COMPTE_PCE_ACHAT", "ARCHIVE", "ORDRE") FROM stdin;
1	1	1	1	1	1	1	0	0.00000000
\.


--
-- TOC entry 23375 (class 0 OID 6909014)
-- Dependencies: 347
-- Data for Name: ARTICLE_CODE_CLIENT; Type: TABLE DATA; Schema: Default; Owner: openconcerto
--

COPY "Default"."ARTICLE_CODE_CLIENT" ("ID", "NOM", "CODE", "ID_CLIENT", "ID_ARTICLE", "ARCHIVE", "ORDRE") FROM stdin;
1			1	1	0	0.00000000
\.


--
-- TOC entry 23377 (class 0 OID 6909027)
-- Dependencies: 349
-- Data for Name: ARTICLE_DECLINAISON_COULEUR; Type: TABLE DATA; Schema: Default; Owner: openconcerto
--

COPY "Default"."ARTICLE_DECLINAISON_COULEUR" ("ID", "NOM", "ARCHIVE", "ORDRE") FROM stdin;
1		0	0.00000000
\.


--
-- TOC entry 23379 (class 0 OID 6909034)
-- Dependencies: 351
-- Data for Name: ARTICLE_DECLINAISON_TAILLE; Type: TABLE DATA; Schema: Default; Owner: openconcerto
--

COPY "Default"."ARTICLE_DECLINAISON_TAILLE" ("ID", "NOM", "ARCHIVE", "ORDRE") FROM stdin;
1		0	0.00000000
\.


--
-- TOC entry 23381 (class 0 OID 6909041)
-- Dependencies: 353
-- Data for Name: ARTICLE_DESIGNATION; Type: TABLE DATA; Schema: Default; Owner: openconcerto
--

COPY "Default"."ARTICLE_DESIGNATION" ("ID", "ID_ARTICLE", "ID_LANGUE", "NOM", "ARCHIVE", "ORDRE") FROM stdin;
1	1	1		0	0.00000000
\.


--
-- TOC entry 23383 (class 0 OID 6909054)
-- Dependencies: 355
-- Data for Name: ARTICLE_ELEMENT; Type: TABLE DATA; Schema: Default; Owner: openconcerto
--

COPY "Default"."ARTICLE_ELEMENT" ("ID", "ID_ARTICLE", "ID_ARTICLE_PARENT", "QTE", "QTE_UNITAIRE", "ID_UNITE_VENTE", "ARCHIVE", "ORDRE") FROM stdin;
1	1	1	1	1.000000	1	0	0.00000000
\.


--
-- TOC entry 23385 (class 0 OID 6909066)
-- Dependencies: 357
-- Data for Name: ARTICLE_FOURNISSEUR; Type: TABLE DATA; Schema: Default; Owner: openconcerto
--

COPY "Default"."ARTICLE_FOURNISSEUR" ("ID", "CODE", "CODE_BARRE", "CODE_DOUANIER", "NOM", "DESCRIPTIF", "INFOS", "PRIX_METRIQUE_HA_1", "PRIX_METRIQUE_HA_2", "PRIX_METRIQUE_HA_3", "PRIX_METRIQUE_VT_1", "PRIX_METRIQUE_VT_2", "PRIX_METRIQUE_VT_3", "ID_METRIQUE_1", "ID_METRIQUE_2", "ID_METRIQUE_3", "PA_DEVISE", "PV_U_DEVISE", "PA_HT", "PV_HT", "PV_TTC", "ID_TAXE", "ID_FAMILLE_ARTICLE_FOURNISSEUR", "ID_MODE_VENTE_ARTICLE", "ID_FOURNISSEUR", "ID_PAYS", "ID_DEVISE", "ID_DEVISE_HA", "ID_UNITE_VENTE", "ID_COMPTE_PCE", "ID_COMPTE_PCE_ACHAT", "ID_ARTICLE", "POIDS", "VALEUR_METRIQUE_1", "VALEUR_METRIQUE_2", "VALEUR_METRIQUE_3", "SERVICE", "OBSOLETE", "GESTION_STOCK", "QTE_ACHAT", "QTE_MIN", "ARCHIVE", "ORDRE", "ID_FAMILLE_ARTICLE", "QTE_UNITAIRE") FROM stdin;
1							0.000000	0.00000000	0.00000000	0.00000000	0.00000000	0.00000000	1	1	1	0.00000000	0.00000000	0.00000000	0.00000000	0.00	1	1	1	1	1	1	1	1	1	1	1	0	0	0	0	f	f	f	1	1	0	0.00000000	1	1.000000
\.


--
-- TOC entry 23387 (class 0 OID 6909118)
-- Dependencies: 359
-- Data for Name: ARTICLE_FOURNISSEUR_SECONDAIRE; Type: TABLE DATA; Schema: Default; Owner: openconcerto
--

COPY "Default"."ARTICLE_FOURNISSEUR_SECONDAIRE" ("ID", "ID_ARTICLE", "ID_FOURNISSEUR", "ARCHIVE", "ORDRE") FROM stdin;
1	1	1	0	0.00000000
\.


--
-- TOC entry 23390 (class 0 OID 6909128)
-- Dependencies: 362
-- Data for Name: ARTICLE_TARIF; Type: TABLE DATA; Schema: Default; Owner: openconcerto
--

COPY "Default"."ARTICLE_TARIF" ("ID", "ID_DEVISE", "ID_TAXE", "ID_TARIF", "ID_ARTICLE", "PV_HT", "PV_TTC", "PRIX_METRIQUE_VT_1", "PRIX_METRIQUE_VT_2", "PRIX_METRIQUE_VT_3", "ARCHIVE", "ORDRE", "POURCENT_REMISE", "QTE") FROM stdin;
1	1	1	1	1	0.000000	0.00	0.000000	0.000000	0.000000	0	0.00000000	0.000000	1
\.


--
-- TOC entry 23391 (class 0 OID 6909144)
-- Dependencies: 363
-- Data for Name: ARTICLE_TARIF_FOURNISSEUR; Type: TABLE DATA; Schema: Default; Owner: openconcerto
--

COPY "Default"."ARTICLE_TARIF_FOURNISSEUR" ("ID", "ID_ARTICLE", "ID_FOURNISSEUR", "REF_FOURNISSEUR", "TYPE_REAPPRO", "CONDITIONS", "ACHETEUR", "CODE_PAYS_ORIGINE", "PRIX_ACHAT_DEVISE_F", "PRIX_ACHAT", "QTE", "DATE_PRIX", "DELAI_REAPPRO", "DELAI_TRANSPORT", "PRIORITE", "COEF_PRIX_MINI", "ARCHIVE", "ORDRE") FROM stdin;
1	1	1						0.000000	0.000000	1	\N	0	0	0	0.00	0	0.00000000
\.


--
-- TOC entry 23394 (class 0 OID 6909169)
-- Dependencies: 366
-- Data for Name: ARTICLE_TARIF_PROMOTION; Type: TABLE DATA; Schema: Default; Owner: openconcerto
--

COPY "Default"."ARTICLE_TARIF_PROMOTION" ("ID", "ID_DEVISE", "ID_TAXE", "ID_TARIF_PROMOTION", "ID_ARTICLE", "QTE", "PV_HT", "PV_TTC", "PRIX_METRIQUE_VT_1", "PRIX_METRIQUE_VT_2", "PRIX_METRIQUE_VT_3", "ARCHIVE", "ORDRE") FROM stdin;
1	1	1	1	1	1	0.000000	0.000000	0.000000	0.000000	0.000000	0	0.00000000
\.


--
-- TOC entry 23396 (class 0 OID 6909185)
-- Dependencies: 368
-- Data for Name: ASSOCIATION_ANALYTIQUE; Type: TABLE DATA; Schema: Default; Owner: openconcerto
--

COPY "Default"."ASSOCIATION_ANALYTIQUE" ("ID", "ID_ECRITURE", "ID_SAISIE_KM_ELEMENT", "ID_POSTE_ANALYTIQUE", "POURCENT", "MONTANT", "GESTION_AUTO", "ARCHIVE", "ORDRE") FROM stdin;
1	1	1	1	100.00000000	0	f	0	0.00000000
\.


--
-- TOC entry 23398 (class 0 OID 6909198)
-- Dependencies: 370
-- Data for Name: ASSOCIATION_COMPTE_ANALYTIQUE; Type: TABLE DATA; Schema: Default; Owner: openconcerto
--

COPY "Default"."ASSOCIATION_COMPTE_ANALYTIQUE" ("ID", "ID_COMPTE_PCE", "ID_AXE_ANALYTIQUE", "ORDRE", "ARCHIVE", "ID_REPARTITION_ANALYTIQUE", "MODIFICATION_DATE", "ID_USER_COMMON_MODIFY", "ID_USER_COMMON_CREATE", "CREATION_DATE") FROM stdin;
1	1	1	0.00000000	0	1	\N	1	1	\N
\.


--
-- TOC entry 23400 (class 0 OID 6909209)
-- Dependencies: 372
-- Data for Name: ATTACHMENT; Type: TABLE DATA; Schema: Default; Owner: openconcerto
--

COPY "Default"."ATTACHMENT" ("ID", "SOURCE_TABLE", "SOURCE_ID", "NAME", "MIMETYPE", "FILENAME", "FILESIZE", "STORAGE_PATH", "STORAGE_FILENAME", "DIRECTORY", "THUMBNAIL", "THUMBNAIL_WIDTH", "THUMBNAIL_HEIGHT", "TAG", "VERSION", "HASH", "ARCHIVE", "ORDRE", "ID_PARENT", "ENCRYPTED") FROM stdin;
1		0				0					32	32		0		0	0.00000000	1	f
\.


--
-- TOC entry 23402 (class 0 OID 6909236)
-- Dependencies: 374
-- Data for Name: AVOIR_CLIENT; Type: TABLE DATA; Schema: Default; Owner: openconcerto
--

COPY "Default"."AVOIR_CLIENT" ("ID", "NOM", "DATE", "MONTANT_TTC", "ID_TAXE", "ARCHIVE", "ORDRE", "ID_CLIENT", "MONTANT_HT", "MONTANT_TVA", "NUMERO", "ID_SAISIE_VENTE_FACTURE", "ID_MODE_REGLEMENT", "PORT_HT", "REMISE_HT", "MONTANT_SERVICE", "ID_MOUVEMENT", "SOLDE", "A_DEDUIRE", "ENVOYE_EN_AFFACTURAGE", "DATE_ENVOI_AFFACTURAGE", "AFFACTURAGE", "MONTANT_SOLDE", "MONTANT_RESTANT", "COMPTE_SERVICE_AUTO", "ID_CONTACT", "ID_COMPTE_PCE_SERVICE", "MOTIF", "MODIFICATION_DATE", "ID_USER_COMMON_CREATE", "ID_USER_COMMON_MODIFY", "CREATION_DATE", "ID_ADRESSE", "ID_COMMERCIAL", "AFFACTURE", "T_DEVISE", "T_POIDS", "ID_TARIF", "ID_MODELE", "INFOS", "ID_ADRESSE_LIVRAISON", "POURCENT_REMISE", "MONTANT_REMISE", "ID_CLIENT_DEPARTEMENT", "T_ECO_CONTRIBUTION", "ID_CATEGORIE_COMPTABLE", "ID_TAXE_PORT", "MONTANT_INTERFEL_HT") FROM stdin;
1	Indéfini	\N	0	1	0	0.00000000	1	0	0		1	1	0	0	0	1	f	f	f	\N	f	0	0	f	1	1		\N	1	1	\N	1	1	f	0	0	1	1		1	\N	\N	1	0	1	1	0
\.


--
-- TOC entry 23403 (class 0 OID 6909281)
-- Dependencies: 375
-- Data for Name: AVOIR_CLIENT_ELEMENT; Type: TABLE DATA; Schema: Default; Owner: openconcerto
--

COPY "Default"."AVOIR_CLIENT_ELEMENT" ("ID", "ID_STYLE", "CODE", "NOM", "PA_HT", "PV_HT", "ID_TAXE", "POIDS", "ARCHIVE", "ORDRE", "QTE", "ID_AVOIR_CLIENT", "SERVICE", "PRIX_METRIQUE_HA_1", "PRIX_METRIQUE_VT_1", "VALEUR_METRIQUE_1", "ID_METRIQUE_1", "PRIX_METRIQUE_HA_2", "PRIX_METRIQUE_VT_2", "VALEUR_METRIQUE_2", "ID_METRIQUE_2", "PRIX_METRIQUE_HA_3", "PRIX_METRIQUE_VT_3", "ID_METRIQUE_3", "VALEUR_METRIQUE_3", "T_PV_HT", "T_PA_HT", "T_PV_TTC", "T_POIDS", "ID_MODE_VENTE_ARTICLE", "OBJET_INSPECTE", "TARIF_Q18_HT", "INFOS_OBJET_INSPECTE", "Q18", "ID_CONTACT", "INDICE_0", "REFERENTIEL_INSPECTION", "CODE_MISSION", "POURCENT_SERVICE", "INDICE_N", "LOCAL_OBJET_INSPECTE", "MONTANT_INITIAL", "SOUS_ACTIVITE", "DATE_FIN", "ACTIVITE", "NOM_MISSION", "DATE", "MONTANT_REVISABLE", "MODIFICATION_DATE", "ID_USER_COMMON_CREATE", "ID_USER_COMMON_MODIFY", "CREATION_DATE", "ACOMPTE", "POURCENT_ACOMPTE", "POURCENT_REMISE", "SITUATION_ADMIN", "QTE_ACHAT", "CODE_DOUANIER", "ID_PAYS", "ID_DEVISE", "PV_U_DEVISE", "PV_T_DEVISE", "TAUX_DEVISE", "DESCRIPTIF", "MARGE_HT", "QTE_UNITAIRE", "ID_UNITE_VENTE", "ID_ARTICLE", "POIDS_COLIS_NET", "T_POIDS_COLIS_NET", "NB_COLIS", "MONTANT_REMISE", "ID_FAMILLE_ARTICLE", "NIVEAU", "RETOUR_STOCK", "ID_ECO_CONTRIBUTION", "ECO_CONTRIBUTION", "T_ECO_CONTRIBUTION", "ID_DEPOT_STOCK", "LONGUEUR", "LARGEUR", "HAUTEUR", "TARE", "T_POIDS_BRUT", "ID_ARTICLE_DECLINAISON_TAILLE", "ID_ARTICLE_DECLINAISON_COULEUR") FROM stdin;
1	2		Indéfini	0.000000	0.000000	2	0	0	0.00000000	1	1	f	0.000000	0.000000	0	1	0.000000	0.000000	0	1	0.000000	0.000000	1	0	0.000000	0.000000	0.00	0	5		0.000000		f	1	0				0		0.000000		\N			\N	f	\N	1	1	\N	f	100.00	0.00000000		1		1	1	0.000000	0.000000	1.00000000		0.000000	1.000000	2	1	0.00000000	1.00000000	0	\N	1	1	f	1	0.00	0.00	1	\N	\N	\N	\N	0.00000000	1	1
\.


--
-- TOC entry 23406 (class 0 OID 6909367)
-- Dependencies: 378
-- Data for Name: AVOIR_FOURNISSEUR; Type: TABLE DATA; Schema: Default; Owner: openconcerto
--

COPY "Default"."AVOIR_FOURNISSEUR" ("ID", "ORDRE", "ARCHIVE", "ID_FOURNISSEUR", "DATE", "SOLDE", "A_DEDUIRE", "ID_MOUVEMENT", "ID_TAXE", "NUMERO", "ID_MODE_REGLEMENT", "MONTANT_HT", "MONTANT_TVA", "MONTANT_TTC", "NOM", "ID_COMPTE_PCE", "IMMO", "ID_USER_COMMON_MODIFY", "MODIFICATION_DATE", "ID_USER_COMMON_CREATE", "CREATION_DATE", "INFOS") FROM stdin;
1	0.00000000	0	1	\N	f	f	1	1		1	0	0	0		1	f	1	\N	1	\N	
\.


--
-- TOC entry 23408 (class 0 OID 6909393)
-- Dependencies: 380
-- Data for Name: AXE_ANALYTIQUE; Type: TABLE DATA; Schema: Default; Owner: openconcerto
--

COPY "Default"."AXE_ANALYTIQUE" ("ARCHIVE", "ORDRE", "ID", "NOM", "MODIFICATION_DATE", "ID_USER_COMMON_MODIFY", "ID_USER_COMMON_CREATE", "CREATION_DATE", "TYPE") FROM stdin;
0	0.00000000	1	Indéfini	\N	1	1	\N	
\.


--
-- TOC entry 23410 (class 0 OID 6909406)
-- Dependencies: 382
-- Data for Name: AYANT_DROIT; Type: TABLE DATA; Schema: Default; Owner: openconcerto
--

COPY "Default"."AYANT_DROIT" ("ID", "NOM", "ID_SALARIE", "ID_AYANT_DROIT_TYPE", "REGIME_ALSACE", "NIR", "PRENOMS", "CODE_ORGANISME_AFFILIATION", "CODE_OPTION", "NIR_OUVRANT_DROIT", "DATE_DEBUT_RATTACHEMENT", "DATE_FIN_RATTACHEMENT", "DATE_NAISSANCE", "ARCHIVE", "ORDRE") FROM stdin;
1		1	1	f						\N	\N	\N	0	0.00000000
\.


--
-- TOC entry 23412 (class 0 OID 6909425)
-- Dependencies: 384
-- Data for Name: BANQUE; Type: TABLE DATA; Schema: Default; Owner: openconcerto
--

COPY "Default"."BANQUE" ("ID", "ID_JOURNAL", "INFOS", "NUMERO_RUE", "RUE", "IBAN", "BIC", "VOIE", "VILLE", "NOM", "DOMICILIATION", "CODE", "AFFACTURAGE", "ID_COMPTE_PCE", "ARCHIVE", "ORDRE", "ID_COMPTE_PCE_CB_ATTENTE", "ID_JOURNAL_CB_ATTENTE", "ID_COMPTE_PCE_FRAIS_CB") FROM stdin;
1	1											f	1	0	0.00000000	1	1	1
\.


--
-- TOC entry 23414 (class 0 OID 6909448)
-- Dependencies: 386
-- Data for Name: BON_DE_LIVRAISON; Type: TABLE DATA; Schema: Default; Owner: openconcerto
--

COPY "Default"."BON_DE_LIVRAISON" ("ARCHIVE", "ORDRE", "ID", "DATE", "ID_SAISIE_VENTE_FACTURE", "NUMERO", "ID_CLIENT", "INFOS", "TOTAL_HT", "TOTAL_TVA", "TOTAL_TTC", "TOTAL_POIDS", "ID_COMMANDE_CLIENT", "NOM", "ID_USER_COMMON_MODIFY", "MODIFICATION_DATE", "ID_USER_COMMON_CREATE", "CREATION_DATE", "SOURCE", "IDSOURCE", "T_DEVISE", "T_POIDS", "ID_TARIF", "ID_MODELE", "DATE_LIVRAISON", "ID_ADRESSE", "ID_ADRESSE_LIVRAISON", "POURCENT_REMISE", "MONTANT_REMISE", "ID_CONTACT", "ID_CLIENT_DEPARTEMENT", "TOTAL_DEVISE", "TOTAL_SERVICE", "ID_TAXE_PORT", "PORT_HT", "REMISE_HT", "CREATE_VIRTUAL_STOCK", "T_ECO_CONTRIBUTION", "FRAIS_DOCUMENT_HT", "ID_TAXE_FRAIS_DOCUMENT", "ID_COMMERCIAL", "ID_CATEGORIE_COMPTABLE", "VERROU_FACTURATION", "ID_LOT", "T_ACOMPTE", "MONTANT_INTERFEL_HT") FROM stdin;
0	0.00000000	1	2006-01-01	1	 	1	 	0	0	0	0	1		1	\N	1	\N		1	0	0	1	1	\N	1	1	\N	\N	1	1	0	0	1	0	0	t	0	0	1	1	1	f	\N	0	0
\.


--
-- TOC entry 23415 (class 0 OID 6909491)
-- Dependencies: 387
-- Data for Name: BON_DE_LIVRAISON_ELEMENT; Type: TABLE DATA; Schema: Default; Owner: openconcerto
--

COPY "Default"."BON_DE_LIVRAISON_ELEMENT" ("ID_SAISIE_VENTE_FACTURE_ELEMENT", "QTE_A_LIVRER", "QTE_LIVREE", "ID", "CODE", "NOM", "PV_HT", "QTE", "ID_TAXE", "POIDS", "ID_BON_DE_LIVRAISON", "ARCHIVE", "ORDRE", "VALEUR_METRIQUE_1", "PRIX_METRIQUE_VT_1", "PRIX_METRIQUE_HA_1", "ID_METRIQUE_1", "VALEUR_METRIQUE_2", "PRIX_METRIQUE_VT_2", "PRIX_METRIQUE_HA_2", "ID_METRIQUE_2", "VALEUR_METRIQUE_3", "PRIX_METRIQUE_HA_3", "PRIX_METRIQUE_VT_3", "ID_METRIQUE_3", "PA_HT", "T_POIDS", "T_PV_HT", "T_PA_HT", "T_PV_TTC", "SERVICE", "ID_STYLE", "T_POIDS_LIVREE", "ID_MODE_VENTE_ARTICLE", "MODIFICATION_DATE", "ID_USER_COMMON_CREATE", "ID_USER_COMMON_MODIFY", "CREATION_DATE", "QTE_ACHAT", "CODE_DOUANIER", "ID_PAYS", "ID_DEVISE", "PV_U_DEVISE", "POURCENT_REMISE", "PV_T_DEVISE", "TAUX_DEVISE", "DESCRIPTIF", "MARGE_HT", "QTE_UNITAIRE", "ID_UNITE_VENTE", "ID_ARTICLE", "POIDS_COLIS_NET", "T_POIDS_COLIS_NET", "NB_COLIS", "MONTANT_REMISE", "ID_FAMILLE_ARTICLE", "NIVEAU", "ID_ECO_CONTRIBUTION", "ECO_CONTRIBUTION", "T_ECO_CONTRIBUTION", "ID_COMMANDE_CLIENT_ELEMENT", "ID_DEPOT_STOCK", "ID_DEVIS_ELEMENT", "LONGUEUR", "LARGEUR", "HAUTEUR", "TARE", "T_POIDS_BRUT", "ID_ARTICLE_DECLINAISON_TAILLE", "ID_ARTICLE_DECLINAISON_COULEUR") FROM stdin;
1	0	0	1	 	 	0.000000	1	2	0	1	0	0.00000000	0	0.000000	0.000000	1	0	0.000000	0.000000	1	0	0.000000	0.000000	1	0.000000	0	0.000000	0.000000	0.00	f	2	0	5	\N	1	1	\N	1		1	1	0.000000	0.00000000	0.000000	1.00000000		0.000000	1.000000	2	1	0.00000000	1.00000000	0	\N	1	1	1	0.00	0.00	1	1	1	\N	\N	\N	\N	0.00000000	1	1
\.


--
-- TOC entry 23418 (class 0 OID 6909562)
-- Dependencies: 390
-- Data for Name: BON_RECEPTION; Type: TABLE DATA; Schema: Default; Owner: openconcerto
--

COPY "Default"."BON_RECEPTION" ("ID", "DATE", "NUMERO", "ID_FOURNISSEUR", "INFOS", "TOTAL_HT", "TOTAL_TTC", "TOTAL_TVA", "TOTAL_POIDS", "NOM", "ARCHIVE", "ORDRE", "ID_COMMANDE", "MODIFICATION_DATE", "ID_USER_COMMON_MODIFY", "ID_USER_COMMON_CREATE", "CREATION_DATE", "ID_DEVISE", "T_DEVISE", "CREATE_VIRTUAL_STOCK", "T_ECO_CONTRIBUTION", "ID_TAXE_PORT", "PORT_HT", "REMISE_HT", "ID_MODELE") FROM stdin;
1	\N	"	1		0	0	0	0		0	0.00000000	1	\N	1	1	\N	1	0	t	0	1	0	0	1
\.


--
-- TOC entry 23419 (class 0 OID 6909588)
-- Dependencies: 391
-- Data for Name: BON_RECEPTION_ELEMENT; Type: TABLE DATA; Schema: Default; Owner: openconcerto
--

COPY "Default"."BON_RECEPTION_ELEMENT" ("ID", "CODE", "NOM", "QTE", "ID_TAXE", "POIDS", "ID_BON_RECEPTION", "ARCHIVE", "ORDRE", "VALEUR_METRIQUE_1", "PRIX_METRIQUE_HA_1", "PRIX_METRIQUE_VT_1", "ID_METRIQUE_1", "VALEUR_METRIQUE_2", "PRIX_METRIQUE_VT_2", "PRIX_METRIQUE_HA_2", "ID_METRIQUE_2", "VALEUR_METRIQUE_3", "PRIX_METRIQUE_VT_3", "PRIX_METRIQUE_HA_3", "ID_METRIQUE_3", "PA_HT", "T_POIDS", "T_PV_HT", "T_PV_TTC", "T_PA_HT", "SERVICE", "ID_STYLE", "PV_HT", "T_PA_TTC", "ID_MODE_VENTE_ARTICLE", "MODIFICATION_DATE", "ID_USER_COMMON_CREATE", "ID_USER_COMMON_MODIFY", "CREATION_DATE", "QTE_ACHAT", "PA_DEVISE", "ID_DEVISE", "PA_DEVISE_T", "QTE_UNITAIRE", "ID_UNITE_VENTE", "ID_ARTICLE", "ID_CODE_FOURNISSEUR", "DESCRIPTIF", "NIVEAU", "ID_ECO_CONTRIBUTION", "ECO_CONTRIBUTION", "T_ECO_CONTRIBUTION", "ID_COMMANDE_ELEMENT", "ID_DEMANDE_ACHAT_ELEMENT", "ID_FAMILLE_ARTICLE", "QTE_ORIGINE", "ID_DEPOT_STOCK", "LONGUEUR", "LARGEUR", "HAUTEUR", "POIDS_COLIS_NET", "T_POIDS_COLIS_NET", "NB_COLIS", "TARE", "T_POIDS_BRUT", "ID_ARTICLE_DECLINAISON_TAILLE", "ID_ARTICLE_DECLINAISON_COULEUR", "ID_LOT") FROM stdin;
1			1	2	0	1	0	0.00000000	0	0.000000	0.000000	1	0	0.000000	0.000000	1	0	0.000000	0.000000	1	0.000000	0	0.000000	0.00	0.000000	f	2	0.000000	0.00	5	\N	1	1	\N	1	0.000000	1	0.000000	1.000000	2	1	1		1	1	0.00	0.00	1	1	1	\N	1	\N	\N	\N	0.00000000	1.00000000	0	\N	0.00000000	1	1	\N
\.


--
-- TOC entry 23422 (class 0 OID 6909653)
-- Dependencies: 394
-- Data for Name: CAISSE; Type: TABLE DATA; Schema: Default; Owner: openconcerto
--

COPY "Default"."CAISSE" ("NOM", "NUMERO", "ARCHIVE", "ORDRE", "ID", "ID_DERNIERE_CLOTURE") FROM stdin;
		0	0.00000000	1	\N
\.


--
-- TOC entry 23423 (class 0 OID 6909663)
-- Dependencies: 395
-- Data for Name: CAISSE_CLOTURE; Type: TABLE DATA; Schema: Default; Owner: openconcerto
--

COPY "Default"."CAISSE_CLOTURE" ("ID", "ID_USER_COMMON_CREATE", "ID_USER_COMMON_MODIFY", "CREATION_DATE", "MODIFICATION_DATE", "ID_ENTREE_JOURNAL", "PERIODE", "DEBUT", "FIN", "TOTAL_TTC", "PREMIER_TICKET", "PREMIER_TICKET_HASH", "DERNIER_TICKET", "DERNIER_TICKET_HASH", "ARCHIVE") FROM stdin;
\.


--
-- TOC entry 23426 (class 0 OID 6909679)
-- Dependencies: 398
-- Data for Name: CAISSE_JOURNAL; Type: TABLE DATA; Schema: Default; Owner: openconcerto
--

COPY "Default"."CAISSE_JOURNAL" ("ID", "ID_USER_COMMON_CREATE", "ID_USER_COMMON_MODIFY", "CREATION_DATE", "MODIFICATION_DATE", "ID_CAISSE", "DATE", "ID_USER", "EVT", "CREATOR", "CREATOR_VERSION", "ARCHIVE", "HOST_NAME", "HOST_USER") FROM stdin;
\.


--
-- TOC entry 23428 (class 0 OID 6909695)
-- Dependencies: 400
-- Data for Name: CALENDAR_ITEM; Type: TABLE DATA; Schema: Default; Owner: openconcerto
--

COPY "Default"."CALENDAR_ITEM" ("ID", "START", "END", "DURATION_S", "SUMMARY", "DESCRIPTION", "FLAGS", "STATUS", "ID_CALENDAR_ITEM_GROUP", "SOURCE_ID", "SOURCE_TABLE", "ARCHIVE", "ORDRE", "UID", "LOCATION") FROM stdin;
1	\N	\N	0					\N	\N		0	0.00000000		
\.


--
-- TOC entry 23429 (class 0 OID 6909712)
-- Dependencies: 401
-- Data for Name: CALENDAR_ITEM_GROUP; Type: TABLE DATA; Schema: Default; Owner: openconcerto
--

COPY "Default"."CALENDAR_ITEM_GROUP" ("ID", "NAME", "DESCRIPTION", "ARCHIVE", "ORDRE") FROM stdin;
1			0	0.00000000
\.


--
-- TOC entry 23432 (class 0 OID 6909726)
-- Dependencies: 404
-- Data for Name: CATEGORIE_CLIENT; Type: TABLE DATA; Schema: Default; Owner: openconcerto
--

COPY "Default"."CATEGORIE_CLIENT" ("ID", "NOM", "ARCHIVE", "ORDRE") FROM stdin;
1		0	0.00000000
\.


--
-- TOC entry 23434 (class 0 OID 6909737)
-- Dependencies: 406
-- Data for Name: CATEGORIE_COMPTABLE; Type: TABLE DATA; Schema: Default; Owner: openconcerto
--

COPY "Default"."CATEGORIE_COMPTABLE" ("ID", "NOM", "ID_TAXE_VENTE", "ID_TAXE_ACHAT", "ID_COMPTE_PCE_VENTE", "ID_COMPTE_PCE_ACHAT", "ARCHIVE", "ORDRE") FROM stdin;
1		1	1	1	1	0	0.00000000
\.


--
-- TOC entry 23436 (class 0 OID 6909748)
-- Dependencies: 408
-- Data for Name: CHEQUE_AVOIR_CLIENT; Type: TABLE DATA; Schema: Default; Owner: openconcerto
--

COPY "Default"."CHEQUE_AVOIR_CLIENT" ("ID", "ID_CLIENT", "MONTANT", "DECAISSE", "ID_MOUVEMENT", "DATE_AVOIR", "DATE_MIN_DECAISSE", "ARCHIVE", "ORDRE", "DATE_DECAISSE", "ID_USER_COMMON_MODIFY", "MODIFICATION_DATE", "ID_USER_COMMON_CREATE", "CREATION_DATE", "DATE", "NUMERO", "ETS", "REG_COMPTA", "ID_BANQUE") FROM stdin;
1	1	0	f	1	\N	\N	0	0.00000000	\N	1	\N	1	\N	\N			f	1
\.


--
-- TOC entry 23438 (class 0 OID 6909768)
-- Dependencies: 410
-- Data for Name: CHEQUE_A_ENCAISSER; Type: TABLE DATA; Schema: Default; Owner: openconcerto
--

COPY "Default"."CHEQUE_A_ENCAISSER" ("ID", "ID_CLIENT", "MONTANT", "ENCAISSE", "ID_MOUVEMENT", "ARCHIVE", "ORDRE", "DATE_MIN_DEPOT", "DATE_VENTE", "DATE_DEPOT", "ID_USER_COMMON_MODIFY", "MODIFICATION_DATE", "ID_USER_COMMON_CREATE", "CREATION_DATE", "DATE", "NUMERO", "ETS", "REG_COMPTA", "ID_BANQUE", "SANS_VALEUR_ENCAISSEMENT", "TIERS", "ID_COMPTE_PCE_TIERS") FROM stdin;
1	1	0	f	1	0	0.00000000	2006-01-01	2006-01-01	2006-01-01	1	\N	1	\N	\N			f	1	t		1
\.


--
-- TOC entry 23440 (class 0 OID 6909790)
-- Dependencies: 412
-- Data for Name: CHEQUE_FOURNISSEUR; Type: TABLE DATA; Schema: Default; Owner: openconcerto
--

COPY "Default"."CHEQUE_FOURNISSEUR" ("ARCHIVE", "ORDRE", "ID", "ID_FOURNISSEUR", "MONTANT", "DECAISSE", "ID_MOUVEMENT", "DATE_ACHAT", "DATE_MIN_DECAISSE", "DATE_DECAISSE", "MODIFICATION_DATE", "ID_USER_COMMON_MODIFY", "ID_USER_COMMON_CREATE", "CREATION_DATE", "DATE", "NUMERO", "ETS", "REG_COMPTA", "ID_BANQUE", "SANS_VALEUR_ENCAISSEMENT") FROM stdin;
0	0.00000000	1	1	0	f	1	\N	\N	\N	\N	1	1	\N	\N			f	1	t
\.


--
-- TOC entry 23442 (class 0 OID 6909810)
-- Dependencies: 414
-- Data for Name: CHIFFRAGE_COMMANDE_CLIENT; Type: TABLE DATA; Schema: Default; Owner: openconcerto
--

COPY "Default"."CHIFFRAGE_COMMANDE_CLIENT" ("ID", "NOM", "ID_COMMANDE_CLIENT", "ID_UNITE_VENTE", "ID_FAMILLE_ARTICLE", "QTE", "PA_HT", "PV_HT", "T_PV_HT", "T_PA_HT", "MARGE", "ARCHIVE", "ORDRE") FROM stdin;
1		1	1	1	0.00000000	0.00000000	0.00000000	0.00000000	0.00000000	0.00000000	0	0.00000000
\.


--
-- TOC entry 23444 (class 0 OID 6909826)
-- Dependencies: 416
-- Data for Name: CLASSEMENT_CONVENTIONNEL; Type: TABLE DATA; Schema: Default; Owner: openconcerto
--

COPY "Default"."CLASSEMENT_CONVENTIONNEL" ("ID", "NIVEAU", "COEFF", "INDICE", "POSITION", "ECHELON", "ARCHIVE", "ORDRE", "MODIFICATION_DATE", "ID_USER_COMMON_MODIFY", "ID_USER_COMMON_CREATE", "CREATION_DATE") FROM stdin;
1	Indéfini	Indéfini	Indéfini	Indéfini	Indéfini	0	1.00000000	\N	1	1	\N
\.


--
-- TOC entry 23446 (class 0 OID 6909839)
-- Dependencies: 418
-- Data for Name: CLASSE_COMPTE; Type: TABLE DATA; Schema: Default; Owner: openconcerto
--

COPY "Default"."CLASSE_COMPTE" ("ID", "NOM", "TYPE_NUMERO_COMPTE", "ORDRE", "ARCHIVE", "ID_USER_COMMON_MODIFY", "MODIFICATION_DATE", "ID_USER_COMMON_CREATE", "CREATION_DATE") FROM stdin;
1	Indéfini	 	\N	0	1	\N	1	\N
2	1 - Capitaux	^1.*$	\N	0	1	\N	1	\N
3	2 - Immobilisations	^2.*$	\N	0	1	\N	1	\N
4	3 - Stocks	^3.*$	\N	0	1	\N	1	\N
5	42-49 - Autres Tiers	^4$|^4[^0-1].*$	\N	0	1	\N	1	\N
6	5 - Financier	^5.*$	\N	0	1	\N	1	\N
7	6 - Charges	^6.*$	\N	0	1	\N	1	\N
8	7 - Produits	^7.*$	\N	0	1	\N	1	\N
9	41 - Clients	^4$|^41.*$	\N	0	1	\N	1	\N
10	40 - Fournisseurs	^4$|^40.*$	\N	0	1	\N	1	\N
11	8 - Comptes spéciaux	^8.*$	\N	0	1	\N	1	\N
\.


--
-- TOC entry 23448 (class 0 OID 6909852)
-- Dependencies: 420
-- Data for Name: CLIENT; Type: TABLE DATA; Schema: Default; Owner: openconcerto
--

COPY "Default"."CLIENT" ("ID", "FORME_JURIDIQUE", "NOM", "CODE", "TEL", "MAIL", "FAX", "NUMERO_TVA", "ID_ADRESSE", "ARCHIVE", "ORDRE", "RESPONSABLE", "ID_ADRESSE_L", "INFOS", "TEL_P", "RESPONSABLE_TECH", "TEL_P_TECH", "TEL_TECH", "MAIL_TECH", "RESPONSABLE_COM", "TEL_P_COM", "MAIL_COM", "TEL_COM", "ID_MODE_REGLEMENT", "ID_ADRESSE_F", "FAX_TECH", "FAX_COM", "ID_COMPTE_PCE", "SIRET", "RIB", "MARCHE_PUBLIC", "MARCHE_PRIVE", "AFFACTURAGE", "MAX_FACTURE", "COMPTANT", "COMPTE_CLIENT_AUTO", "MODIFICATION_DATE", "ID_USER_COMMON_CREATE", "ID_USER_COMMON_MODIFY", "CREATION_DATE", "ID_TARIF", "ID_PAYS", "ID_LANGUE", "ID_DEVISE", "BLOQUE_LIVRAISON", "BLOQUE", "ID_COMPTE_PCE_SERVICE", "ID_COMPTE_PCE_PRODUIT", "ENCOURS_MAX", "CATEGORIES", "NOTE_FINANCIERE", "CENTRE_GESTION", "METHODE_RELANCE", "SITE_INTERNET", "GROUPE", "ID_COMMERCIAL", "TIMBRE_FISCAL", "OBSOLETE", "REMIND_DATE", "SOLDE_COMPTE", "ATTACHMENTS", "COMMENTAIRES", "CODE_FOURNISSEUR", "CONDITIONS_LIVRAISON", "DATE", "IBAN", "BIC", "ACCEPTE_EMAIL", "ACCEPTE_COURRIER", "ACCEPTE_SMS", "ACCEPTE_TEL", "ID_FRAIS_DOCUMENT", "ID_CATEGORIE_COMPTABLE", "ID_SEPA_MANDATE_DEFAULT", "ALERTE", "INTERFEL") FROM stdin;
1	 	 	 	 	 	 	 	1	0	0.00000000	 	1	 										1	1			1			f	f	f	0	f	f	\N	1	1	\N	1	1	1	1	f	f	1	1	0.00							1	f	f	\N	0.000000	0				\N			f	f	f	f	1	1	\N		f
\.


--
-- TOC entry 23449 (class 0 OID 6909926)
-- Dependencies: 421
-- Data for Name: CLIENT_DEPARTEMENT; Type: TABLE DATA; Schema: Default; Owner: openconcerto
--

COPY "Default"."CLIENT_DEPARTEMENT" ("ID", "ID_CLIENT", "ID_ADRESSE", "INFOS", "NOM", "ARCHIVE", "ORDRE") FROM stdin;
1	1	1			0	0.00000000
\.


--
-- TOC entry 23452 (class 0 OID 6909942)
-- Dependencies: 424
-- Data for Name: CODE_CARACT_ACTIVITE; Type: TABLE DATA; Schema: Default; Owner: openconcerto
--

COPY "Default"."CODE_CARACT_ACTIVITE" ("ID", "CODE", "NOM", "ARCHIVE", "ORDRE", "MODIFICATION_DATE", "ID_USER_COMMON_MODIFY", "ID_USER_COMMON_CREATE", "CREATION_DATE") FROM stdin;
1	 	Indéfini	0	0.00000000	\N	1	1	\N
3	02	temps partiel	0	1.00000000	\N	1	1	\N
4	04	intermittent	0	2.00000000	\N	1	1	\N
5	05	domicile	0	3.00000000	\N	1	1	\N
6	06	saisonnier	0	4.00000000	\N	1	1	\N
2	01	temps plein	0	5.00000000	\N	1	1	\N
8	08	occasionnel	0	6.00000000	\N	1	1	\N
9	09	temps non complet (réservé secteur public)	0	7.00000000	\N	1	1	\N
10	10	forfait jour	0	8.00000000	\N	1	1	\N
11	90	sans complément de contrat	0	9.00000000	\N	1	1	\N
7	07	vacataire	0	10.00000000	\N	1	1	\N
\.


--
-- TOC entry 23454 (class 0 OID 6909952)
-- Dependencies: 426
-- Data for Name: CODE_CONTRAT_TRAVAIL; Type: TABLE DATA; Schema: Default; Owner: openconcerto
--

COPY "Default"."CODE_CONTRAT_TRAVAIL" ("ID", "CODE", "NOM", "ARCHIVE", "ORDRE", "ID_USER_COMMON_MODIFY", "MODIFICATION_DATE", "ID_USER_COMMON_CREATE", "CREATION_DATE") FROM stdin;
1	 	Indéfini	0	0.00000000	1	\N	1	\N
3	02	contrat à durée déterminée	0	1.00000000	1	\N	1	\N
4	03	contrat de travail temporaire (mission)	0	2.00000000	1	\N	1	\N
7	06	contrat emploi jeunes	0	5.00000000	1	\N	1	\N
2	01	contrat à durée indéterminée	0	6.00000000	1	\N	1	\N
9	08	assistant d'éducation (IRCANTEC)	0	7.00000000	1	\N	1	\N
10	20	mandat électif (IRCANTEC)	0	8.00000000	1	\N	1	\N
11	21	arrêté de nomination (médecin) (IRCANTEC)	0	9.00000000	1	\N	1	\N
12	22	arrêté municipal (IRCANTEC)	0	10.00000000	1	\N	1	\N
13	90	sans contrat	0	11.00000000	1	\N	1	\N
8	07	contrat emploi solidarité	0	12.00000000	1	\N	1	\N
5	04	contrat d'apprentissage entreprises artisanales ou de 10 salariés au plus 	0	3.00000000	1	\N	1	\N
6	05	contrat d'apprentissage entreprises non artisanales de plus de 10 salariés	0	4.00000000	1	\N	1	\N
\.


--
-- TOC entry 23456 (class 0 OID 6909962)
-- Dependencies: 428
-- Data for Name: CODE_DROIT_CONTRAT; Type: TABLE DATA; Schema: Default; Owner: openconcerto
--

COPY "Default"."CODE_DROIT_CONTRAT" ("ID", "CODE", "NOM", "ARCHIVE", "ORDRE", "ID_USER_COMMON_MODIFY", "MODIFICATION_DATE", "ID_USER_COMMON_CREATE", "CREATION_DATE") FROM stdin;
1	 	Indéfini	0	0.00000000	1	\N	1	\N
2	01	contrat de droit privé	0	1.00000000	1	\N	1	\N
3	02	pas de contrat de travail de droit privé	0	2.00000000	1	\N	1	\N
\.


--
-- TOC entry 23458 (class 0 OID 6909972)
-- Dependencies: 430
-- Data for Name: CODE_EMPLOI; Type: TABLE DATA; Schema: Default; Owner: openconcerto
--

COPY "Default"."CODE_EMPLOI" ("ID", "CODE", "NOM", "ARCHIVE", "ORDRE", "MODIFICATION_DATE", "ID_USER_COMMON_MODIFY", "ID_USER_COMMON_CREATE", "CREATION_DATE") FROM stdin;
840	521a	Employés de la Poste	0	217.00000000	\N	1	1	\N
886	553c	Autres vendeurs non spécialisés	0	263.00000000	\N	1	1	\N
627	231a	Chefs de grande entreprise de 500 salariés et plus	0	4.00000000	\N	1	1	\N
628	232a	Chefs de moyenne entreprise, de 50 à 499 salariés	0	5.00000000	\N	1	1	\N
629	233a	Chefs d'entreprise du bâtiment et des travaux publics, de 10 à 49 salariés	0	6.00000000	\N	1	1	\N
630	233b	Chefs d'entreprise de l'industrie ou des transports, de 10 à 49 salariés	0	7.00000000	\N	1	1	\N
631	233c	Chefs d'entreprise commerciale, de 10 à 49 salariés	0	8.00000000	\N	1	1	\N
632	233d	Chefs d'entreprise de services, de 10 à 49 salariés	0	9.00000000	\N	1	1	\N
633	311c	Chirurgiens dentistes	0	10.00000000	\N	1	1	\N
634	311d	Psychologues, psychanalystes, psychothérapeutes (non médecins)	0	11.00000000	\N	1	1	\N
635	311e	Vétérinaires	0	12.00000000	\N	1	1	\N
636	312a	Avocats	0	13.00000000	\N	1	1	\N
637	331a	Personnels de direction de la fonction publique (Etat, collectivités locales, hôpitaux)	0	14.00000000	\N	1	1	\N
638	332a	Ingénieurs de l'Etat et assimilés	0	15.00000000	\N	1	1	\N
639	332b	Ingénieurs des collectivités locales et des hôpitaux	0	16.00000000	\N	1	1	\N
640	333c	Cadres de la Poste	0	17.00000000	\N	1	1	\N
641	333d	Cadres administratifs de France Télécom (statut public)	0	18.00000000	\N	1	1	\N
642	333e	Autres personnels administratifs de catégorie A de l'Etat et assimilés (hors Enseignement, Patrimoine)	0	19.00000000	\N	1	1	\N
643	333f	Personnel administratif de catégorie A des collectivités locales et hôpitaux publics (hors Enseignement, Patrimoine)	0	20.00000000	\N	1	1	\N
644	341a	Professeurs agrégés et certifiés de l'enseignement secondaire	0	21.00000000	\N	1	1	\N
645	341b	Chefs d'établissement de l'enseignement secondaire et inspecteurs	0	22.00000000	\N	1	1	\N
646	342b	Professeurs et maîtres de conférences	0	23.00000000	\N	1	1	\N
647	342c	Professeurs agrégés et certifiés en fonction dans l'enseignement supérieur	0	24.00000000	\N	1	1	\N
648	342d	Personnel enseignant temporaire de l'enseignement supérieur	0	25.00000000	\N	1	1	\N
649	342f	Directeurs et chargés de recherche de la recherche publique	0	26.00000000	\N	1	1	\N
650	342g	Ingénieurs d'étude et de recherche de la recherche publique	0	27.00000000	\N	1	1	\N
651	342h	Allocataires de la recherche publique	0	28.00000000	\N	1	1	\N
652	343a	Psychologues spécialistes de l'orientation scolaire et professionnelle	0	29.00000000	\N	1	1	\N
653	344a	Médecins hospitaliers sans activité libérale	0	30.00000000	\N	1	1	\N
654	344b	Médecins salariés non hospitaliers	0	31.00000000	\N	1	1	\N
655	344c	Internes en médecine, odontologie et pharmacie	0	32.00000000	\N	1	1	\N
656	344d	Pharmaciens salariés	0	33.00000000	\N	1	1	\N
657	351a	Bibliothécaires, archivistes, conservateurs et autres cadres du patrimoine	0	34.00000000	\N	1	1	\N
658	352a	Journalistes (y c. rédacteurs en chef)	0	35.00000000	\N	1	1	\N
659	352b	Auteurs littéraires, scénaristes, dialoguistes	0	36.00000000	\N	1	1	\N
660	353a	Directeurs de journaux, administrateurs de presse, directeurs d'éditions (littéraire, musicale, audiovisuelle et multimédia)	0	37.00000000	\N	1	1	\N
661	353b	Directeurs, responsables de programmation et de production de l'audiovisuel et des spectacles	0	38.00000000	\N	1	1	\N
662	353c	Cadres artistiques et technico-artistiques de la réalisation de l'audiovisuel et des spectacles	0	39.00000000	\N	1	1	\N
663	354a	Artistes plasticiens	0	40.00000000	\N	1	1	\N
664	354b	Artistes de la musique et du chant	0	41.00000000	\N	1	1	\N
665	354c	Artistes dramatiques	0	42.00000000	\N	1	1	\N
666	354e	Artistes de la danse	0	43.00000000	\N	1	1	\N
667	354f	Artistes du cirque et des spectacles divers	0	44.00000000	\N	1	1	\N
668	354g	Professeurs d'art (hors établissements scolaires)	0	45.00000000	\N	1	1	\N
669	371a	Cadres d'état-major administratifs, financiers, commerciaux des grandes entreprises	0	46.00000000	\N	1	1	\N
670	372a	Cadres chargés d'études économiques, financières, commerciales	0	47.00000000	\N	1	1	\N
671	372b	Cadres de l'organisation ou du contrôle des services administratifs et financiers	0	48.00000000	\N	1	1	\N
672	372c	Cadres spécialistes des ressources humaines et du recrutement	0	49.00000000	\N	1	1	\N
673	372d	Cadres spécialistes de la formation	0	50.00000000	\N	1	1	\N
675	372f	Cadres de la documentation, de l'archivage (hors fonction publique)	0	52.00000000	\N	1	1	\N
676	373a	Cadres des services financiers ou comptables des grandes entreprises	0	53.00000000	\N	1	1	\N
677	373b	Cadres des autres services administratifs des grandes entreprises	0	54.00000000	\N	1	1	\N
678	373c	Cadres des services financiers ou comptables des petites et moyennes entreprises	0	55.00000000	\N	1	1	\N
679	373d	Cadres des autres services administratifs des petites et moyennes entreprises	0	56.00000000	\N	1	1	\N
680	374a	Cadres de l'exploitation des magasins de vente du commerce de détail	0	57.00000000	\N	1	1	\N
681	374b	Chefs de produits, acheteurs du commerce et autres cadres de la mercatique	0	58.00000000	\N	1	1	\N
682	374c	Cadres commerciaux des grandes entreprises (hors commerce de détail)	0	59.00000000	\N	1	1	\N
683	374d	Cadres commerciaux des petites et moyennes entreprises (hors commerce de détail)	0	60.00000000	\N	1	1	\N
684	375a	Cadres de la publicité	0	61.00000000	\N	1	1	\N
685	375b	Cadres des relations publiques et de la communication	0	62.00000000	\N	1	1	\N
686	376a	Cadres des marchés financiers	0	63.00000000	\N	1	1	\N
687	376b	Cadres des opérations bancaires	0	64.00000000	\N	1	1	\N
688	376c	Cadres commerciaux de la banque	0	65.00000000	\N	1	1	\N
689	376d	Chefs d'établissements et responsables de l'exploitation bancaire	0	66.00000000	\N	1	1	\N
690	376e	Cadres des services techniques des assurances	0	67.00000000	\N	1	1	\N
691	376f	Cadres des services techniques des organismes de sécurité sociale et assimilés	0	68.00000000	\N	1	1	\N
692	376g	Cadres de l'immobilier	0	69.00000000	\N	1	1	\N
693	377a	Cadres de l'hôtellerie et de la restauration	0	70.00000000	\N	1	1	\N
694	380a	Directeurs techniques des grandes entreprises	0	71.00000000	\N	1	1	\N
695	381b	Ingénieurs et cadres d'étude et développement de l'agriculture, la pêche, les eaux et forêts	0	72.00000000	\N	1	1	\N
696	381c	Ingénieurs et cadres de production et d'exploitation de l'agriculture, la pêche, les eaux et forêts	0	73.00000000	\N	1	1	\N
674	372e	Juristes	0	51.00000000	\N	1	1	\N
697	382a	Ingénieurs et cadres d'étude du bâtiment et des travaux publics	0	74.00000000	\N	1	1	\N
698	382b	Architectes salariés	0	75.00000000	\N	1	1	\N
699	382c	Ingénieurs, cadres de chantier et conducteurs de travaux (cadres) du bâtiment et des travaux publics	0	76.00000000	\N	1	1	\N
700	382d	Ingénieurs et cadres technico-commerciaux en bâtiment, travaux publics	0	77.00000000	\N	1	1	\N
701	383a	Ingénieurs et cadres d'étude, recherche et développement en électricité, électronique	0	78.00000000	\N	1	1	\N
702	383b	Ingénieurs et cadres de fabrication en matériel électrique, électronique	0	79.00000000	\N	1	1	\N
703	383c	Ingénieurs et cadres technico-commerciaux en matériel électrique ou électronique professionnel	0	80.00000000	\N	1	1	\N
704	384a	Ingénieurs et cadres d'étude, recherche et développement en mécanique et travail des métaux	0	81.00000000	\N	1	1	\N
705	384b	Ingénieurs et cadres de fabrication en mécanique et travail des métaux	0	82.00000000	\N	1	1	\N
706	384c	Ingénieurs et cadres technico-commerciaux en matériel mécanique professionnel	0	83.00000000	\N	1	1	\N
707	385a	Ingénieurs et cadres d'étude, recherche et développement des industries de transformation (agroalimentaire, chimie, métallurgie, matériaux lourds)	0	84.00000000	\N	1	1	\N
708	385b	Ingénieurs et cadres de fabrication des industries de transformation (agroalimentaire, chimie, métallurgie, matériaux lourds)	0	85.00000000	\N	1	1	\N
709	385c	Ingénieurs et cadres technico-commerciaux des industries de transformations (biens intermédiaires)	0	86.00000000	\N	1	1	\N
710	386b	Ingénieurs et cadres d'étude, recherche et développement de la distribution d'énergie, eau	0	87.00000000	\N	1	1	\N
711	386c	Ingénieurs et cadres d'étude, recherche et développement des autres industries  (imprimerie, matériaux souples, ameublement et bois)	0	88.00000000	\N	1	1	\N
712	386d	Ingénieurs et cadres de la production et de la distribution d'énergie, eau	0	89.00000000	\N	1	1	\N
713	386e	Ingénieurs et cadres de fabrication des autres industries (imprimerie, matériaux souples, ameublement et bois)	0	90.00000000	\N	1	1	\N
714	387a	Ingénieurs et cadres des achats et approvisionnements industriels	0	91.00000000	\N	1	1	\N
715	387b	Ingénieurs et cadres de la logistique, du planning et de l'ordonnancement	0	92.00000000	\N	1	1	\N
716	387c	Ingénieurs et cadres des méthodes de production	0	93.00000000	\N	1	1	\N
717	387d	Ingénieurs et cadres du contrôle-qualité	0	94.00000000	\N	1	1	\N
718	387e	Ingénieurs et cadres de la maintenance, de l'entretien et des travaux neufs	0	95.00000000	\N	1	1	\N
719	387f	Ingénieurs et cadres techniques de l'environnement	0	96.00000000	\N	1	1	\N
720	388a	Ingénieurs et cadres d'étude, recherche et développement en informatique	0	97.00000000	\N	1	1	\N
721	388b	Ingénieurs et cadres d'administration, maintenance, support et services aux utilisateurs en informatique	0	98.00000000	\N	1	1	\N
722	388c	Chefs de projets informatiques, responsables informatiques	0	99.00000000	\N	1	1	\N
723	388d	Ingénieurs et cadres technico-commerciaux en informatique et télécommunications	0	100.00000000	\N	1	1	\N
724	388e	Ingénieurs et cadres spécialistes des télécommunications	0	101.00000000	\N	1	1	\N
725	389a	Ingénieurs et cadres techniques de l'exploitation des transports	0	102.00000000	\N	1	1	\N
726	389b	Officiers et cadres navigants techniques et commerciaux de l'aviation civile	0	103.00000000	\N	1	1	\N
727	389c	Officiers et cadres navigants techniques de la marine marchande	0	104.00000000	\N	1	1	\N
728	421a	Instituteurs	0	105.00000000	\N	1	1	\N
730	422a	Professeurs d'enseignement général des collèges	0	107.00000000	\N	1	1	\N
731	422b	Professeurs de lycée professionnel	0	108.00000000	\N	1	1	\N
732	422c	Maîtres auxiliaires et professeurs contractuels de l'enseignement secondaire	0	109.00000000	\N	1	1	\N
733	422d	Conseillers principaux d'éducation	0	110.00000000	\N	1	1	\N
734	422e	Surveillants et aides-éducateurs des établissements d'enseignement	0	111.00000000	\N	1	1	\N
735	423a	Moniteurs d'école de conduite	0	112.00000000	\N	1	1	\N
736	423b	Formateurs et animateurs de formation continue	0	113.00000000	\N	1	1	\N
737	424a	Moniteurs et éducateurs sportifs, sportifs professionnels	0	114.00000000	\N	1	1	\N
738	425a	Sous-bibliothécaires, cadres intermédiaires du patrimoine	0	115.00000000	\N	1	1	\N
739	431a	Cadres infirmiers et assimilés	0	116.00000000	\N	1	1	\N
740	431b	Infirmiers psychiatriques	0	117.00000000	\N	1	1	\N
741	431c	Puéricultrices	0	118.00000000	\N	1	1	\N
742	431d	Infirmiers spécialisés (autres qu'infirmiers psychiatriques et puéricultrices)	0	119.00000000	\N	1	1	\N
743	431e	Sages-femmes	0	120.00000000	\N	1	1	\N
744	431f	Infirmiers en soins généraux	0	121.00000000	\N	1	1	\N
745	432b	Masseurs-kinésithérapeutes rééducateurs	0	122.00000000	\N	1	1	\N
746	432d	Autres spécialistes de la rééducation	0	123.00000000	\N	1	1	\N
747	433a	Techniciens médicaux	0	124.00000000	\N	1	1	\N
748	433b	Opticiens lunetiers et audioprothésistes	0	125.00000000	\N	1	1	\N
749	433c	Autres spécialistes de l'appareillage médical	0	126.00000000	\N	1	1	\N
750	433d	Préparateurs en pharmacie	0	127.00000000	\N	1	1	\N
751	434a	Cadres de l'intervention socio-éducative	0	128.00000000	\N	1	1	\N
752	434b	Assistants de service social	0	129.00000000	\N	1	1	\N
753	434c	Conseillers en économie sociale familiale	0	130.00000000	\N	1	1	\N
754	434d	Educateurs spécialisés	0	131.00000000	\N	1	1	\N
755	434e	Moniteurs éducateurs	0	132.00000000	\N	1	1	\N
756	434f	Educateurs techniques spécialisés, moniteurs d'atelier	0	133.00000000	\N	1	1	\N
757	434g	Educateurs de jeunes enfants	0	134.00000000	\N	1	1	\N
758	435a	Directeurs de centres socioculturels et de loisirs	0	135.00000000	\N	1	1	\N
759	435b	Animateurs socioculturels et de loisirs	0	136.00000000	\N	1	1	\N
760	441a	Clergé séculier	0	137.00000000	\N	1	1	\N
761	441b	Clergé régulier	0	138.00000000	\N	1	1	\N
729	421b	Professeurs des écoles	0	106.00000000	\N	1	1	\N
762	451a	Professions intermédiaires de la Poste	0	139.00000000	\N	1	1	\N
763	451b	Professions intermédiaires administratives de France Télécom (statut public)	0	140.00000000	\N	1	1	\N
764	451e	Autres personnels administratifs de catégorie B de l'Etat et assimilés (hors Enseignement, Patrimoine)	0	141.00000000	\N	1	1	\N
765	451g	Professions intermédiaires administratives des collectivités locales	0	142.00000000	\N	1	1	\N
766	451h	Professions intermédiaires administratives des hôpitaux	0	143.00000000	\N	1	1	\N
767	461b	Secrétaires de direction, assistants de direction (non cadres)	0	144.00000000	\N	1	1	\N
768	461c	Secrétaires de niveau supérieur (non cadres, hors secrétaires de direction)	0	145.00000000	\N	1	1	\N
769	461d	Maîtrise et techniciens des services financiers ou comptables	0	146.00000000	\N	1	1	\N
770	461e	Maîtrise et techniciens administratifs des services juridiques ou du personnel	0	147.00000000	\N	1	1	\N
771	461f	Maîtrise et techniciens administratifs des autres services administratifs	0	148.00000000	\N	1	1	\N
772	462a	Chefs de petites surfaces de vente	0	149.00000000	\N	1	1	\N
773	462b	Maîtrise de l'exploitation des magasins de vente	0	150.00000000	\N	1	1	\N
774	462c	Acheteurs non classés cadres, aides-acheteurs	0	151.00000000	\N	1	1	\N
775	462d	Animateurs commerciaux des magasins de vente, marchandiseurs (non cadres)	0	152.00000000	\N	1	1	\N
776	462e	Autres professions intermédiaires commerciales (sauf techniciens des forces de vente)	0	153.00000000	\N	1	1	\N
777	463a	Techniciens commerciaux et technico-commerciaux, représentants en informatique	0	154.00000000	\N	1	1	\N
778	463b	Techniciens commerciaux et technico-commerciaux, représentants en biens d'équipement, en biens intermédiaires, commerce interindustriel (hors informatique)	0	155.00000000	\N	1	1	\N
779	463c	Techniciens commerciaux et technico-commerciaux, représentants en biens de consommation auprès d'entreprises	0	156.00000000	\N	1	1	\N
780	463d	Techniciens commerciaux et technico-commerciaux, représentants en services auprès d'entreprises ou de professionnels (hors banque, assurance, informatique)	0	157.00000000	\N	1	1	\N
781	463e	Techniciens commerciaux et technico-commerciaux, représentants auprès de particuliers (hors banque, assurance, informatique)	0	158.00000000	\N	1	1	\N
782	464a	Assistants de la publicité, des relations publiques	0	159.00000000	\N	1	1	\N
783	464b	Interprètes, traducteurs	0	160.00000000	\N	1	1	\N
784	465a	Concepteurs et assistants techniques des arts graphiques, de la mode et de la décoration	0	161.00000000	\N	1	1	\N
785	465b	Assistants techniques de la réalisation des spectacles vivants et audiovisuels	0	162.00000000	\N	1	1	\N
786	465c	Photographes	0	163.00000000	\N	1	1	\N
787	466a	Responsables commerciaux et administratifs des transports de voyageurs et du tourisme (non cadres)	0	164.00000000	\N	1	1	\N
788	466b	Responsables commerciaux et administratifs des transports de marchandises (non cadres)	0	165.00000000	\N	1	1	\N
789	466c	Responsables d'exploitation des transports de voyageurs et de marchandises (non cadres)	0	166.00000000	\N	1	1	\N
790	467a	Chargés de clientèle bancaire	0	167.00000000	\N	1	1	\N
791	467b	Techniciens des opérations bancaires	0	168.00000000	\N	1	1	\N
792	467c	Professions intermédiaires techniques et commerciales des assurances	0	169.00000000	\N	1	1	\N
793	467d	Professions intermédiaires techniques des organismes de sécurité sociale	0	170.00000000	\N	1	1	\N
794	468a	Maîtrise de restauration : salle et service	0	171.00000000	\N	1	1	\N
795	468b	Maîtrise de l'hébergement : hall et étages	0	172.00000000	\N	1	1	\N
796	471a	Techniciens d'étude et de conseil en agriculture, eaux et forêts	0	173.00000000	\N	1	1	\N
797	471b	Techniciens d'exploitation et de contrôle de la production en agriculture, eaux et forêts	0	174.00000000	\N	1	1	\N
798	472a	Dessinateurs en bâtiment, travaux publics	0	175.00000000	\N	1	1	\N
799	472b	Géomètres, topographes	0	176.00000000	\N	1	1	\N
800	472c	Métreurs et techniciens divers du bâtiment et des travaux publics	0	177.00000000	\N	1	1	\N
801	472d	Techniciens des travaux publics de l'Etat et des collectivités locales	0	178.00000000	\N	1	1	\N
802	473a	Dessinateurs en électricité, électromécanique et électronique	0	179.00000000	\N	1	1	\N
803	473b	Techniciens de recherche-développement et des méthodes de fabrication en électricité, électromécanique et électronique	0	180.00000000	\N	1	1	\N
804	473c	Techniciens de fabrication et de contrôle-qualité en électricité, électromécanique et électronique	0	181.00000000	\N	1	1	\N
805	474a	Dessinateurs en construction mécanique et travail des métaux	0	182.00000000	\N	1	1	\N
806	474b	Techniciens de recherche-développement et des méthodes de fabrication en construction mécanique et travail des métaux	0	183.00000000	\N	1	1	\N
807	474c	Techniciens de fabrication et de contrôle-qualité en construction mécanique et travail des métaux	0	184.00000000	\N	1	1	\N
808	475a	Techniciens de recherche-développement et des méthodes de production des industries de transformation	0	185.00000000	\N	1	1	\N
809	475b	Techniciens de production et de contrôle-qualité des industries de transformation	0	186.00000000	\N	1	1	\N
810	476a	Assistants techniques, techniciens de l'imprimerie et de l'édition	0	187.00000000	\N	1	1	\N
811	476b	Techniciens de l'industrie des matériaux souples, de l'ameublement et du bois	0	188.00000000	\N	1	1	\N
812	477a	Techniciens de la logistique, du planning et de l'ordonnancement	0	189.00000000	\N	1	1	\N
813	477b	Techniciens d'installation et de maintenance des équipements industriels (électriques, électromécaniques, mécaniques, hors informatique)	0	190.00000000	\N	1	1	\N
814	477c	Techniciens d'installation et de maintenance des équipements non industriels (hors informatique et télécommunications)	0	191.00000000	\N	1	1	\N
815	477d	Techniciens de l'environnement et du traitement des pollutions	0	192.00000000	\N	1	1	\N
816	478a	Techniciens d'étude et de développement en informatique	0	193.00000000	\N	1	1	\N
817	478b	Techniciens de production, d'exploitation en informatique	0	194.00000000	\N	1	1	\N
818	478c	Techniciens d'installation, de maintenance, support et services aux utilisateurs en informatique	0	195.00000000	\N	1	1	\N
819	478d	Techniciens des télécommunications et de l'informatique des réseaux	0	196.00000000	\N	1	1	\N
820	479a	Techniciens des laboratoires de recherche publique ou de l'enseignement	0	197.00000000	\N	1	1	\N
821	479b	Experts de niveau technicien, techniciens divers	0	198.00000000	\N	1	1	\N
822	480a	Contremaîtres et agents d'encadrement (non cadres) en agriculture, sylviculture	0	199.00000000	\N	1	1	\N
823	480b	Maîtres d'équipage de la marine marchande et de la pêche	0	200.00000000	\N	1	1	\N
824	481a	Conducteurs de travaux (non cadres)	0	201.00000000	\N	1	1	\N
825	481b	Chefs de chantier (non cadres)	0	202.00000000	\N	1	1	\N
826	482a	Agents de maîtrise en fabrication de matériel électrique, électronique	0	203.00000000	\N	1	1	\N
827	483a	Agents de maîtrise en construction mécanique, travail des métaux	0	204.00000000	\N	1	1	\N
828	484a	Agents de maîtrise en fabrication : agroalimentaire, chimie, plasturgie, pharmacie.	0	205.00000000	\N	1	1	\N
829	484b	Agents de maîtrise en fabrication : métallurgie, matériaux lourds et autres industries de transformation	0	206.00000000	\N	1	1	\N
830	485a	Agents de maîtrise et techniciens en production et distribution d'énergie, eau, chauffage	0	207.00000000	\N	1	1	\N
831	485b	Agents de maîtrise en fabrication des autres industries (imprimerie, matériaux souples, ameublement et bois)	0	208.00000000	\N	1	1	\N
832	486b	Agents de maîtrise en maintenance, installation en électricité et électronique	0	209.00000000	\N	1	1	\N
833	486c	Agents de maîtrise en maintenance, installation en électromécanique	0	210.00000000	\N	1	1	\N
834	486d	Agents de maîtrise en maintenance, installation en mécanique	0	211.00000000	\N	1	1	\N
835	486e	Agents de maîtrise en entretien général, installation, travaux neufs (hors mécanique, électromécanique, électronique)	0	212.00000000	\N	1	1	\N
836	487a	Responsables d'entrepôt, de magasinage	0	213.00000000	\N	1	1	\N
837	487b	Responsables du tri, de l'emballage, de l'expédition et autres responsables de la manutention	0	214.00000000	\N	1	1	\N
838	488a	Maîtrise de restauration  : cuisine/production	0	215.00000000	\N	1	1	\N
839	488b	Maîtrise de restauration  : gestion d'établissement	0	216.00000000	\N	1	1	\N
841	521b	Employés de France Télécom (statut public)	0	218.00000000	\N	1	1	\N
842	523b	Adjoints administratifs de l'Etat et assimilés (sauf Poste, France Télécom)	0	219.00000000	\N	1	1	\N
843	523c	Adjoints administratifs des collectivités locales	0	220.00000000	\N	1	1	\N
845	524b	Agents administratifs de l'Etat et assimilés (sauf Poste, France Télécom)	0	222.00000000	\N	1	1	\N
846	524c	Agents administratifs des collectivités locales	0	223.00000000	\N	1	1	\N
847	524d	Agents administratifs des hôpitaux publics	0	224.00000000	\N	1	1	\N
848	525a	Agents de service des établissements primaires	0	225.00000000	\N	1	1	\N
849	525b	Agents de service des autres établissements d'enseignement	0	226.00000000	\N	1	1	\N
850	525c	Agents de service de la fonction publique (sauf écoles, hôpitaux)	0	227.00000000	\N	1	1	\N
851	525d	Agents de service hospitaliers	0	228.00000000	\N	1	1	\N
852	526a	Aides-soignants	0	229.00000000	\N	1	1	\N
853	526b	Assistants dentaires, médicaux et vétérinaires, aides de techniciens médicaux	0	230.00000000	\N	1	1	\N
854	526c	Auxiliaires de puériculture	0	231.00000000	\N	1	1	\N
855	526d	Aides médico-psychologiques	0	232.00000000	\N	1	1	\N
856	526e	Ambulanciers	0	233.00000000	\N	1	1	\N
857	533a	Pompiers	0	234.00000000	\N	1	1	\N
858	533b	Agents techniques forestiers, gardes des espaces naturels	0	235.00000000	\N	1	1	\N
859	533c	Agents de surveillance du patrimoine et des administrations	0	236.00000000	\N	1	1	\N
860	534a	Agents civils de sécurité et de surveillance	0	237.00000000	\N	1	1	\N
861	534b	Convoyeurs de fonds, gardes du corps, enquêteurs privés et métiers assimilés	0	238.00000000	\N	1	1	\N
862	541b	Agents d'accueil qualifiés, hôtesses d'accueil et d'information	0	239.00000000	\N	1	1	\N
863	541c	Agents d'accueil non qualifiés	0	240.00000000	\N	1	1	\N
864	541d	Standardistes, téléphonistes	0	241.00000000	\N	1	1	\N
865	542a	Secrétaires	0	242.00000000	\N	1	1	\N
866	542b	Dactylos, sténodactylos (sans secrétariat), opérateurs de traitement de texte	0	243.00000000	\N	1	1	\N
867	543b	Employés qualifiés des services comptables ou financiers	0	244.00000000	\N	1	1	\N
868	543c	Employés non qualifiés des services comptables ou financiers	0	245.00000000	\N	1	1	\N
869	543e	Employés qualifiés des services du personnel et des services juridiques	0	246.00000000	\N	1	1	\N
870	543f	Employés qualifiés des services commerciaux des entreprises (hors vente)	0	247.00000000	\N	1	1	\N
871	543g	Employés administratifs qualifiés des autres services des entreprises	0	248.00000000	\N	1	1	\N
872	543h	Employés administratifs non qualifiés	0	249.00000000	\N	1	1	\N
873	544a	Employés et opérateurs d'exploitation en informatique	0	250.00000000	\N	1	1	\N
874	545a	Employés administratifs des services techniques de la banque	0	251.00000000	\N	1	1	\N
875	545b	Employés des services commerciaux de la banque	0	252.00000000	\N	1	1	\N
876	545c	Employés des services techniques des assurances	0	253.00000000	\N	1	1	\N
877	545d	Employés des services techniques des organismes de sécurité sociale et assimilés	0	254.00000000	\N	1	1	\N
878	546a	Contrôleurs des transports (personnels roulants)	0	255.00000000	\N	1	1	\N
879	546b	Agents des services commerciaux des transports de voyageurs et du tourisme	0	256.00000000	\N	1	1	\N
880	546c	Employés administratifs d'exploitation des transports de marchandises	0	257.00000000	\N	1	1	\N
881	546d	Hôtesses de l'air et stewards	0	258.00000000	\N	1	1	\N
882	546e	Autres agents et hôtesses d'accompagnement (transports, tourisme)	0	259.00000000	\N	1	1	\N
883	551a	Employés de libre service du commerce et magasiniers	0	260.00000000	\N	1	1	\N
884	552a	Caissiers de magasin	0	261.00000000	\N	1	1	\N
844	523d	Adjoints administratifs des hôpitaux publics	0	221.00000000	\N	1	1	\N
885	553b	Vendeurs polyvalents des grands magasins	0	262.00000000	\N	1	1	\N
887	554a	Vendeurs en alimentation	0	264.00000000	\N	1	1	\N
888	554b	Vendeurs en ameublement, décor, équipement du foyer	0	265.00000000	\N	1	1	\N
889	554c	Vendeurs en droguerie, bazar, quincaillerie, bricolage	0	266.00000000	\N	1	1	\N
890	554d	Vendeurs du commerce de fleurs	0	267.00000000	\N	1	1	\N
891	554e	Vendeurs en habillement et articles de sport	0	268.00000000	\N	1	1	\N
892	554f	Vendeurs en produits de beauté, de luxe (hors biens culturels) et optique	0	269.00000000	\N	1	1	\N
893	554g	Vendeurs de biens culturels (livres, disques, multimédia, objets d'art)	0	270.00000000	\N	1	1	\N
894	554h	Vendeurs de tabac, presse et articles divers	0	271.00000000	\N	1	1	\N
895	554j	Pompistes et gérants de station-service (salariés ou mandataires)	0	272.00000000	\N	1	1	\N
896	555a	Vendeurs par correspondance, télévendeurs	0	273.00000000	\N	1	1	\N
897	556a	Vendeurs en gros de biens d'équipement, biens intermédiaires	0	274.00000000	\N	1	1	\N
898	561b	Serveurs, commis de restaurant, garçons qualifiés	0	275.00000000	\N	1	1	\N
899	561c	Serveurs, commis de restaurant, garçons non qualifiés	0	276.00000000	\N	1	1	\N
900	561d	Aides de cuisine, apprentis de cuisine et employés polyvalents de la restauration	0	277.00000000	\N	1	1	\N
901	561e	Employés de l'hôtellerie : réception et hall	0	278.00000000	\N	1	1	\N
902	561f	Employés d'étage et employés polyvalents de l'hôtellerie	0	279.00000000	\N	1	1	\N
903	562a	Manucures, esthéticiens	0	280.00000000	\N	1	1	\N
904	562b	Coiffeurs	0	281.00000000	\N	1	1	\N
905	563a	Assistantes maternelles, gardiennes d'enfants, familles d'accueil	0	282.00000000	\N	1	1	\N
906	563b	Aides à domicile, aides ménagères, travailleuses familiales	0	283.00000000	\N	1	1	\N
907	563c	Employés de maison et personnels de ménage chez des particuliers	0	284.00000000	\N	1	1	\N
908	564a	Concierges, gardiens d'immeubles	0	285.00000000	\N	1	1	\N
909	564b	Employés des services divers	0	286.00000000	\N	1	1	\N
910	621a	Chefs d'équipe du gros oeuvre et des travaux publics	0	287.00000000	\N	1	1	\N
911	621b	Ouvriers qualifiés du travail du béton	0	288.00000000	\N	1	1	\N
912	621c	Conducteurs qualifiés d'engins de chantiers du bâtiment et des travaux publics	0	289.00000000	\N	1	1	\N
913	621d	Ouvriers des travaux publics en installations électriques et de télécommunications	0	290.00000000	\N	1	1	\N
914	621e	Autres ouvriers qualifiés des travaux publics	0	291.00000000	\N	1	1	\N
915	621f	Ouvriers qualifiés des travaux publics (salariés de l'Etat et des collectivités locales)	0	292.00000000	\N	1	1	\N
916	621g	Mineurs de fond qualifiés et autres ouvriers qualifiés des industries d'extraction (carrières, pétrole, gaz...)	0	293.00000000	\N	1	1	\N
917	622a	Opérateurs qualifiés sur machines automatiques en production électrique ou électronique	0	294.00000000	\N	1	1	\N
919	622d	Câbleurs qualifiés en électronique (prototype, unité, petite série)	0	296.00000000	\N	1	1	\N
920	622e	Autres monteurs câbleurs en électronique	0	297.00000000	\N	1	1	\N
921	622f	Bobiniers qualifiés	0	298.00000000	\N	1	1	\N
922	622g	Plate-formistes, contrôleurs qualifiés de matériel électrique ou électronique	0	299.00000000	\N	1	1	\N
923	623a	Chaudronniers-tôliers industriels, opérateurs qualifiés du travail en forge, conducteurs qualifiés d'équipement de formage, traceurs qualifiés	0	300.00000000	\N	1	1	\N
924	623b	Tuyauteurs industriels qualifiés	0	301.00000000	\N	1	1	\N
925	623d	Opérateurs qualifiés sur machine de soudage	0	302.00000000	\N	1	1	\N
926	623e	Soudeurs manuels	0	303.00000000	\N	1	1	\N
927	623f	Opérateurs qualifiés d'usinage des métaux travaillant à l'unité ou en petite série, moulistes qualifiés	0	304.00000000	\N	1	1	\N
928	623g	Opérateurs qualifiés d'usinage des métaux sur autres machines (sauf moulistes)	0	305.00000000	\N	1	1	\N
929	624b	Monteurs, metteurs au point très qualifiés d'ensembles mécaniques travaillant à l'unité ou en petite série	0	306.00000000	\N	1	1	\N
930	624c	Monteurs qualifiés d'ensembles mécaniques travaillant en moyenne ou en grande série	0	307.00000000	\N	1	1	\N
931	624d	Monteurs qualifiés en structures métalliques	0	308.00000000	\N	1	1	\N
932	624e	Ouvriers qualifiés de contrôle et d'essais en mécanique	0	309.00000000	\N	1	1	\N
933	624f	Ouvriers qualifiés des traitements thermiques et de surface sur métaux	0	310.00000000	\N	1	1	\N
934	624g	Autres mécaniciens ou ajusteurs qualifiés (ou spécialité non reconnue)	0	311.00000000	\N	1	1	\N
935	625a	Pilotes d'installation lourde des industries de transformation : agroalimentaire, chimie, plasturgie, énergie	0	312.00000000	\N	1	1	\N
936	625b	Ouvriers qualifiés et agents qualifiés de laboratoire : agroalimentaire, chimie, biologie, pharmacie	0	313.00000000	\N	1	1	\N
937	625c	Autres opérateurs et ouvriers qualifiés de la chimie (y.c. pharmacie) et de la plasturgie	0	314.00000000	\N	1	1	\N
938	625d	Opérateurs de la transformation des viandes	0	315.00000000	\N	1	1	\N
939	625f	Autres opérateurs travaillant sur installations ou machines : industrie agroalimentaire (hors transformation des viandes)	0	316.00000000	\N	1	1	\N
940	625g	Autres ouvriers de production qualifiés ne travaillant pas sur machine : industrie agroalimentaire (hors transformation des viandes)	0	317.00000000	\N	1	1	\N
941	625h	Ouvriers qualifiés des autres industries (eau, gaz, énergie, chauffage)	0	318.00000000	\N	1	1	\N
942	626a	Pilotes d'installation lourde des industries de transformation : métallurgie, production verrière, matériaux de construction	0	319.00000000	\N	1	1	\N
943	626b	Autres opérateurs et ouvriers qualifiés : métallurgie, production verrière, matériaux de construction	0	320.00000000	\N	1	1	\N
944	626c	Opérateurs et ouvriers qualifiés des industries lourdes du bois et de la fabrication du papier-carton	0	321.00000000	\N	1	1	\N
918	622c	Monteurs câbleurs qualifiés en électricité	0	295.00000000	\N	1	1	\N
945	627a	Opérateurs qualifiés du textile et de la mégisserie	0	322.00000000	\N	1	1	\N
946	627b	Ouvriers qualifiés de la coupe des vêtements et de l'habillement, autres opérateurs de confection qualifiés	0	323.00000000	\N	1	1	\N
947	627c	Ouvriers qualifiés du travail industriel du cuir	0	324.00000000	\N	1	1	\N
948	627d	Ouvriers qualifiés de scierie, de la menuiserie industrielle et de l'ameublement	0	325.00000000	\N	1	1	\N
949	627e	Ouvriers de la photogravure et des laboratoires photographiques et cinématographiques	0	326.00000000	\N	1	1	\N
950	627f	Ouvriers de la composition et de l'impression, ouvriers qualifiés de la brochure, de la reliure et du façonnage du papier-carton	0	327.00000000	\N	1	1	\N
951	628a	Mécaniciens qualifiés de maintenance, entretien : équipements industriels	0	328.00000000	\N	1	1	\N
952	628b	Electromécaniciens, électriciens qualifiés d'entretien : équipements industriels	0	329.00000000	\N	1	1	\N
953	628c	Régleurs qualifiés d'équipement de fabrication (travail des métaux, mécanique)	0	330.00000000	\N	1	1	\N
954	628d	Régleurs qualifiés d'équipement de fabrication (hors travail des métaux et mécanique)	0	331.00000000	\N	1	1	\N
955	628e	Ouvriers qualifiés de l'assainissement et du traitement des déchets	0	332.00000000	\N	1	1	\N
956	628f	Agents qualifiés de laboratoire (sauf chimie, santé)	0	333.00000000	\N	1	1	\N
957	628g	Ouvriers qualifiés divers de type industriel	0	334.00000000	\N	1	1	\N
958	631a	Jardiniers	0	335.00000000	\N	1	1	\N
959	632a	Maçons qualifiés	0	336.00000000	\N	1	1	\N
960	632b	Ouvriers qualifiés du travail de la pierre	0	337.00000000	\N	1	1	\N
961	632c	Charpentiers en bois qualifiés	0	338.00000000	\N	1	1	\N
962	632d	Menuisiers qualifiés du bâtiment	0	339.00000000	\N	1	1	\N
963	632e	Couvreurs qualifiés	0	340.00000000	\N	1	1	\N
964	632f	Plombiers et chauffagistes qualifiés	0	341.00000000	\N	1	1	\N
965	632g	Peintres et ouvriers qualifiés de pose de revêtements sur supports verticaux	0	342.00000000	\N	1	1	\N
966	632h	Soliers moquetteurs et ouvriers qualifiés de pose de revêtements souples sur supports horizontaux	0	343.00000000	\N	1	1	\N
967	632j	Monteurs qualifiés en agencement, isolation	0	344.00000000	\N	1	1	\N
968	632k	Ouvriers qualifiés d'entretien général des bâtiments	0	345.00000000	\N	1	1	\N
969	633a	Electriciens qualifiés de type artisanal (y c. bâtiment)	0	346.00000000	\N	1	1	\N
970	633b	Dépanneurs qualifiés en radiotélévision, électroménager, matériel électronique	0	347.00000000	\N	1	1	\N
971	633c	Electriciens, électroniciens qualifiés en maintenance entretien, réparation : automobile	0	348.00000000	\N	1	1	\N
972	633d	Electriciens, électroniciens qualifiés en maintenance, entretien : équipements non industriels	0	349.00000000	\N	1	1	\N
973	634a	Carrossiers d'automobiles qualifiés	0	350.00000000	\N	1	1	\N
974	634b	Métalliers, serruriers qualifiés	0	351.00000000	\N	1	1	\N
975	634c	Mécaniciens qualifiés en maintenance, entretien, réparation : automobile	0	352.00000000	\N	1	1	\N
976	634d	Mécaniciens qualifiés de maintenance, entretien : équipements non industriels	0	353.00000000	\N	1	1	\N
977	635a	Tailleurs et couturières qualifiés, ouvriers qualifiés du travail des étoffes (sauf fabrication de vêtements), ouvriers qualifiés de type artisanal du travail du cuir	0	354.00000000	\N	1	1	\N
978	636a	Bouchers (sauf industrie de la viande)	0	355.00000000	\N	1	1	\N
979	636b	Charcutiers (sauf industrie de la viande)	0	356.00000000	\N	1	1	\N
980	636c	Boulangers, pâtissiers (sauf activité industrielle)	0	357.00000000	\N	1	1	\N
981	636d	Cuisiniers et commis de cuisine	0	358.00000000	\N	1	1	\N
982	637a	Modeleurs (sauf modeleurs de métal), mouleurs-noyauteurs à la main, ouvriers qualifiés du travail du verre ou de la céramique à la main	0	359.00000000	\N	1	1	\N
983	637b	Ouvriers d'art	0	360.00000000	\N	1	1	\N
984	637c	Ouvriers et techniciens des spectacles vivants et audiovisuels	0	361.00000000	\N	1	1	\N
985	637d	Ouvriers qualifiés divers de type artisanal	0	362.00000000	\N	1	1	\N
986	641a	Conducteurs routiers et grands routiers	0	363.00000000	\N	1	1	\N
987	641b	Conducteurs de véhicule routier de transport en commun	0	364.00000000	\N	1	1	\N
988	642a	Conducteurs de taxi	0	365.00000000	\N	1	1	\N
989	642b	Conducteurs de voiture particulière	0	366.00000000	\N	1	1	\N
990	643a	Conducteurs livreurs, coursiers	0	367.00000000	\N	1	1	\N
991	644a	Conducteurs de véhicule de ramassage des ordures ménagères	0	368.00000000	\N	1	1	\N
992	651a	Conducteurs d'engin lourd de levage	0	369.00000000	\N	1	1	\N
993	651b	Conducteurs d'engin lourd de manoeuvre	0	370.00000000	\N	1	1	\N
994	652a	Ouvriers qualifiés de la manutention, conducteurs de chariots élévateurs, caristes	0	371.00000000	\N	1	1	\N
995	652b	Dockers	0	372.00000000	\N	1	1	\N
996	653a	Magasiniers qualifiés	0	373.00000000	\N	1	1	\N
997	654b	Conducteurs qualifiés d'engins de transport guidés (sauf remontées mécaniques)	0	374.00000000	\N	1	1	\N
998	654c	Conducteurs qualifiés de systèmes de remontées mécaniques	0	375.00000000	\N	1	1	\N
999	655a	Autres agents et ouvriers qualifiés (sédentaires) des services d'exploitation des transports	0	376.00000000	\N	1	1	\N
1000	656b	Matelots de la marine marchande	0	377.00000000	\N	1	1	\N
1001	656c	Capitaines et matelots timoniers de la navigation fluviale	0	378.00000000	\N	1	1	\N
1002	671a	Ouvriers non qualifiés des travaux publics de l'Etat et des collectivités locales	0	379.00000000	\N	1	1	\N
1003	671c	Ouvriers non qualifiés des travaux publics et du travail du béton	0	380.00000000	\N	1	1	\N
1004	671d	Aides-mineurs, ouvriers non qualifiés de l'extraction	0	381.00000000	\N	1	1	\N
1005	672a	Ouvriers non qualifiés de l'électricité et de l'électronique	0	382.00000000	\N	1	1	\N
1006	673a	Ouvriers de production non qualifiés travaillant par enlèvement de métal	0	383.00000000	\N	1	1	\N
1	Indéfini	Indéfini	0	0.00000000	\N	1	1	\N
624	100x	Agriculteurs et éleveurs, salariés de leur exploitation	0	1.00000000	\N	1	1	\N
625	210x	Artisans salariés de leur entreprise	0	2.00000000	\N	1	1	\N
626	220x	Commerçants et assimilés, salariés de leur entreprise	0	3.00000000	\N	1	1	\N
1007	673b	Ouvriers de production non qualifiés travaillant par formage de métal	0	384.00000000	\N	1	1	\N
1008	673c	Ouvriers non qualifiés de montage, contrôle en mécanique et travail des métaux	0	385.00000000	\N	1	1	\N
1009	674a	Ouvriers de production non qualifiés : chimie, pharmacie, plasturgie	0	386.00000000	\N	1	1	\N
1010	674b	Ouvriers de production non qualifiés de la transformation des viandes	0	387.00000000	\N	1	1	\N
1025	683a	Apprentis boulangers, bouchers, charcutiers	0	402.00000000	\N	1	1	\N
1026	684a	Nettoyeurs	0	403.00000000	\N	1	1	\N
1027	684b	Ouvriers non qualifiés de l'assainissement et du traitement des déchets	0	404.00000000	\N	1	1	\N
1028	685a	Ouvriers non qualifiés divers de type artisanal	0	405.00000000	\N	1	1	\N
1029	691a	Conducteurs d'engin agricole ou forestier	0	406.00000000	\N	1	1	\N
1030	691b	Ouvriers de l'élevage	0	407.00000000	\N	1	1	\N
1031	691c	Ouvriers du maraîchage ou de l'horticulture	0	408.00000000	\N	1	1	\N
1032	691d	Ouvriers de la viticulture ou de l'arboriculture fruitière	0	409.00000000	\N	1	1	\N
1033	691e	Ouvriers agricoles sans spécialisation particulière	0	410.00000000	\N	1	1	\N
1034	691f	Ouvriers de l'exploitation forestière ou de la sylviculture	0	411.00000000	\N	1	1	\N
1035	692a	Marins-pêcheurs et ouvriers de l'aquaculture	0	412.00000000	\N	1	1	\N
1011	674c	Autres ouvriers de production non qualifiés : industrie agroalimentaire	0	388.00000000	\N	1	1	\N
1012	674d	Ouvriers de production non qualifiés : métallurgie, production verrière, céramique, matériaux de construction	0	389.00000000	\N	1	1	\N
1013	674e	Ouvriers de production non qualifiés : industrie lourde du bois, fabrication des papiers et cartons	0	390.00000000	\N	1	1	\N
1014	675a	Ouvriers de production non qualifiés du textile et de la confection, de la tannerie-mégisserie et du travail du cuir	0	391.00000000	\N	1	1	\N
1015	675b	Ouvriers de production non qualifiés du travail du bois et de l'ameublement	0	392.00000000	\N	1	1	\N
1016	675c	Ouvriers de production non qualifiés de l'imprimerie, presse, édition	0	393.00000000	\N	1	1	\N
1017	676a	Manutentionnaires non qualifiés	0	394.00000000	\N	1	1	\N
1018	676b	Déménageurs (hors chauffeurs-déménageurs), non qualifiés	0	395.00000000	\N	1	1	\N
1019	676c	Ouvriers du tri, de l'emballage, de l'expédition, non qualifiés	0	396.00000000	\N	1	1	\N
1020	676d	Agents non qualifiés des services d'exploitation des transports	0	397.00000000	\N	1	1	\N
1021	676e	Ouvriers non qualifiés divers de type industriel	0	398.00000000	\N	1	1	\N
1022	681a	Ouvriers non qualifiés du gros oeuvre du bâtiment	0	399.00000000	\N	1	1	\N
1023	681b	Ouvriers non qualifiés du second oeuvre du bâtiment	0	400.00000000	\N	1	1	\N
1024	682a	Métalliers, serruriers, réparateurs en mécanique non qualifiés	0	401.00000000	\N	1	1	\N
\.


--
-- TOC entry 23460 (class 0 OID 6909982)
-- Dependencies: 432
